{"text_format":"1","workbook":"xlsx","n_sheets":11,"sheets":["README","ReleaseNotes","unique_contracts","accepted_data_types","resources","lse_names","misc","CPSReportSheet (2)","Reliability","CSPReportSheet","ReportSheet"],"not_rendered":{"charts":2,"images":0,"macros":1,"external_links":1,"defined_names":55,"comments":0,"pivot_tables":0},"unopened":[],"bounds":{"document_bytes":16777216,"sheet_cells":100000,"rows_first":2000,"rows_last":500,"rows_between":2000,"halvings":0,"cell_chars":16384,"cell_head_chars":4096},"cells_cut":0,"cells_raw":0,"read":"whole","date_system":"1900"}

{"sheet":"README","index":0,"n_rows":4,"n_cols":4,"rows_kept":4,"cut":false,"hidden":false,"merged":[[3,0,3,1],[3,3,4,6]]}
["ReleaseVersion","rdtv3"]
["ReleaseDate","2022-06-06"]
[]
[null,null,null," In order to run the macro, LSEs must FIRST enable macros. Then, they are instructed to complete the RDT data entry fully, then push the button on the README tab. "]

{"sheet":"ReleaseNotes","index":1,"n_rows":1,"n_cols":4,"rows_kept":1,"cut":false,"hidden":false,"merged":[]}
["ReleaseVersion","ReleaseDate","ID","Note"]

{"sheet":"unique_contracts","index":2,"n_rows":2,"n_cols":100,"rows_kept":2,"cut":false,"hidden":false,"merged":[]}
["lse_unique_contract_id","resource","alternative_resource_name","contract_status","caiso_queue_position","interconnection_substation ","marginal_addition","marginal_addition_to","total_nameplate_capacity","contracted_nameplate_capacity","sep_contracted_mw_nqc","contract_gwh_annual","is_hybrid_paired","can_charge_from_grid","total_generator_mw","contracted_generator_mw","total_storage_mw","contracted_storage_mw","solar_storage_technology_sub_type","storage_technology_sub_type","total_storage_depth_mwh","contracted_storage_depth_mwh","viability_cod_reasonableness","viability_technical_feasibility","viability_financing_sitecontrol","resource_mix","cam_d19_vamo_pcia","buy_or_sell","counterparty","generator_supplier","developer_name","capacity_area","capacity_sub_area","cpuc_approval_ref","county","COD_year","COD_month","COD_day","contract_start_date_year","contract_start_date_month","contract_start_date_day","contract_end_date_year","contract_end_date_month","contract_end_date_day","contract_execution_date_year","contract_execution_date_month","contract_execution_date_day","tx_upgrades","tx_upgrade_date_year","tx_upgrade_date_month","tx_upgrade_date_day","d1911016_tranche","d2106035_tranche","mtr_tranche1_NQC","mtr_tranche2_NQC ","mtr_tranche3_NQC","mtr_tranche4_NQC ","previous_COD_year","previous_COD_month","previous_COD_day","remediation_plan","signed_contract","notice_to_proceed","public_contract","buying_energy_capacity","NQC_reporting_source","procurement_origin","csp_resource_category","csp_annual_2024","csp_annual_2026","csp_annual_2030","csp_annual_2035","macro_supertype","notes",null,"Reliability Calculation>>\nPlease extend the formulas in columns BY:CE, CH:CV to all rows with contract information entered on the left ","multiplier","resource elcc type","hybrid storage elcc type","elcc type (for summary tables and charts)","start year","end year","hybrid derate",null,"ELCC (MW)",2021,2022,2023,2024,2025,2026,2027,2028,2029,2030,2031,2032,2033,2034,2035]
[null,null,null,null,null,null,null,null,null,null,null,null,null,null,null,null,null,null,null,null,null,null,null,null,null,null,null,null,null,null,null,null,null,null,null,null,null,null,null,null,null,null,null,null,null,null,null,null,null,null,null,null,null,null,null,null,null,null,null,null,null,null,null,null,null,null,null,null,null,null,null,null,null,null,null,null,{"$f":"IF(AND(AB2=\"Sell\",ISNUMBER(SEARCH(\"Capacity\",BM2))),-1,IF(AND(NOT(AB2=\"Sell\"),ISNUMBER(SEARCH(\"Capacity\",BM2))),1,0))","v":0},{"$f":"IFERROR(IF(AND(V2>0,OR(M2=\"\",M2=\"NotHybrid\")),_xlfn.CONCAT(V2/J2,INDEX(resources!$G:$G,MATCH(B2,resources!$A:$A,0))),INDEX(resources!$G:$G,MATCH(B2,resources!$A:$A,0))),\"n/a\")","v":"n/a"},{"$f":"IFERROR(IF(NOT(OR(M2=\"\",M2=\"NotHybrid\")),_xlfn.CONCAT(V2/R2,\"hr_batteries\"),\"n/a\"),\"n/a\")","v":"n/a"},{"$f":"IF(CA2=\"n/a\",BZ2,\"hybrid\")","v":"n/a"},{"$f":"IFERROR(IF(DATE(AM2,AN2,AO2)<=DATE(AM2,6,1),AM2,AM2+1),0)","v":0},{"$f":"IFERROR(IF(DATE(AP2,AQ2,AR2)>=DATE(AP2,10,1),AP2,AP2-1),0)","v":0},1,null,null,{"$f":"MIN((IFERROR(IF(AND($CC2<=CH$1,$CD2>=CH$1),INDEX(Reliability!E$19:E$40,MATCH($BZ2,Reliability!$C$19:$C$40,0)),0),0)*IF($CA2=\"n/a\",$J2,$P2)+IFERROR(IF(AND($CC2<=CH$1,$CD2>=CH$1),INDEX(Reliability!E$19:E$40,MATCH($CA2,Reliability!$C$19:$C$40,0)),0),0)*$R2)*$CE2,$J2)*$BY2","v":0},{"$f":"MIN((IFERROR(IF(AND($CC2<=CI$1,$CD2>=CI$1),INDEX(Reliability!F$19:F$40,MATCH($BZ2,Reliability!$C$19:$C$40,0)),0),0)*IF($CA2=\"n/a\",$J2,$P2)+IFERROR(IF(AND($CC2<=CI$1,$CD2>=CI$1),INDEX(Reliability!F$19:F$40,MATCH($CA2,Reliability!$C$19:$C$40,0)),0),0)*$R2)*$CE2,$J2)*$BY2","v":0},{"$f":"MIN((IFERROR(IF(AND($CC2<=CJ$1,$CD2>=CJ$1),INDEX(Reliability!G$19:G$40,MATCH($BZ2,Reliability!$C$19:$C$40,0)),0),0)*IF($CA2=\"n/a\",$J2,$P2)+IFERROR(IF(AND($CC2<=CJ$1,$CD2>=CJ$1),INDEX(Reliability!G$19:G$40,MATCH($CA2,Reliability!$C$19:$C$40,0)),0),0)*$R2)*$CE2,$J2)*$BY2","v":0},{"$f":"MIN((IFERROR(IF(AND($CC2<=CK$1,$CD2>=CK$1),INDEX(Reliability!H$19:H$40,MATCH($BZ2,Reliability!$C$19:$C$40,0)),0),0)*IF($CA2=\"n/a\",$J2,$P2)+IFERROR(IF(AND($CC2<=CK$1,$CD2>=CK$1),INDEX(Reliability!H$19:H$40,MATCH($CA2,Reliability!$C$19:$C$40,0)),0),0)*$R2)*$CE2,$J2)*$BY2","v":0},{"$f":"MIN((IFERROR(IF(AND($CC2<=CL$1,$CD2>=CL$1),INDEX(Reliability!I$19:I$40,MATCH($BZ2,Reliability!$C$19:$C$40,0)),0),0)*IF($CA2=\"n/a\",$J2,$P2)+IFERROR(IF(AND($CC2<=CL$1,$CD2>=CL$1),INDEX(Reliability!I$19:I$40,MATCH($CA2,Reliability!$C$19:$C$40,0)),0),0)*$R2)*$CE2,$J2)*$BY2","v":0},{"$f":"MIN((IFERROR(IF(AND($CC2<=CM$1,$CD2>=CM$1),INDEX(Reliability!J$19:J$40,MATCH($BZ2,Reliability!$C$19:$C$40,0)),0),0)*IF($CA2=\"n/a\",$J2,$P2)+IFERROR(IF(AND($CC2<=CM$1,$CD2>=CM$1),INDEX(Reliability!J$19:J$40,MATCH($CA2,Reliability!$C$19:$C$40,0)),0),0)*$R2)*$CE2,$J2)*$BY2","v":0},{"$f":"MIN((IFERROR(IF(AND($CC2<=CN$1,$CD2>=CN$1),INDEX(Reliability!K$19:K$40,MATCH($BZ2,Reliability!$C$19:$C$40,0)),0),0)*IF($CA2=\"n/a\",$J2,$P2)+IFERROR(IF(AND($CC2<=CN$1,$CD2>=CN$1),INDEX(Reliability!K$19:K$40,MATCH($CA2,Reliability!$C$19:$C$40,0)),0),0)*$R2)*$CE2,$J2)*$BY2","v":0},{"$f":"MIN((IFERROR(IF(AND($CC2<=CO$1,$CD2>=CO$1),INDEX(Reliability!L$19:L$40,MATCH($BZ2,Reliability!$C$19:$C$40,0)),0),0)*IF($CA2=\"n/a\",$J2,$P2)+IFERROR(IF(AND($CC2<=CO$1,$CD2>=CO$1),INDEX(Reliability!L$19:L$40,MATCH($CA2,Reliability!$C$19:$C$40,0)),0),0)*$R2)*$CE2,$J2)*$BY2","v":0},{"$f":"MIN((IFERROR(IF(AND($CC2<=CP$1,$CD2>=CP$1),INDEX(Reliability!M$19:M$40,MATCH($BZ2,Reliability!$C$19:$C$40,0)),0),0)*IF($CA2=\"n/a\",$J2,$P2)+IFERROR(IF(AND($CC2<=CP$1,$CD2>=CP$1),INDEX(Reliability!M$19:M$40,MATCH($CA2,Reliability!$C$19:$C$40,0)),0),0)*$R2)*$CE2,$J2)*$BY2","v":0},{"$f":"MIN((IFERROR(IF(AND($CC2<=CQ$1,$CD2>=CQ$1),INDEX(Reliability!N$19:N$40,MATCH($BZ2,Reliability!$C$19:$C$40,0)),0),0)*IF($CA2=\"n/a\",$J2,$P2)+IFERROR(IF(AND($CC2<=CQ$1,$CD2>=CQ$1),INDEX(Reliability!N$19:N$40,MATCH($CA2,Reliability!$C$19:$C$40,0)),0),0)*$R2)*$CE2,$J2)*$BY2","v":0},{"$f":"MIN((IFERROR(IF(AND($CC2<=CR$1,$CD2>=CR$1),INDEX(Reliability!O$19:O$40,MATCH($BZ2,Reliability!$C$19:$C$40,0)),0),0)*IF($CA2=\"n/a\",$J2,$P2)+IFERROR(IF(AND($CC2<=CR$1,$CD2>=CR$1),INDEX(Reliability!O$19:O$40,MATCH($CA2,Reliability!$C$19:$C$40,0)),0),0)*$R2)*$CE2,$J2)*$BY2","v":0},{"$f":"MIN((IFERROR(IF(AND($CC2<=CS$1,$CD2>=CS$1),INDEX(Reliability!P$19:P$40,MATCH($BZ2,Reliability!$C$19:$C$40,0)),0),0)*IF($CA2=\"n/a\",$J2,$P2)+IFERROR(IF(AND($CC2<=CS$1,$CD2>=CS$1),INDEX(Reliability!P$19:P$40,MATCH($CA2,Reliability!$C$19:$C$40,0)),0),0)*$R2)*$CE2,$J2)*$BY2","v":0},{"$f":"MIN((IFERROR(IF(AND($CC2<=CT$1,$CD2>=CT$1),INDEX(Reliability!Q$19:Q$40,MATCH($BZ2,Reliability!$C$19:$C$40,0)),0),0)*IF($CA2=\"n/a\",$J2,$P2)+IFERROR(IF(AND($CC2<=CT$1,$CD2>=CT$1),INDEX(Reliability!Q$19:Q$40,MATCH($CA2,Reliability!$C$19:$C$40,0)),0),0)*$R2)*$CE2,$J2)*$BY2","v":0},{"$f":"MIN((IFERROR(IF(AND($CC2<=CU$1,$CD2>=CU$1),INDEX(Reliability!R$19:R$40,MATCH($BZ2,Reliability!$C$19:$C$40,0)),0),0)*IF($CA2=\"n/a\",$J2,$P2)+IFERROR(IF(AND($CC2<=CU$1,$CD2>=CU$1),INDEX(Reliability!R$19:R$40,MATCH($CA2,Reliability!$C$19:$C$40,0)),0),0)*$R2)*$CE2,$J2)*$BY2","v":0},{"$f":"MIN((IFERROR(IF(AND($CC2<=CV$1,$CD2>=CV$1),INDEX(Reliability!S$19:S$40,MATCH($BZ2,Reliability!$C$19:$C$40,0)),0),0)*IF($CA2=\"n/a\",$J2,$P2)+IFERROR(IF(AND($CC2<=CV$1,$CD2>=CV$1),INDEX(Reliability!S$19:S$40,MATCH($CA2,Reliability!$C$19:$C$40,0)),0),0)*$R2)*$CE2,$J2)*$BY2","v":0}]

{"sheet":"accepted_data_types","index":3,"n_rows":71,"n_cols":2,"rows_kept":71,"cut":false,"hidden":true,"merged":[]}
["Column Name","Required data type"]
["lse_unique_contract_id","string"]
["resource","string"]
["alternative_resource_name","string"]
["contract_status","string"]
["caiso_queue_position","string"]
["marginal_addition","string"]
["marginal_addition_to","string"]
["total_nameplate_capacity","numaric"]
["contracted_nameplate_capacity","numaric"]
["sep_contracted_mw_nqc","numaric"]
["contract_gwh_annual","numaric"]
["Is_hybrid_or_colocated","string"]
["generator_mw","numaric"]
["can_charge_from_grid","string"]
["storage_max_discharge_mw","numaric"]
["storage_depth_mwh","numaric"]
["solar_storage_technology_sub_type","string"]
["storage_technology_sub_type","string"]
["viability_cod_reasonableness","string"]
["viability_technical_feasibility","string"]
["viability_financing_sitecontrol","string"]
["special_mix","string"]
["cam_d19_vamo","string"]
["buy_or_sell","string"]
["special_counterparty","string"]
["special_generator_supplier","string"]
["developer_name","string"]
["capacity_area","string"]
["capacity_sub_area","string"]
["cpuc_approval_ref","string"]
["county","string"]
["COD_year","numaric"]
["COD_month","numaric"]
["COD_day","numaric"]
["contract_start_date_year","numaric"]
["contract_start_date_month","numaric"]
["contract_start_date_day","numaric"]
["contract_end_date_year","numaric"]
["contract_end_date_month","numaric"]
["contract_end_date_day","numaric"]
["contract_execution_date_year","numaric"]
["contract_execution_date_month","numaric"]
["contract_execution_date_day","numaric"]
["previous_COD_year","numaric"]
["previous_COD_month","numaric"]
["previous_COD_day","numaric"]
["tx_upgrades","string"]
["tx_upgrade_date_year","string"]
["tx_upgrade_date_month","string"]
["tx_upgrade_date_day","string"]
["d1911016_tranche","string"]
["d2106035_tranche","string"]
["mtr_2023_NQC","numaric"]
["mtr_2024_NQC","numaric"]
["mtr_2025_NQC","numaric"]
["mtr_2026_NQC","numaric"]
["remediation_plan","string"]
["signed_contract","string"]
["notice_to_proceed","string"]
["public_contract","string"]
["buying_energy_capacity","string"]
["NQC_reporting_source","string"]
["procurement_origin","string"]
["csp_resource_category","string"]
["csp_annual_2024","numaric"]
["csp_annual_2026","numaric"]
["csp_annual_2030","numaric"]
["csp_annual_2035","numaric"]
["macro_supertype","string"]
["notes","string"]

{"sheet":"resources","index":4,"n_rows":1789,"n_cols":7,"rows_kept":1789,"cut":false,"hidden":false,"merged":[]}
["resource","generator_name","MAXGEN","resolve_final_group","BAA_ID","supertype","elcc_type"]
["7STDRD_1_SOLAR1","SHAFTER SOLAR",20,"caiso_solar","CISO","physical","utility_pv"]
["ACACIA_6_SOLAR","WEST ANTELOPE SOLAR",20,"caiso_solar","CISO","physical","utility_pv"]
["ADELANTO_SOLAR","NAN",10,"ldwp_solar","LADWP","physical","n/a"]
["ADERA_1_SOLAR1","ADERA SOLAR",20,"caiso_solar","CISO","physical","utility_pv"]
["ADLIN_1_UNITS","GEYSERS AIDLIN AGGREGATE",22,"caiso_geothermal","CISO","physical","geothermal"]
["ADMEST_6_SOLAR","ADAMS EAST",19,"caiso_solar","CISO","physical","utility_pv"]
["ADOBEE_1_SOLAR","ADOBE SOLAR",20,"caiso_solar","CISO","physical","utility_pv"]
["AGCANA_X_HOOVER","HOOVER POWER PLANT",40,"caiso_pumped_hydro","WALC","specifiedimport","12hr_pumped_storage"]
["AGRICO_6_PL3N5","FRESNO PEAKER",22.69,"caiso_peaker2","CISO","physical","gas_ct"]
["AGRICO_7_UNIT","FRESNO COGEN",49.9,"caiso_ccgt2","CISO","physical","gas_cc"]
["AGUCAL_5_SOLAR1","AGUA CALIENTE SOLAR",290,"caiso_solar","CISO","physical","utility_pv"]
["AKINGS_6_AMESR1","AMERICAN KINGS SOLAR",123,"caiso_solar","CISO","physical","utility_pv"]
["ALAMIT_2_PL1X3","ALAMITOS ENERGY CENTER UNIT 7",674.7,"caiso_ccgt1","CISO","physical","gas_cc"]
["ALAMIT_7_ES1","ALAMITOS ENERGY STORAGE",100.45,"caiso_li_battery","CISO","physical","hr_batteries"]
["ALAMIT_7_UNIT 3","ALAMITOS GEN STA. UNIT 3",326.76,"caiso_st","CISO","physical","steam"]
["ALAMIT_7_UNIT 4","ALAMITOS GEN STA. UNIT 4",334.43,"caiso_st","CISO","physical","steam"]
["ALAMIT_7_UNIT 5","ALAMITOS GEN STA. UNIT 5",480,"caiso_st","CISO","physical","steam"]
["ALAMO_6_UNIT","ALAMO POWER PLANT",17,"caiso_hydro","CISO","physical","hydro"]
["ALHMBR_1_ALHSLR","SG ALHAMBRA",50,"iid_solar","IID","specifiedimport","utility_pv"]
["ALLGNY_6_HYDRO1","SALMON CREEK HYDROELECTRIC PROJECT",0.52,"caiso_hydro","CISO","physical","hydro"]
["ALMASL_2_GS1SR1","ALMASOL GENERATING STATION 1",125,"caiso_solar","CISO","physical","utility_pv"]
["ALMASL_2_GS4SR4","ALMASOL GENERATING STATION 4",100,"caiso_solar","CISO","physical","utility_pv"]
["ALMASL_2_GS6SR6","ALMASOL GENERATING STATION 6",100,"caiso_solar","CISO","physical","utility_pv"]
["ALMASL_2_GS7SR7","ALMASOL GENERATING STATION 7",132,"caiso_solar","CISO","physical","utility_pv"]
["ALMEGT_1_UNIT 1","ALAMEDA GT UNIT 1",25,"caiso_peaker2","CISO","physical","gas_ct"]
["ALMEGT_1_UNIT 2","ALAMEDA GT UNIT 2",25,"caiso_peaker2","CISO","physical","gas_ct"]
["ALPSLR_1_NTHSLR","ALPAUGH NORTH, LLC",20,"caiso_solar","CISO","physical","utility_pv"]
["ALPSLR_1_SPSSLR","ALPAUGH 50 LLC",50,"caiso_solar","CISO","physical","utility_pv"]
["ALT6DN_2_WIND7","PINYON PINES 1",164.31,"caiso_wind","CISO","physical","in_state_wind"]
["ALT6DS_2_WIND9","PINYON PINES 2",132,"caiso_wind","CISO","physical","in_state_wind"]
["ALTA3A_2_CPCE4","ALTA WIND 4",102,"caiso_wind","CISO","physical","in_state_wind"]
["ALTA3A_2_CPCE5","ALTA WIND 5",168,"caiso_wind","CISO","physical","in_state_wind"]
["ALTA3A_2_CPCE8","ALTA WIND 8",150,"caiso_wind","CISO","physical","in_state_wind"]
["ALTA4A_2_CPCW1","ALTA WIND 1",150,"caiso_wind","CISO","physical","in_state_wind"]
["ALTA4B_2_CPCW2","ALTA WIND 2",150,"caiso_wind","CISO","physical","in_state_wind"]
["ALTA4B_2_CPCW3","ALTA WIND 3",150,"caiso_wind","CISO","physical","in_state_wind"]
["ALTA4B_2_CPCW6","MUSTANG HILLS",150,"caiso_wind","CISO","physical","in_state_wind"]
["ALTA6B_2_WIND11","ALTA WIND 11",88.15,"caiso_wind","CISO","physical","in_state_wind"]
["ALTA6E_2_WIND10","ALTA WIND 10",134.84,"caiso_wind","CISO","physical","in_state_wind"]
["ALTAGASSTORAGE","NAN",40,"caiso_li_battery","CISO","physical","hr_batteries"]
["ALTWD_1_QF","NAN",28.84,"caiso_wind","CISO","physical","in_state_wind"]
["ALTWD_2_AT3WD3","ALTECH 3",9.8000000000000007,"caiso_wind","CISO","physical","in_state_wind"]
["ALTWD_2_COAWD1","COACHELLA 1",50.4,"caiso_wind","CISO","physical","in_state_wind"]
["ANAHM_2_CANYN1","CANYON POWER PLANT UNIT 1",49.4,"caiso_peaker1","CISO","physical","gas_ct"]
["ANAHM_2_CANYN2","CANYON POWER PLANT UNIT 2",49.4,"caiso_peaker1","CISO","physical","gas_ct"]
["ANAHM_2_CANYN3","CANYON POWER PLANT UNIT 3",49.4,"caiso_peaker1","CISO","physical","gas_ct"]
["ANAHM_2_CANYN4","CANYON POWER PLANT UNIT 4",49.4,"caiso_peaker1","CISO","physical","gas_ct"]
["ANTLPE_2_QF","ANTELOPE QFS",4,"caiso_wind","CISO","physical","in_state_wind"]
["ANZA_6_SOLAR1","SEVILLE SOLAR ONE",20,"iid_solar","IID","specifiedimport","utility_pv"]
["APEX_CC","NAN",538.70000000000005,"ldwp_ccgt","LADWP","physical","n/a"]
["APLHIL_1_SFKHY1","SOUTH FORK POWERHOUSE",2.68,"caiso_small_hydro","CISO","physical","small_hydro"]
["APLHIL_1_SLABCK","SLAB CREEK HYDRO",1,"caiso_hydro","CISO","physical","hydro"]
["AQUAMARINESOLAR","NAN",50,"caiso_solar","CISO","physical","utility_pv"]
["ARBWD_6_QF","WIND RESOURCE II",19.95,"caiso_wind","CISO","physical","in_state_wind"]
["ARCOGN_2_UNITS","WATSON COGENERATION",416.6,"caiso_chp","CISO","physical","cogen"]
["ARKANS_1_ARKSLR","SG ARKANSAS",50,"iid_solar","IID","specifiedimport","utility_pv"]
["ARLINGTONSOLAR","NAN",233,"caiso_solar","CISO","physical","utility_pv"]
["ARLINT_5_SCEDYN","ARLINGTON VALLEY CC",565,"iid_solar","AZPS","specifiedimport","n/a"]
["ARLVAL_5_SOLAR","ARLINGTON VALLEY SOLAR ENERGY II",127,"iid_solar","SRP","specifiedimport","utility_pv"]
["ARVINN_6_ORION1","ORION 1 SOLAR",12,"caiso_solar","CISO","physical","utility_pv"]
["ARVINN_6_ORION2","ORION 2 SOLAR",8,"caiso_solar","CISO","physical","utility_pv"]
["ASTORA_2_SOLAR1","ASTORIA 1",100,"caiso_solar","CISO","physical","utility_pv"]
["ASTORA_2_SOLAR2","ASTORIA 2",75,"caiso_solar","CISO","physical","utility_pv"]
["ATWEL2_1_SOLAR1","ATWELL WEST",20,"caiso_solar","CISO","physical","utility_pv"]
["ATWELL_1_SOLAR","ATWELL ISLAND PV SOLAR GENERATING FACI.",20,"caiso_solar","CISO","physical","utility_pv"]
["AVENAL_6_AVPARK","AVENAL PARK SOLAR PROJECT",6,"caiso_solar","CISO","physical","utility_pv"]
["AVENAL_6_AVSLR1","AVENAL SOLAR 1",7.9,"caiso_solar","CISO","physical","utility_pv"]
["AVENAL_6_AVSLR2","AVENAL SOLAR 2",7.9,"caiso_solar","CISO","physical","utility_pv"]
["AVENAL_6_SANDDG","SAND DRAG SOLAR PROJECT",19,"caiso_solar","CISO","physical","utility_pv"]
["AVENAL_6_SUNCTY","SUN CITY SOLAR PROJECT",20,"caiso_solar","CISO","physical","utility_pv"]
["AVSOLR_2_SOLAR","AV SOLAR RANCH 1",241.5,"caiso_solar","CISO","physical","utility_pv"]
["BAHIA_2_LKHSR1","LAKE HERMAN SOLAR",5,"caiso_solar","CISO","physical","utility_pv"]
["BALCHS_7_UNIT 1","BALCH 1 PH UNIT 1",31,"caiso_hydro","CISO","physical","hydro"]
["BALCHS_7_UNIT 2","BALCH 2 PH UNIT 2",52.5,"caiso_hydro","CISO","physical","hydro"]
["BALCHS_7_UNIT 3","BALCH 2 PH UNIT 3",54.6,"caiso_hydro","CISO","physical","hydro"]
["BANGOR_6_HYDRO","VIRGINIA RANCH DAM POWERPLANT",1,"caiso_hydro","CISO","physical","hydro"]
["BANKPP_2_NSPIN","BANKPP_2_NSPIN",270,"caiso_pumped_hydro","CISO","physical","12hr_pumped_storage"]
["BARRE_2_QF","BARRE QFS",0.2,"caiso_small_hydro","CISO","physical","small_hydro"]
["BARRE_6_PEAKER","BARRE PEAKER",47,"caiso_peaker1","CISO","physical","gas_ct"]
["BASICE_2_UNITS","KING CITY COGEN",120,"caiso_chp","CISO","physical","cogen"]
["BCTSYS_5_PWXDYN","BCTSYS_5_PWXDYN",428,"caiso_hydro","BPAT","specifiedimport","hydro"]
["BDGRCK_1_UNITS","BADGER CREEK LIMITED",48.08,"caiso_peaker1","CISO","physical","gas_ct"]
["BEACON_SOLAR_B","NAN",125,"ldwp_solar","LADWP","physical","n/a"]
["BEARDS_7_UNIT 1","BEARDSLEY HYDRO",11.5,"caiso_small_hydro","CISO","physical","small_hydro"]
["BEARMT_1_UNIT","BEAR MOUNTAIN LIMITED",49.21,"caiso_peaker2","CISO","physical","gas_ct"]
["BEJNLS_5_BV2SCEDYN","BROADVIEW 2",167,"caiso_wind","AZPS","specifiedimport","in_state_wind"]
["BEKWJS_5_BV1SCEDYN","BROADVIEW 1",130,"caiso_wind","AZPS","specifiedimport","in_state_wind"]
["BELDEN_7_UNIT 1","BELDEN HYDRO",119,"caiso_hydro","CISO","physical","hydro"]
["BELLEVUESOLARINV1","NAN",1.6,"caiso_solar","CISO","physical","utility_pv"]
["BGSKYN_2_AS2SR1","ANTELOPE SOLAR 2",105,"caiso_solar","CISO","physical","utility_pv"]
["BGSKYN_2_ASPSR2","ANTELOPE SOLAR 2 SAN PABLO",100,"caiso_solar","CISO","physical","utility_pv"]
["BGSKYN_2_ASSR3A","ANTELOPE SOLAR 3A",15,"caiso_solar","CISO","physical","utility_pv"]
["BGSKYN_2_ASSR3B","ANTELOPE SOLAR 3B",5,"caiso_solar","CISO","physical","utility_pv"]
["BGSKYN_2_BS3SR3","BIG SKY SOLAR 3",20,"caiso_solar","CISO","physical","utility_pv"]
["BIGBEAUSTORAGE","NAN",40,"caiso_li_battery","CISO","physical","hr_batteries"]
["BIGBEAU_SOLAR","NAN",128,"caiso_solar","CISO","physical","utility_pv"]
["BIGCRK_2_EXESWD","BIG CREEK HYDRO PROJECT PSP",820,"caiso_hydro","CISO","physical","hydro"]
["BIGCRK_7_DAM7","DAM 7 AT BIG CREEK (FISHWATER GEN)",0.3,"caiso_hydro","CISO","physical","hydro"]
["BIGCRK_7_MAMRES","MAMMOTH POOL RESERVOIR (FISHWATER",1.25,"caiso_hydro","CISO","physical","hydro"]
["BIGSKY1","NAN",0.75,"caiso_biomass","CISO","physical","biomass_wood"]
["BIGSKY2","NAN",0.75,"caiso_biomass","CISO","physical","biomass_wood"]
["BIGSKY_2_ASLBT2","ANTELOPE SOLAR 2 LUNA",100,"caiso_li_battery","CISO","physical","hr_batteries"]
["BIGSKY_2_BSKSR6","BIG SKY SOLAR 6",20,"caiso_solar","CISO","physical","utility_pv"]
["BIGSKY_2_BSKSR7","BIG SKY SOLAR 7",20,"caiso_solar","CISO","physical","utility_pv"]
["BIGSKY_2_BSKSR8","BIG SKY SOLAR 8",20,"caiso_solar","CISO","physical","utility_pv"]
["BIGSKY_2_SOLAR1","ANTELOPE BIG SKY RANCH",20,"caiso_solar","CISO","physical","utility_pv"]
["BIGSKY_2_SOLAR2","BIG SKY SOLAR 4",40,"caiso_solar","CISO","physical","utility_pv"]
["BIGSKY_2_SOLAR3","BIG SKY SUMMER",20,"caiso_solar","CISO","physical","utility_pv"]
["BIGSKY_2_SOLAR4","WESTERN ANTELOPE BLUE SKY RANCH B",20,"caiso_solar","CISO","physical","utility_pv"]
["BIGSKY_2_SOLAR5","BIG SKY SOLAR 2",5,"caiso_solar","CISO","physical","utility_pv"]
["BIGSKY_2_SOLAR6","SOLVERDE 1",85,"caiso_solar","CISO","physical","utility_pv"]
["BIGSKY_2_SOLAR7","BIG SKY SOLAR 1",50,"caiso_solar","CISO","physical","utility_pv"]
["BIOMASSONEGE1","NAN",14.4,"caiso_biomass","CISO","physical","biomass_wood"]
["BIOMAS_1_UNIT 1","WOODLAND BIOMASS",25.5,"caiso_biomass","CISO","physical","biomass_wood"]
["BISHOP_1_ALAMO","BISHOP CREEK PLANT 2  AND  6",13.4,"caiso_small_hydro","CISO","physical","small_hydro"]
["BISHOP_1_UNITS","BISHOP CREEK PLANT 3  AND  4",15.8,"caiso_small_hydro","CISO","physical","small_hydro"]
["BKRFLD_2_SOLAR1","BAKERSFIELD 111",1.38,"caiso_solar","CISO","physical","utility_pv"]
["BLACK_7_UNIT 1","JAMES B. BLACK 1",85,"caiso_hydro","CISO","physical","hydro"]
["BLACK_7_UNIT 2","JAMES B. BLACK 2",84.1,"caiso_hydro","CISO","physical","hydro"]
["BLAST_1_WIND","MOUNTAIN VIEW IV WIND",49,"caiso_wind","CISO","physical","in_state_wind"]
["BLCKBT_2_STONEY","BLACK BUTTE HYDRO",6.2,"caiso_small_hydro","CISO","physical","small_hydro"]
["BLCKWL_6_SOLAR1","BLACKWELL SOLAR",12,"caiso_solar","CISO","physical","utility_pv"]
["BLKCRK_2_GMCBT1","GENESIS MCCOY BESS",230,"caiso_li_battery","CISO","physical","hr_batteries"]
["BLKCRK_2_SOLAR1","MCCOY STATION",250,"caiso_solar","CISO","physical","utility_pv"]
["BLKDIA_2_BDEBT1","BLACK DIAMOND ENERGY STORAGE",200,"caiso_li_battery","CISO","physical","hr_batteries"]
["BLM_2_UNITS","BLM EAST FACILITY",72,"caiso_geothermal","CISO","physical","geothermal"]
["BLUE_MOUNTAIN_ELECTRIC_COMPANY","NAN",3,"caiso_biomass","CISO","physical","biomass_wood"]
["BLULKE_6_BLUELK","NAN",12,"caiso_biomass","CISO","physical","biomass_wood"]
["BLYTHESTORAGE1","NAN",63,"caiso_li_battery","CISO","physical","hr_batteries"]
["BLYTHE_1_SOLAR1","BLYTHE SOLAR 1 PROJECT",21,"caiso_solar","CISO","physical","utility_pv"]
["BLYTHE_1_SOLAR2","BLYTHE GREEN 1",20,"caiso_solar","CISO","physical","utility_pv"]
["BNNIEN_7_ALTAPH","ALTA POWER HOUSE",1,"caiso_small_hydro","CISO","physical","small_hydro"]
["BOGUE_1_UNITA1","FEATHER RIVER ENERGY CENTER, UNIT #1",47.6,"caiso_peaker1","CISO","physical","gas_ct"]
["BORDER_6_UNITA1","CALPEAK POWER BORDER UNIT 1",51.25,"caiso_peaker2","CISO","physical","gas_ct"]
["BOWMN_6_HYDRO","NID HYDRO BOWMAN POWERHOUSE",3.6,"caiso_small_hydro","CISO","physical","small_hydro"]
["BRDGVL_7_BAKER","BAKER STATION HYDRO",1.49,"caiso_small_hydro","CISO","physical","small_hydro"]
["BRDSLD_2_HIWIND","HIGH WINDS ENERGY CENTER",162,"caiso_wind","CISO","physical","in_state_wind"]
["BRDSLD_2_MTZUM2","NEXTERA ENERGY MONTEZUMA WIND II",78.2,"caiso_wind","CISO","physical","in_state_wind"]
["BRDSLD_2_MTZUMA","FPL ENERGY MONTEZUMA WIND",36.799999999999997,"caiso_wind","CISO","physical","in_state_wind"]
["BRDSLD_2_SHILO1","SHILOH I WIND PROJECT",150,"caiso_wind","CISO","physical","in_state_wind"]
["BRDSLD_2_SHILO2","SHILOH WIND PROJECT 2",150,"caiso_wind","CISO","physical","in_state_wind"]
["BRDSLD_2_SHLO3A","SHILOH III WIND PROJECT, LLC",102.5,"caiso_wind","CISO","physical","in_state_wind"]
["BRDSLD_2_SHLO3B","SHILOH IV WIND PROJECT",100,"caiso_wind","CISO","physical","in_state_wind"]
["BREGGO_6_DEGRSL","DESERT GREEN SOLAR FARM",6.3,"caiso_solar","CISO","physical","utility_pv"]
["BREGGO_6_SOLAR","NRG BORREGO SOLAR ONE",26,"caiso_solar","CISO","physical","utility_pv"]
["BRODIE_2_WIND","CORAM BRODIE WIND PROJECT",102,"caiso_wind","CISO","physical","in_state_wind"]
["BUCKBL_2_PL1X3","BLYTHE ENERGY CENTER",493.63,"caiso_ccgt2","CISO","physical","gas_cc"]
["BUCKCK_2_HYDRO","LASSEN STATION HYDRO",0.99,"caiso_small_hydro","CISO","physical","small_hydro"]
["BUCKCK_7_OAKFLT","OAK FLAT",1.3,"caiso_small_hydro","CISO","physical","small_hydro"]
["BUCKCK_7_PL1X2","BUCKS CREEK AGGREGATE",57.25,"caiso_hydro","CISO","physical","hydro"]
["BUCKWD_1_NPALM1","NORTH PALM SPRINGS 1A",2.4,"caiso_solar","CISO","physical","utility_pv"]
["BUCKWD_1_QF","BUCKWIND RE-POWERING PROJECT",16.5,"caiso_wind","CISO","physical","in_state_wind"]
["BUCKWD_7_WINTCV","WINTEC ENERGY, LTD.",1.32,"caiso_wind","CISO","physical","in_state_wind"]
["BURNYF_2_UNIT 1","BURNEY FOREST POWER",29,"caiso_biomass","CISO","physical","biomass_wood"]
["BUTTVL_7_UNIT 1","BUTT VALLEY HYDRO",39.5,"caiso_hydro","CISO","physical","hydro"]
["CABALO_2_M2BSR1","MUSTANG 2 BARBARO SOLAR",50,"caiso_solar","CISO","physical","utility_pv"]
["CABALO_2_M2WSR2","MUSTANG 2 WHIRLAWAY SOLAR",100,"caiso_solar","CISO","physical","utility_pv"]
["CABZON_1_WINDA1","CABAZON WIND PROJECT",41,"caiso_wind","CISO","physical","in_state_wind"]
["CALFLATSSTORAGE","NAN",60,"caiso_li_battery","CISO","physical","hr_batteries"]
["CALFTN_2_SOLAR","CALIFORNIA FLATS NORTH",130,"caiso_solar","CISO","physical","utility_pv"]
["CALFTS_2_CFSSR1","CALIFORNIA FLATS SOLAR SOUTH",150,"caiso_solar","CISO","physical","utility_pv"]
["CALGEN_1_UNITS","COSO NAVY 1",80,"caiso_geothermal","CISO","physical","geothermal"]
["CALPIN_1_AGNEW","AGNEWS POWER PLANT",28.56,"caiso_ccgt1","CISO","physical","gas_cc"]
["CALPSS_6_SOLAR1","CALIPATRIA SOLAR FARM",19.899999999999999,"iid_solar","IID","specifiedimport","utility_pv"]
["CAMCHE_1_PL1X3","CAMANCHE UNITS  1, 2 &  3 AGGREGATE",9.99,"caiso_hydro","CISO","physical","hydro"]
["CAMDEN_6_RDDBM1","RUANN DAIRY DIGESTER BIOMAT",0.55000000000000004,"caiso_biomass","CISO","physical","biomass_wood"]
["CAMERON","NAN",2.4,"caiso_solar","CISO","physical","utility_pv"]
["CAMLOT_2_SOLAR1","CAMELOT",45,"caiso_solar","CISO","physical","utility_pv"]
["CAMLOT_2_SOLAR2","COLUMBIA TWO",15,"caiso_solar","CISO","physical","utility_pv"]
["CAMPFW_7_FARWST","CAMP FAR WEST HYDRO",8,"caiso_hydro","CISO","physical","hydro"]
["CANTUA_1_SOLAR","CANTUA SOLAR STATION",20,"caiso_solar","CISO","physical","utility_pv"]
["CAPWD_1_QF","EDOM HILLS WIND FARM",19.55,"caiso_wind","CISO","physical","in_state_wind"]
["CARBOU_7_PL2X3","CARIBOU PH 1 UNIT 2 & 3 AGGREGATE",49,"caiso_hydro","CISO","physical","hydro"]
["CARBOU_7_PL4X5","CARIBOU PH 2 UNIT 4 & 5 AGGREGATE",120,"caiso_hydro","CISO","physical","hydro"]
["CARBOU_7_UNIT 1","CARIBOU PH 1 UNIT 1",24,"caiso_hydro","CISO","physical","hydro"]
["CARGILLB6BIO1","NAN",1.1000000000000001,"caiso_biomass","CISO","physical","biomass_wood"]
["CARGILLB6BIO2","NAN",1.1000000000000001,"caiso_biomass","CISO","physical","biomass_wood"]
["CARLS1_2_CARCT1","CARLSBAD 1",422,"caiso_peaker1","CISO","physical","gas_ct"]
["CARLS2_1_CARCT1","CARLSBAD 2",105.5,"caiso_peaker1","CISO","physical","gas_ct"]
["CARSON_ICE_CC","NAN",62.7,"banc_ccgt","BANC","physical","n/a"]
["CARSON_ICE_PEAKER","NAN",42,"banc_peaker","BANC","physical","n/a"]
["CASTAIC_1","NAN",240,"ldwp_pumped_hydro","LADWP","physical","n/a"]
["CASTAIC_2","NAN",250,"ldwp_pumped_hydro","LADWP","physical","n/a"]
["CASTAIC_3","NAN",240,"ldwp_pumped_hydro","LADWP","physical","n/a"]
["CASTAIC_4","NAN",240,"ldwp_pumped_hydro","LADWP","physical","n/a"]
["CASTAIC_5","NAN",240,"ldwp_pumped_hydro","LADWP","physical","n/a"]
["CASTAIC_6","NAN",250,"ldwp_pumped_hydro","LADWP","physical","n/a"]
["CASTVL_2_FCELL","NAN",1.4,"caiso_biomass","CISO","physical","biomass_wood"]
["CATLNA_2_SOLAR","CATALINA SOLAR - PHASES 1 AND 2",110,"caiso_solar","CISO","physical","utility_pv"]
["CATLNA_2_SOLAR2","CATALINA SOLAR 2",18,"caiso_solar","CISO","physical","utility_pv"]
["CAVLSR_2_BSOLAR","CALIFORNIA VALLEY SOLAR RANCH-PHASE B",40,"caiso_solar","CISO","physical","utility_pv"]
["CAVLSR_2_RSOLAR","CALIFORNIA VALLEY SOLAR RANCH-PHASE A",210,"caiso_solar","CISO","physical","utility_pv"]
["CAYTNO_2_VASCO","VASCO ROAD",4.3,"caiso_biomass","CISO","physical","biomass_wood"]
["CDWR07_2_GEN","CDWR07_2_GEN",415.3,"caiso_pumped_hydro","CISO","physical","12hr_pumped_storage"]
["CEDRCK_6_UNIT","WATER WHEEL RANCH",0.98,"caiso_hydro","CISO","physical","hydro"]
["CEDUCR_2_SOLAR1","DUCOR SOLAR 1",20,"caiso_solar","CISO","physical","utility_pv"]
["CEDUCR_2_SOLAR2","DUCOR SOLAR 2",20,"caiso_solar","CISO","physical","utility_pv"]
["CEDUCR_2_SOLAR3","DUCOR SOLAR 3",15,"caiso_solar","CISO","physical","utility_pv"]
["CEDUCR_2_SOLAR4","DUCOR SOLAR 4",20,"caiso_solar","CISO","physical","utility_pv"]
["CENT40_1_C40SR1","CENTRAL 40",40,"caiso_solar","CISO","physical","utility_pv"]
["CENTER_2_RHONDO","MWD RIO HONDO HYDROELECTRIC RECOVERY PLA",1.91,"caiso_hydro","CISO","physical","hydro"]
["CENTER_2_SOLAR1","PICO RIVERA",0.9,"caiso_solar","CISO","physical","utility_pv"]
["CENTER_2_TECNG1","TECHNICAST",0.99,"caiso_chp","CISO","physical","cogen"]
["CENTER_6_PEAKER","CENTER PEAKER",47.11,"caiso_peaker1","CISO","physical","gas_ct"]
["CENTRY_6_PL1X4","CENTURY GENERATING PLANT (AGGREGATE)",41.4,"caiso_peaker1","CISO","physical","gas_ct"]
["CHALK_1_UNIT","CHALK CLIFF LIMITED",48.67,"caiso_peaker2","CISO","physical","gas_ct"]
["CHARMN_2_PGONG1","PROCTER  AND  GAMBLE OXNARD I",19.87,"nan","CISO","physical","n/a"]
["CHEVCD_6_UNIT","CHEVRON USA (TAFT/CADET)",11.5,"caiso_chp","CISO","physical","cogen"]
["CHEVCO_6_UNIT 1","CHEVRON USA (COALINGA)",16.5,"caiso_chp","CISO","physical","cogen"]
["CHEVCO_6_UNIT 2","AERA ENERGY LLC. (COALINGA)",8.5,"caiso_chp","CISO","physical","cogen"]
["CHEVCY_1_UNIT","CHEVRON USA (CYMRIC)",24.3,"caiso_chp","CISO","physical","cogen"]
["CHEVMN_2_UNITS","CHEVRON U.S.A. UNITS 1 & 2 AGGREGATE",124.87,"caiso_chp","CISO","physical","cogen"]
["CHICPK_7_UNIT 1","CHICAGO PARK POWERHOUSE",42,"caiso_hydro","CISO","physical","hydro"]
["CHILLS_1_SYCENG","SYCAMORE ENERGY 1",1.5,"caiso_biomass","CISO","physical","biomass_wood"]
["CHILLS_7_UNITA1","SYCAMORE ENERGY 2",2.25,"caiso_biomass","CISO","physical","biomass_wood"]
["CHINO_2_APEBT1","POMONA ENERGY STORAGE",20,"caiso_li_battery","CISO","physical","hr_batteries"]
["CHINO_2_JURUPA","JURUPA",1.5,"caiso_solar","CISO","physical","utility_pv"]
["CHINO_2_QF","CHINO QFS",0.19,"caiso_biomass","CISO","physical","biomass_wood"]
["CHINO_2_SASOLR","SS SAN ANTONIO WEST LLC",1.5,"caiso_solar","CISO","physical","utility_pv"]
["CHINO_2_SOLAR","CHINO RT SOLAR 1",1,"caiso_solar","CISO","physical","utility_pv"]
["CHINO_2_SOLAR2","KONA SOLAR - TERRA FRANCESCA",1.49,"caiso_solar","CISO","physical","utility_pv"]
["CHINO_6_CIMGEN","CHINO CO-GENERATION",26,"caiso_chp","CISO","physical","cogen"]
["CHINO_6_SMPPAP","NAN",44,"caiso_peaker2","CISO","physical","gas_ct"]
["CHINO_7_MILIKN","MN MILLIKEN GENCO LLC",1.9,"caiso_biomass","CISO","physical","biomass_wood"]
["CHWCHL_1_BIOMAS","CHOW II BIOMASS TO ENERGY",10.8,"caiso_biomass","CISO","physical","biomass_wood"]
["CHWCHL_1_UNIT","CHOW 2 PEAKER PLANT",48.6,"caiso_reciprocating_engine","CISO","physical","ice"]
["CLOVDL_1_SOLAR","CLOVERDALE SOLAR I",1.5,"caiso_solar","CISO","physical","utility_pv"]
["CLOVER_2_UNIT","CLOVER CREEK",0.99,"caiso_small_hydro","CISO","physical","small_hydro"]
["CLRKRD_6_LIMESD","LIME SADDLE HYDRO",2,"caiso_small_hydro","CISO","physical","small_hydro"]
["CLRMTK_1_QF","SMALL QF AGGREGATION - OAKLAND",1.25,"caiso_chp","CISO","physical","cogen"]
["CNTNLA_2_SOLAR1","CENTINELA SOLAR ENERGY I",125,"caiso_solar","CISO","physical","utility_pv"]
["CNTNLA_2_SOLAR2","CENTINELS SOLAR ENERGY 2",45.6,"caiso_solar","CISO","physical","utility_pv"]
["CNTRVL_6_UNIT","CENTERVILLE",6.4,"caiso_small_hydro","CISO","physical","small_hydro"]
["COACHELLA_1","NAN",20,"iid_peaker","IID","physical","n/a"]
["COACHELLA_2","NAN",20,"iid_peaker","IID","physical","n/a"]
["COACHELLA_3","NAN",20,"iid_peaker","IID","physical","n/a"]
["COACHELLA_4","NAN",20,"iid_peaker","IID","physical","n/a"]
["COACHELLA_BATTERY","NAN",31,"caiso_li_battery","IID","physical","hr_batteries"]
["COCOPP_2_CTG1","MARSH LANDING 1",204.2,"caiso_peaker1","CISO","physical","gas_ct"]
["COCOPP_2_CTG2","MARSH LANDING 2",202.7,"caiso_peaker1","CISO","physical","gas_ct"]
["COCOPP_2_CTG3","MARSH LANDING 3",208.96,"caiso_peaker1","CISO","physical","gas_ct"]
["COCOPP_2_CTG4","MARSH LANDING 4",204.29,"caiso_peaker1","CISO","physical","gas_ct"]
["COCOSB_6_SOLAR","OAKLEY SOLAR PROJECT",1.5,"caiso_solar","CISO","physical","utility_pv"]
["COGNAT_1_UNIT","STOCKTON BIOMAS",45,"caiso_biomass","CISO","physical","biomass_wood"]
["COLEMN_2_UNIT","COLEMAN",13,"caiso_small_hydro","CISO","physical","small_hydro"]
["COLGAT_7_UNIT 1","COLGATE POWERHOUSE UNIT 1",176.72,"caiso_hydro","CISO","physical","hydro"]
["COLGAT_7_UNIT 2","COLGATE POWERHOUSE UNIT 2",175.67,"caiso_hydro","CISO","physical","hydro"]
["COLGNS_2_CNSSR1","COLGREEN NORTH SHORE",74.8,"iid_solar","IID","specifiedimport","utility_pv"]
["COLPIN_6_COLLNS","COLLINS PINE",3.3,"caiso_biomass","CISO","physical","biomass_wood"]
["COLTON_6_AGUAM1","AGUA MANSA UNIT 1 (CITY OF COLTON)",43,"caiso_peaker2","CISO","physical","gas_ct"]
["COLUSA_2_PL1X3","COLUSA GENERATING STATION",641,"caiso_ccgt1","CISO","physical","gas_cc"]
["COLVIL_7_PL1X2","COLLIERVILLE HYDRO UNIT 1 & 2 AGGREGATE",246.86,"caiso_hydro","CISO","physical","hydro"]
["CONTRL_1_CASAD1","MAMMOTH G1",10,"caiso_geothermal","CISO","physical","geothermal"]
["CONTRL_1_CASAD2","MAMMOTH G2",10.5,"caiso_geothermal","CISO","physical","geothermal"]
["CONTRL_1_CASAD3","MAMMOTH G3",14,"caiso_geothermal","CISO","physical","geothermal"]
["CONTRL_1_LUNDY","LUNDY",3,"caiso_small_hydro","CISO","physical","small_hydro"]
["CONTRL_1_OXBOW","DIXIE VALLEY GEO",60,"caiso_geothermal","CISO","physical","geothermal"]
["CONTRL_1_POOLE","POOLE HYDRO PLANT 1",10.9,"caiso_small_hydro","CISO","physical","small_hydro"]
["CONTRL_1_QF","CONTROL QFS",2.9,"caiso_geothermal","CISO","physical","geothermal"]
["CONTRL_1_RUSHCK","RUSH CREEK",11.94,"caiso_small_hydro","CISO","physical","small_hydro"]
["COPMT2_2_SOLAR2","CMS2",155,"caiso_solar","CISO","physical","utility_pv"]
["COPMT4_2_SOLAR4","COPPER MOUNTAIN SOLAR 4",92,"caiso_solar","CISO","physical","utility_pv"]
["COPMTN_2_CM10","COPPER MOUNTAIN 10",10,"caiso_solar","CISO","physical","utility_pv"]
["COPMTN_2_SOLAR1","COPPER MOUNTAIN 48",48,"caiso_solar","CISO","physical","utility_pv"]
["COPPER_MOUNTAIN_3_01","NAN",26,"ldwp_solar","LADWP","physical","n/a"]
["COPPER_MOUNTAIN_3_02","NAN",27,"ldwp_solar","LADWP","physical","n/a"]
["COPPER_MOUNTAIN_3_03","NAN",26,"ldwp_solar","LADWP","physical","n/a"]
["COPPER_MOUNTAIN_3_04","NAN",28,"ldwp_solar","LADWP","physical","n/a"]
["COPPER_MOUNTAIN_3_05","NAN",25,"ldwp_solar","LADWP","physical","n/a"]
["COPPER_MOUNTAIN_3_06","NAN",26,"ldwp_solar","LADWP","physical","n/a"]
["COPPER_MOUNTAIN_3_07","NAN",27,"ldwp_solar","LADWP","physical","n/a"]
["COPPER_MOUNTAIN_3_08","NAN",26,"ldwp_solar","LADWP","physical","n/a"]
["COPPER_MOUNTAIN_3_09","NAN",24,"ldwp_solar","LADWP","physical","n/a"]
["COPPER_MOUNTAIN_3_10","NAN",20,"ldwp_solar","LADWP","physical","n/a"]
["CORCAN_1_SOLAR1","CID SOLAR",20,"caiso_solar","CISO","physical","utility_pv"]
["CORCAN_1_SOLAR2","CORCORAN CITY",11,"caiso_solar","CISO","physical","utility_pv"]
["CORDOVA_FIR_SOLAR","NAN",9.5,"banc_solar","BANC","physical","n/a"]
["CORONS_2_SOLAR","MASTER DEVELOPMENT CORONA",0.99,"caiso_solar","CISO","physical","utility_pv"]
["CORONS_6_CLRWTR","CLEARWATER POWER PLANT",28,"caiso_ccgt2","CISO","physical","gas_cc"]
["CORRAL_6_SJOAQN","AMERESCO SAN JOAQUIN",4.3,"caiso_biomass","CISO","physical","biomass_wood"]
["COSOSTORAGE","NAN",60,"caiso_li_battery","CISO","physical","hr_batteries"]
["COSUMNES_CC","NAN",534.6,"banc_ccgt","BANC","physical","n/a"]
["COTTLE_2_FRNKNH","FRANKENHEIMER POWER PLANT",5.3,"caiso_hydro","CISO","physical","hydro"]
["COVERD_2_HCKHY1","HATCHET CREEK",6.89,"caiso_hydro","CISO","physical","hydro"]
["COVERD_2_MCKHY1","MONTGOMERY CREEK HYDRO",2.8,"caiso_hydro","CISO","physical","hydro"]
["COVERD_2_QFUNTS","COVE HYDROELECTRIC PROJECT",5.5,"caiso_small_hydro","CISO","physical","small_hydro"]
["COVERD_2_RCKHY1","ROARING CREEK",2,"caiso_hydro","CISO","physical","hydro"]
["COWCRK_2_UNIT","COW CREEK HYDRO",2,"caiso_small_hydro","CISO","physical","small_hydro"]
["CPSTNO_7_PRMADS","PRIMA DESCHECHA (CAPISTRANO)",6.1,"caiso_biomass","CISO","physical","biomass_wood"]
["CPVERD_2_SOLAR","CAMPO VERDE SOLAR",139,"caiso_solar","CISO","physical","utility_pv"]
["CRELMN_6_RAMON1","RAMONA 1",2,"caiso_solar","CISO","physical","utility_pv"]
["CRELMN_6_RAMON2","RAMONA 2",5,"caiso_solar","CISO","physical","utility_pv"]
["CRELMN_6_RAMSR3","RAMONA SOLAR ENERGY",4.32,"caiso_solar","CISO","physical","utility_pv"]
["CRESSY_1_PARKER","PARKER POWERHOUSE",2.83,"caiso_hydro","CISO","physical","hydro"]
["CRESTA_7_PL1X2","CRESTA PH UNIT 1 & 2 AGGREGATE",70.400000000000006,"caiso_hydro","CISO","physical","hydro"]
["CRNEVL_6_CRNVA","CRANE VALLEY",0.9,"caiso_small_hydro","CISO","physical","small_hydro"]
["CRNEVL_6_SJQN 2","SAN JOAQUIN 2",3.2,"caiso_small_hydro","CISO","physical","small_hydro"]
["CRNEVL_6_SJQN 3","SAN JOAQUIN 3",4.2,"caiso_small_hydro","CISO","physical","small_hydro"]
["CROKET_7_UNIT","CROCKETT COGEN",240,"caiso_chp","CISO","physical","cogen"]
["CRSTWD_6_KUMYAY","KUMEYAAY WIND FARM",50,"caiso_wind","CISO","physical","in_state_wind"]
["CRWCKS_1_SOLAR1","CROW CREEK SOLAR 1",20,"caiso_solar","CISO","physical","utility_pv"]
["CSCCOG_1_UNIT 1","SANTA CLARA CO-GEN",7,"caiso_peaker1","CISO","physical","gas_ct"]
["CSCGNR_1_UNIT 1","GIANERA PEAKER UNIT 1",24.75,"caiso_peaker2","CISO","physical","gas_ct"]
["CSCGNR_1_UNIT 2","GIANERA PEAKER UNIT 2",24.75,"caiso_peaker2","CISO","physical","gas_ct"]
["CSLR4S_2_SOLAR","CSOLAR IV SOUTH",130,"caiso_solar","CISO","physical","utility_pv"]
["CSTOGA_6_LNDFIL","CLOVER FLAT LAND FILL GAS",0.85,"caiso_biomass","CISO","physical","biomass_wood"]
["CSTRVL_7_PL1X2","MARINA LAND FILL GAS",4.53,"caiso_biomass","CISO","physical","biomass_wood"]
["CSTRVL_7_QFUNTS","CASTROVILLE QF AGGREGATE",2,"caiso_biomass","CISO","physical","biomass_wood"]
["CTNWDP_1_QF","SMALL QF AGGREGATION - BURNEY",0.5,"caiso_small_hydro","CISO","physical","small_hydro"]
["CUMBIA_1_SOLAR","COLUMBIA SOLAR ENERGY II",19,"caiso_solar","CISO","physical","utility_pv"]
["CUMMNG_6_SUNCT1","SUNSELECT 1",4,"caiso_chp","CISO","physical","cogen"]
["CURTIS_1_CANLCK","CANAL CREEK POWERHOUSE",0.9,"caiso_small_hydro","CISO","physical","small_hydro"]
["CURTIS_1_FARFLD","FAIRFIELD POWERHOUSE",0.9,"caiso_hydro","CISO","physical","hydro"]
["CUYAMS_6_CUYSR1","CUYAMA SOLAR",40,"caiso_solar","CISO","physical","utility_pv"]
["DAIRLD_1_MD1SL1","MADERA 1",1.5,"caiso_solar","CISO","physical","utility_pv"]
["DAIRLD_1_MD2BM1","MADERA DIGESTER GENSET 2",0.8,"caiso_biomass","CISO","physical","biomass_wood"]
["DALYCT_1_FCELL","NAN",1.6,"caiso_biomass","CISO","physical","biomass_wood"]
["DAVID_TEVELDE_DAIRY_DIGESTER","NAN",1,"caiso_biogas","CISO","physical","biogas"]
["DAVIS_1_SOLAR1","GRASSLANDS 3",1,"caiso_solar","CISO","physical","utility_pv"]
["DAVIS_1_SOLAR2","GRASSLANDS 4",1,"caiso_solar","CISO","physical","utility_pv"]
["DAVIS_7_MNMETH","MM YOLO POWER LLC",4,"caiso_biogas","CISO","physical","biogas"]
["DEADCK_1_UNIT","DEADCK_1_UNIT",2,"caiso_hydro","CISO","physical","hydro"]
["DEERCR_6_UNIT 1","DEER CREEK",7,"caiso_small_hydro","CISO","physical","small_hydro"]
["DELAMO_2_SOLAR1","GOLDEN SPRINGS BUILDING H",1.5,"caiso_solar","CISO","physical","utility_pv"]
["DELAMO_2_SOLAR2","GOLDEN SPRINGS BUILDING M",1.75,"caiso_solar","CISO","physical","utility_pv"]
["DELAMO_2_SOLAR3","GOLDEN SPRINGS BUILDING G",1.25,"caiso_solar","CISO","physical","utility_pv"]
["DELAMO_2_SOLAR4","GOLDEN SPRINGS BUILDING F",1.3,"caiso_solar","CISO","physical","utility_pv"]
["DELAMO_2_SOLAR5","GOLDEN SPRINGS BUILDING L",1,"caiso_solar","CISO","physical","utility_pv"]
["DELAMO_2_SOLAR6","FREEWAY SPRINGS",2,"caiso_solar","CISO","physical","utility_pv"]
["DELAMO_2_SOLRC1","GOLDEN SPRINGS BUILDING C1",1.1599999999999999,"caiso_solar","CISO","physical","utility_pv"]
["DELAMO_2_SOLRD","GOLDEN SOLAR BUILDING D",1.25,"caiso_solar","CISO","physical","utility_pv"]
["DELSUR_6_BSOLAR","CENTRAL ANTELOPE DRY RANCH B",3,"caiso_solar","CISO","physical","utility_pv"]
["DELSUR_6_CREST","NAN",10,"caiso_solar","CISO","physical","utility_pv"]
["DELSUR_6_DRYFRB","DRY FARM RANCH B",5,"caiso_solar","CISO","physical","utility_pv"]
["DELSUR_6_SOLAR1","SUMMER SOLAR NORTH",6.5,"caiso_solar","CISO","physical","utility_pv"]
["DELSUR_6_SOLAR4","RADIANCE SOLAR 4",1.5,"caiso_solar","CISO","physical","utility_pv"]
["DELSUR_6_SOLAR5","RADIANCE SOLAR 5",1.5,"caiso_solar","CISO","physical","utility_pv"]
["DELTA_2_PL1X4","DELTA ENERGY CENTER AGGREGATE",880,"caiso_ccgt1","CISO","physical","gas_cc"]
["DEL_RANCH_COMPANY","NAN",42,"iid_geothermal","IID","physical","n/a"]
["DESERT_POWER_3","NAN",50,"iid_geothermal","IID","physical","n/a"]
["DESERT_VIEW","NAN",50,"caiso_biomass","IID","physical","biomass_wood"]
["DEVERS_1_SEPV05","SEPV 5",2,"caiso_solar","CISO","physical","utility_pv"]
["DEVERS_1_SOLAR","CASCADE SOLAR",18.5,"caiso_solar","CISO","physical","utility_pv"]
["DEVERS_1_SOLAR1","SEPV8",12,"caiso_solar","CISO","physical","utility_pv"]
["DEVERS_1_SOLAR2","SEPV9",9,"caiso_solar","CISO","physical","utility_pv"]
["DEVERS_2_CS2SR4","CALIENTE SOLAR 2",0.91,"caiso_solar","CISO","physical","utility_pv"]
["DEVERS_2_DHSPG2","DESERT HOT SPRINGS 2",1.4,"caiso_solar","CISO","physical","utility_pv"]
["DEXZEL_1_UNIT","WESTERN POWER AND STEAM COGENERATION",20,"caiso_chp","CISO","physical","cogen"]
["DIABLO_7_UNIT 1","DIABLO CANYON UNIT 1",1150,"caiso_nuclear","CISO","physical","nuclear"]
["DIABLO_7_UNIT 2","DIABLO CANYON UNIT 2",1150,"caiso_nuclear","CISO","physical","nuclear"]
["DIAMOND_H_DAIRY_POWER","NAN",2,"caiso_biogas","CISO","physical","biogas"]
["DISCOV_1_CHEVRN","CHEVRON USA (EASTRIDGE)",48.8,"caiso_chp","CISO","physical","cogen"]
["DIXNLD_1_LNDFL","ZERO WASTE ENERGY",1.6,"caiso_biomass","CISO","physical","biomass_wood"]
["DMDVLY_1_UNITS","DIAMOND VALLEY LAKE PUMP-GEN PLANT",21,"caiso_hydro","CISO","physical","hydro"]
["DONNLS_7_UNIT","DONNELLS HYDRO",72,"caiso_hydro","CISO","physical","hydro"]
["DOSMGO_2_NSPIN","DOSMGO_2_NSPIN",159,"caiso_pumped_hydro","CISO","physical","12hr_pumped_storage"]
["DOUBLC_1_UNITS","DOUBLE \"C\" LIMITED",52.23,"caiso_peaker2","CISO","physical","gas_ct"]
["DOUBLEADIGESTER1","NAN",1.5,"caiso_biomass","CISO","physical","biomass_wood"]
["DOUBLEADIGESTER2","NAN",1.5,"caiso_biomass","CISO","physical","biomass_wood"]
["DOUBLEADIGESTER3","NAN",1.5,"caiso_biomass","CISO","physical","biomass_wood"]
["DRACKR_2_D4SR4B","DRACKER SOLAR UNIT 4B",62.5,"caiso_solar","CISO","physical","utility_pv"]
["DRACKR_2_DS3SR3","DRACKER SOLAR UNIT 3",125,"caiso_solar","CISO","physical","utility_pv"]
["DRACKR_2_DS4SR4","DRACKER SOLAR UNIT 4",62.5,"caiso_solar","CISO","physical","utility_pv"]
["DRACKR_2_DSUBT1","DRACKER SOLAR UNIT 1 BESS",63,"caiso_li_battery","CISO","physical","hr_batteries"]
["DRACKR_2_DSUBT2","DRACKER SOLAR UNIT 2 BESS",115,"caiso_li_battery","CISO","physical","hr_batteries"]
["DRACKR_2_DSUBT3","DRACKER SOLAR UNIT 3 BESS",115,"caiso_li_battery","CISO","physical","hr_batteries"]
["DRACKR_2_SOLAR1","DRACKER SOLAR UNIT 1",110,"caiso_solar","CISO","physical","utility_pv"]
["DRACKR_2_SOLAR2","DRACKER SOLAR UNIT 2",125,"caiso_solar","CISO","physical","utility_pv"]
["DRACKR_3_DSUBT3","NAN",115,"caiso_li_battery","CISO","physical","hr_batteries"]
["DREWS_6_PL1X4","DREWS GENERATING PLANT",41.4,"caiso_peaker1","CISO","physical","gas_ct"]
["DRUM_7_PL1X2","DRUM PH 1 UNITS 1 & 2 AGGREGATE",26,"caiso_hydro","CISO","physical","hydro"]
["DRUM_7_PL3X4","DRUM PH 1 UNITS 3 & 4 AGGREGATE",28.9,"caiso_hydro","CISO","physical","hydro"]
["DRUM_7_UNIT 5","DRUM PH 2 UNIT 5",50,"caiso_hydro","CISO","physical","hydro"]
["DSABLA_7_UNIT","DE SABLA HYDRO",18.5,"caiso_small_hydro","CISO","physical","small_hydro"]
["DSFLWR_2_WS2SR1","WILLOW SPRINGS 2",100,"caiso_solar","CISO","physical","utility_pv"]
["DSRTHV_2_DH1SR1","DESERT HARVEST",80,"caiso_solar","CISO","physical","utility_pv"]
["DSRTHV_2_DH2BT1","DESERT HARVEST BESS",35,"caiso_li_battery","CISO","physical","hr_batteries"]
["DSRTHV_2_DH2SR2","DESERT HARVEST 2",70,"caiso_solar","CISO","physical","utility_pv"]
["DSRTSL_2_SOLAR1","DESERT STATELINE",296.19,"caiso_solar","CISO","physical","utility_pv"]
["DSRTSN_2_SOLAR1","DESERT SUNLIGHT 300",300,"caiso_solar","CISO","physical","utility_pv"]
["DSRTSN_2_SOLAR2","DESERT SUNLIGHT 250",250,"caiso_solar","CISO","physical","utility_pv"]
["DTCHWD_2_BT3WND","BROOKFIELD TEHACHAPI 3",4.5,"caiso_wind","CISO","physical","in_state_wind"]
["DTCHWD_2_BT4WND","BROOKFIELD TEHACHAPI 4",6.52,"caiso_wind","CISO","physical","in_state_wind"]
["DUANE_1_PL1X3","DONALD VON RAESFELD POWER PROJECT",147.80000000000001,"caiso_ccgt2","CISO","physical","gas_cc"]
["DUTCH1_7_UNIT 1","DUTCH FLAT 1 PH",22,"caiso_small_hydro","CISO","physical","small_hydro"]
["DUTCH2_7_UNIT 1","DUTCH FLAT 2 PH",26,"caiso_small_hydro","CISO","physical","small_hydro"]
["DVLCYN_1_UNITS","DEVIL CANYON HYDRO UNITS 1-4 AGGREGATE",235,"caiso_hydro","CISO","physical","hydro"]
["DYERSM_6_DSWWD1","DYER SUMMIT WIND REPOWER",44.8,"caiso_wind","CISO","physical","in_state_wind"]
["EARTH_ENERGY_1","NAN",11,"iid_geothermal","IID","physical","n/a"]
["EASTWD_7_UNIT","EASTWOOD PUMP-GEN",200,"caiso_pumped_hydro","CISO","physical","12hr_pumped_storage"]
["EDMONS_2_NSPIN","EDMONS_2_NSPIN",775.8,"caiso_pumped_hydro","CISO","physical","12hr_pumped_storage"]
["EDWARDSSOLAR1","NAN",140,"caiso_solar","CISO","physical","utility_pv"]
["EDWARDSSOLAR2","NAN",100,"caiso_solar","CISO","physical","utility_pv"]
["EDWARDSSOLAR4","NAN",100,"caiso_solar","CISO","physical","utility_pv"]
["EDWARDSSTORAGE1","NAN",75,"caiso_li_battery","CISO","physical","hr_batteries"]
["EDWARDSSTORAGE2","NAN",75,"caiso_li_battery","CISO","physical","hr_batteries"]
["EEKTMN_6_SOLAR1","EE K SOLAR 1",20,"caiso_solar","CISO","physical","utility_pv"]
["ELCABO_5_ECWSCEDYN","EL CABO WIND",298,"caiso_wind","AZPS","specifiedimport","in_state_wind"]
["ELCAJN_6_DRGEN1","NAN",3,"caiso_li_battery","CISO","physical","hr_batteries"]
["ELCAJN_6_DRGEN2","NAN",1,"caiso_li_battery","CISO","physical","hr_batteries"]
["ELCAJN_6_EB1BT1","EASTERN BESS 1",7.5,"caiso_li_battery","CISO","physical","hr_batteries"]
["ELCAJN_6_LM6K","EL CAJON ENERGY CENTER",48.1,"caiso_peaker2","CISO","physical","gas_ct"]
["ELCAJN_6_UNITA1","CUYAMACA PEAK ENERGY PLANT",45.42,"caiso_peaker1","CISO","physical","gas_ct"]
["ELCAP_1_SOLAR","2097 HELTON",1.5,"caiso_solar","CISO","physical","utility_pv"]
["ELDORO_7_UNIT 1","EL DORADO UNIT 1",11,"caiso_small_hydro","CISO","physical","small_hydro"]
["ELDORO_7_UNIT 2","EL DORADO UNIT 2",11,"caiso_hydro","CISO","physical","hydro"]
["ELECTR_7_PL1X3","ELECTRA PH UNIT 1 & 2 AGGREGATE",93,"caiso_hydro","CISO","physical","hydro"]
["ELKCRK_6_STONYG","STONEY GORGE HYDRO AGGREGATE",4.9000000000000004,"caiso_small_hydro","CISO","physical","small_hydro"]
["ELKHIL_2_PL1X3","ELK HILLS COMBINED CYCLE (AGGREGATE)",551.70000000000005,"caiso_ccgt1","CISO","physical","gas_cc"]
["ELKHORN","NAN",182.5,"caiso_li_battery","CISO","physical","hr_batteries"]
["ELK_GROVE_1_SOLAR","NAN",50.9,"banc_solar","BANC","physical","n/a"]
["ELK_GROVE_2_SOLAR","NAN",37.9,"banc_solar","BANC","physical","n/a"]
["ELLIS_2_QF","ELLIS QFS",12,"caiso_peaker1","CISO","physical","gas_ct"]
["ELNIDP_6_BIOMAS","EL NIDO BIOMASS TO ENERGY",10.5,"caiso_biomass","CISO","physical","biomass_wood"]
["ELSEGN_2_UN1011","EL SEGUNDO ENERGY CENTER 5/6",263,"caiso_ccgt2","CISO","physical","gas_cc"]
["ELSEGN_2_UN2021","EL SEGUNDO ENERGY CENTER 7/8",263.68,"caiso_ccgt1","CISO","physical","gas_cc"]
["EL_CENTRO_4","NAN",70,"iid_st","IID","physical","n/a"]
["EL_CENTRO_CC2","NAN",108.8,"iid_ccgt","IID","physical","n/a"]
["EL_CENTRO_CC3","NAN",146.5,"iid_ccgt","IID","physical","n/a"]
["ENELBELLASTORAGE","NAN",10,"caiso_li_battery","CISO","physical","hr_batteries"]
["ENERGETICS_PV","NAN",4.8,"caiso_solar","CISO","physical","utility_pv"]
["ENERGIA_SIERRA_JUAREZ_2_US_LLC","NAN",105,"caiso_wind","CISO","physical","in_state_wind"]
["ENERSJ_2_WIND","ESJ WIND ENERGY",155.1,"caiso_wind","CISO","physical","in_state_wind"]
["ENWIND_2_WIND1","CAMERON RIDGE",47.1,"caiso_wind","CISO","physical","in_state_wind"]
["ENWIND_2_WIND2","RIDGETOP I",38.24,"caiso_wind","CISO","physical","in_state_wind"]
["ESCNDO_6_EB1BT1","ESCONDIDO BESS 1",10,"caiso_li_battery","CISO","physical","hr_batteries"]
["ESCNDO_6_EB2BT2","ESCONDIDO BESS 2",10,"caiso_li_battery","CISO","physical","hr_batteries"]
["ESCNDO_6_EB3BT3","ESCONDIDO BESS 3",10,"caiso_li_battery","CISO","physical","hr_batteries"]
["ESCNDO_6_PL1X2","MMC ESCONDIDO AGGREGATE",48.71,"caiso_peaker2","CISO","physical","gas_ct"]
["ESCNDO_6_UNITB1","CALPEAK POWER ENTERPRISE UNIT 1",48.04,"caiso_peaker2","CISO","physical","gas_ct"]
["ESCO_6_GLMQF","GOAL LINE COGEN",49.9,"caiso_chp","CISO","physical","cogen"]
["ESQUON_6_LNDFIL","NEAL ROAD LANDFILL GENERATING FACILITY",2.1,"caiso_biomass","CISO","physical","biomass_wood"]
["ETIWND_2_CHMPNE","CHAMPAGNE",1,"caiso_solar","CISO","physical","utility_pv"]
["ETIWND_2_FONTNA","FONTANALYTLE CREEK POWERHOUSE P",2.56,"caiso_small_hydro","CISO","physical","small_hydro"]
["ETIWND_2_RTS010","SPVP010 FONTANA RT SOLAR",1.5,"caiso_solar","CISO","physical","utility_pv"]
["ETIWND_2_RTS015","SPVP015",3,"caiso_solar","CISO","physical","utility_pv"]
["ETIWND_2_RTS017","SPVP017",3.5,"caiso_solar","CISO","physical","utility_pv"]
["ETIWND_2_RTS018","SPVP018 FONTANA RT SOLAR",1.5,"caiso_solar","CISO","physical","utility_pv"]
["ETIWND_2_RTS023","SPVP023 FONTANA RT SOLAR",2.5,"caiso_solar","CISO","physical","utility_pv"]
["ETIWND_2_RTS026","SPVP026",6,"caiso_solar","CISO","physical","utility_pv"]
["ETIWND_2_RTS027","SPVP027",2,"caiso_solar","CISO","physical","utility_pv"]
["ETIWND_2_SOLAR1","DEDEAUX ONTARIO",1,"caiso_solar","CISO","physical","utility_pv"]
["ETIWND_2_SOLAR2","ROCHESTER",1,"caiso_solar","CISO","physical","utility_pv"]
["ETIWND_2_SOLAR5","DULLES",2,"caiso_solar","CISO","physical","utility_pv"]
["ETIWND_2_UNIT1","ETIWND_2_UNIT1",33.6,"caiso_chp","CISO","physical","cogen"]
["ETIWND_6_GRPLND","GRAPELAND PEAKER",47.39,"caiso_peaker1","CISO","physical","gas_ct"]
["ETIWND_6_MWDETI","ETIWANDA RECOVERY HYDRO",24,"caiso_small_hydro","CISO","physical","small_hydro"]
["EXCHEC_7_UNIT 1","EXCHEQUER HYDRO",94.5,"caiso_hydro","CISO","physical","hydro"]
["EXCLSG_1_SOLAR","EXCELSIOR SOLAR",60,"caiso_solar","CISO","physical","utility_pv"]
["FAIRHV_6_UNIT","NAN",18.75,"caiso_biomass","CISO","physical","biomass_wood"]
["FALLBROOKSTORAGE","NAN",40,"caiso_li_battery","CISO","physical","hr_batteries"]
["FELLOW_7_QFUNTS","FELLOW QF AGGREGATE",6.2,"caiso_chp","CISO","physical","cogen"]
["FLOWD2_2_FPLWND","DIABLO WINDS",18,"caiso_wind","CISO","physical","in_state_wind"]
["FLOWD_2_RT2WD2","RIDGETOP 2",27.39,"caiso_wind","CISO","physical","in_state_wind"]
["FLOWD_2_WIND1","CAMERON RIDGE 2",11.9,"caiso_wind","CISO","physical","in_state_wind"]
["FMEADO_6_HELLHL","FMEADO_6_HELLHL",0.6,"caiso_hydro","CISO","physical","hydro"]
["FMEADO_7_UNIT","FRENCH MEADOWS HYDRO",16,"caiso_small_hydro","CISO","physical","small_hydro"]
["FORBST_7_UNIT 1","FORBESTOWN HYDRO",37.5,"caiso_hydro","CISO","physical","hydro"]
["FORKBU_6_UNIT","HYPOWER, INC. (FORKS OF BUTTE)",14.3,"caiso_hydro","CISO","physical","hydro"]
["FRESHW_1_SOLAR1","CORCORAN 3",20,"caiso_solar","CISO","physical","utility_pv"]
["FRIANT_6_UNITS","FRIANT DAM",25,"caiso_small_hydro","CISO","physical","small_hydro"]
["FRITO_1_LAY","FRITO-LAY",6,"caiso_chp","CISO","physical","cogen"]
["FRNTBW_6_SOLAR1","FRONTIER SOLAR",20,"caiso_solar","CISO","physical","utility_pv"]
["FROGTN_1_UTICAA","ANGELS POWERHOUSE",1.4,"caiso_hydro","CISO","physical","hydro"]
["FROGTN_1_UTICAM","MURPHYS POWERHOUSE",3.6,"caiso_hydro","CISO","physical","hydro"]
["FTSWRD_6_TRFORK","THREE FORKS WATER POWER PROJECT",1.63,"caiso_hydro","CISO","physical","hydro"]
["FTSWRD_7_QFUNTS","FTSWRD_7_QFUNTS",1.6,"caiso_hydro","CISO","physical","hydro"]
["FULTON_1_QF","SMALL QF AGGREGATION - ZENIA",1,"caiso_hydro","CISO","physical","hydro"]
["GALE_1_SR3SR3","SUNRAY 3",13.8,"caiso_solar","CISO","physical","utility_pv"]
["GANSO_1_WSTBM1","WESTSTAR DAIRY BIOGAS",1,"caiso_biogas","CISO","physical","biogas"]
["GARLANDSTORAGE","NAN",88,"caiso_li_battery","CISO","physical","hr_batteries"]
["GARLND_2_GASLR","GARLAND B",180,"caiso_solar","CISO","physical","utility_pv"]
["GARLND_2_GASLRA","GARLAND A",20,"caiso_solar","CISO","physical","utility_pv"]
["GARNET_1_SOLAR","NORTH PALM SPRINGS 4A",4,"caiso_solar","CISO","physical","utility_pv"]
["GARNET_1_SOLAR2","GARNET SOLAR POWER GENERATION STATION 1",4,"caiso_solar","CISO","physical","utility_pv"]
["GARNET_1_UNITS","GARNET GREEN POWER PROJECT AGGREGATE",16.5,"caiso_wind","CISO","physical","in_state_wind"]
["GARNET_1_WIND","GARNET WIND ENERGY CENTER",6.5,"caiso_wind","CISO","physical","in_state_wind"]
["GARNET_1_WINDS","GARNET WINDS AGGREGATION",22.5,"caiso_wind","CISO","physical","in_state_wind"]
["GARNET_1_WT3WND","WAGNER WIND",6,"caiso_wind","CISO","physical","in_state_wind"]
["GARNET_2_COAWD2","COACHELLA 2",10.8,"caiso_wind","CISO","physical","in_state_wind"]
["GARNET_2_DIFWD1","NAN",7.88,"caiso_wind","CISO","physical","in_state_wind"]
["GARNET_2_HYDRO","WHITEWATER HYDRO",1,"caiso_hydro","CISO","physical","hydro"]
["GARNET_2_WIND1","PHOENIX",11.2,"caiso_wind","CISO","physical","in_state_wind"]
["GARNET_2_WIND2","KAREN AVENUE WIND FARM",11.7,"caiso_wind","CISO","physical","in_state_wind"]
["GARNET_2_WIND3","SAN GORGONIO EAST",12.6,"caiso_wind","CISO","physical","in_state_wind"]
["GARNET_2_WIND4","WINDUSTRIES",9.8000000000000007,"caiso_wind","CISO","physical","in_state_wind"]
["GARNET_2_WIND5","EASTWIND",3,"caiso_wind","CISO","physical","in_state_wind"]
["GARNET_2_WPMWD6","WINTEC PALM",5.93,"caiso_wind","CISO","physical","in_state_wind"]
["GASKW1_2_GW1SR1","GASKELL WEST 1",20,"caiso_solar","CISO","physical","utility_pv"]
["GATES_2_SOLAR","GATES SOLAR STATION",20,"caiso_solar","CISO","physical","utility_pv"]
["GATES_2_WSOLAR","WEST GATES SOLAR STATION",10,"caiso_solar","CISO","physical","utility_pv"]
["GATEWY_2_GESBT1","GATEWAY ENERGY STROAGE",250,"caiso_li_battery","CISO","physical","hr_batteries"]
["GATWAY_2_PL1X3","GATEWAY GENERATING STATION",585,"caiso_ccgt1","CISO","physical","gas_cc"]
["GENESI_2_STG","GENESIS STATION",250,"caiso_solar","CISO","physical","utility_pv"]
["GEO_EAST_MESA_2_1","NAN",22,"iid_geothermal","IID","physical","n/a"]
["GEO_EAST_MESA_3_1","NAN",22,"iid_geothermal","IID","physical","n/a"]
["GEO_EAST_MESA_3_2","NAN",10,"iid_geothermal","IID","physical","n/a"]
["GEYS11_7_UNIT11","GEYSERS UNIT 11 (HEALDSBURG)",86.8,"caiso_geothermal","CISO","physical","geothermal"]
["GEYS12_7_UNIT12","GEYSERS UNIT 12 (HEALDSBURG)",57,"caiso_geothermal","CISO","physical","geothermal"]
["GEYS13_7_UNIT13","GEYSERS UNIT 13 (HEALDSBURG)",73,"caiso_geothermal","CISO","physical","geothermal"]
["GEYS14_7_UNIT14","GEYSERS UNIT 14 (HEALDSBURG)",70,"caiso_geothermal","CISO","physical","geothermal"]
["GEYS16_7_UNIT16","GEYSERS UNIT 16 (HEALDSBURG)",63,"caiso_geothermal","CISO","physical","geothermal"]
["GEYS17_7_UNIT17","GEYSERS UNIT 17 (HEALDSBURG)",75.5,"caiso_geothermal","CISO","physical","geothermal"]
["GEYS18_7_UNIT18","GEYSERS UNIT 18 (HEALDSBURG)",72,"caiso_geothermal","CISO","physical","geothermal"]
["GEYS20_7_UNIT20","GEYSERS UNIT 20 (HEALDSBURG)",50,"caiso_geothermal","CISO","physical","geothermal"]
["GIFENS_6_BUGSL1","BURFORD GIFFEN",20,"caiso_solar","CISO","physical","utility_pv"]
["GIFFEN_6_SOLAR","GIFFEN SOLAR STATION",10,"caiso_solar","CISO","physical","utility_pv"]
["GIFFEN_6_SOLAR1","ASPIRATION SOLAR G",9,"caiso_solar","CISO","physical","utility_pv"]
["GILROY_1_UNIT","GILROY COGEN AGGREGATE",120,"caiso_ccgt1","CISO","physical","gas_cc"]
["GILRPP_1_PL1X2","GILROY ENERGY CENTER UNITS 1&2 AGGREGATE",95.2,"caiso_peaker2","CISO","physical","gas_ct"]
["GILRPP_1_PL3X4","GILROY ENERGY CENTER, UNIT #3",46.2,"caiso_peaker2","CISO","physical","gas_ct"]
["GLDFGR_6_SOLAR1","PORTAL RIDGE B",20,"caiso_solar","CISO","physical","utility_pv"]
["GLDFGR_6_SOLAR2","PORTAL RIDGE C",11.4,"caiso_solar","CISO","physical","utility_pv"]
["GLDTWN_6_COLUM3","COLUMBIA 3",10,"caiso_solar","CISO","physical","utility_pv"]
["GLDTWN_6_SOLAR","RIO GRANDE",5,"caiso_solar","CISO","physical","utility_pv"]
["GLNARM_2_UNIT 5","GLENARM TURBINE 5",65.81,"caiso_peaker2","CISO","physical","gas_ct"]
["GLNARM_7_UNIT 1","GLEN ARM UNIT 1",22.07,"caiso_peaker2","CISO","physical","gas_ct"]
["GLNARM_7_UNIT 2","GLEN ARM UNIT 2",22.3,"caiso_peaker2","CISO","physical","gas_ct"]
["GLNARM_7_UNIT 3","GLEN ARM UNIT 3",44.83,"caiso_peaker1","CISO","physical","gas_ct"]
["GLNARM_7_UNIT 4","GLEN ARM UNIT 4",42.42,"caiso_peaker1","CISO","physical","gas_ct"]
["GLOW_6_SOLAR","ANTELOPE POWER PLANT",20,"caiso_solar","CISO","physical","utility_pv"]
["GOLETA_2_QF","GOLETA QFS",0.25,"caiso_small_hydro","CISO","physical","small_hydro"]
["GOLETA_2_VALBT1","VALLECITO ENERGY STORAGE",10,"caiso_li_battery","CISO","physical","hr_batteries"]
["GOLETA_6_ELLWOD","ELLWOOD ENERGY SUPPORT FACILITY",54,"caiso_peaker2","CISO","physical","gas_ct"]
["GOLETA_6_EXGEN","EXXON COMPANY USA",48.2,"caiso_chp","CISO","physical","cogen"]
["GOLETA_6_TAJIGS","NAN",2.84,"caiso_biogas","CISO","physical","biogas"]
["GONZLS_6_UNIT","JOHNSON CANYON LANDFILL",1.42,"caiso_biomass","CISO","physical","biomass_wood"]
["GOOSLK_1_SOLAR1","GOOSE LAKE",12,"caiso_solar","CISO","physical","utility_pv"]
["GRADYW_5_GDYWD1","GRADY WIND",200,"caiso_wind","AZPS","specifiedimport","in_state_wind"]
["GRAYSON_3","NAN",18,"ldwp_st","LADWP","physical","n/a"]
["GRAYSON_4","NAN",40,"ldwp_st","LADWP","physical","n/a"]
["GRAYSON_5","NAN",40,"ldwp_st","LADWP","physical","n/a"]
["GRAYSON_9","NAN",48,"ldwp_peaker","LADWP","physical","n/a"]
["GRAYSON_CC","NAN",102,"ldwp_ccgt","LADWP","physical","n/a"]
["GRIDLY_6_SOLAR","GRIDLEY MAIN TWO",2.5,"caiso_solar","CISO","physical","utility_pv"]
["GRIFFI_2_LSPDYN","GRIFFITH ENERGY",570,"ldwp_ccgt","WALC","specifiedimport","n/a"]
["GRIZLY_1_UNIT 1","GRIZZLY HYDRO",20,"caiso_small_hydro","CISO","physical","small_hydro"]
["GRNLF2_1_UNIT","GREENLEAF II COGEN",49.2,"caiso_chp","CISO","physical","cogen"]
["GRNVLY_7_SCLAND","SANTA CRUZ LANDFILL GENERATING PLANT",3.04,"caiso_biomass","CISO","physical","biomass_wood"]
["GRSCRK_6_BGCKWW","BIG CREEK WATER WORKS - CEDAR FLAT",5,"caiso_hydro","CISO","physical","hydro"]
["GRZZLY_1_BERKLY","BERKELEY COGENERATION",26.35,"caiso_chp","CISO","physical","cogen"]
["GUERNS_6_HD3BM3","HANFORD DIGESTER GENSET 3",1,"caiso_biogas","CISO","physical","biogas"]
["GUERNS_6_SOLAR","GUERNSEY SOLAR STATION",20,"caiso_solar","CISO","physical","utility_pv"]
["GUERNS_6_VH2BM1","HANFORD DIGESTER GENSET 2",1,"caiso_biogas","CISO","physical","biogas"]
["GWFPWR_1_UNITS","HANFORD PEAKER PLANT",98.46,"caiso_peaker2","CISO","physical","gas_ct"]
["GYS5X6_7_UNITS","GEYSERS UNITS 5 & 6 AGGREGATE",98.43,"caiso_geothermal","CISO","physical","geothermal"]
["GYS7X8_7_UNITS","GEYSERS UNITS 7 & 8 AGGREGATE",95.8,"caiso_geothermal","CISO","physical","geothermal"]
["GYSRVL_7_WSPRNG","WARM SPRINGS HYDRO",3.75,"caiso_small_hydro","CISO","physical","small_hydro"]
["HAASPH_7_PL1X2","HAAS PH UNIT 1 & 2 AGGREGATE",144,"caiso_hydro","CISO","physical","hydro"]
["HALSEY_6_UNIT","HALSEY HYDRO",13.5,"caiso_small_hydro","CISO","physical","small_hydro"]
["HARBGN_7_UNITS","HARBOR COGEN COMBINED CYCLE",109.01,"caiso_ccgt2","CISO","physical","gas_cc"]
["HARBOR_CC","NAN",231,"ldwp_ccgt","LADWP","physical","n/a"]
["HARBOR_UNIT_10","NAN",49,"ldwp_peaker","LADWP","physical","n/a"]
["HARBOR_UNIT_11","NAN",49,"ldwp_peaker","LADWP","physical","n/a"]
["HARBOR_UNIT_12","NAN",49,"ldwp_peaker","LADWP","physical","n/a"]
["HARBOR_UNIT_13","NAN",49,"ldwp_peaker","LADWP","physical","n/a"]
["HARBOR_UNIT_14","NAN",49,"ldwp_peaker","LADWP","physical","n/a"]
["HARDWK_6_STWBM1","STILL WATER RANCH DAIRY",1,"caiso_biogas","CISO","physical","biogas"]
["HATCR1_7_UNIT","HAT CREEK  #1",8.5,"caiso_small_hydro","CISO","physical","small_hydro"]
["HATCR2_7_UNIT","HAT CREEK  #2",8.5,"caiso_hydro","CISO","physical","hydro"]
["HATLOS_6_BWDHY1","BIDWELL DITCH",2,"caiso_hydro","CISO","physical","hydro"]
["HATLOS_6_LSCRK","LOST CREEK 1 & 2 HYDRO CONVERSION",1.7,"caiso_hydro","CISO","physical","hydro"]
["HATRDG_2_WIND","HATCHET RIDGE WIND FARM",102,"caiso_wind","CISO","physical","in_state_wind"]
["HAT_CREEK_BIOENERGY__LLC","NAN",2.88,"caiso_biomass","CISO","physical","biomass_wood"]
["HAYNES_1","NAN",222,"ldwp_st","LADWP","physical","n/a"]
["HAYNES_11","NAN",96,"ldwp_peaker","LADWP","physical","n/a"]
["HAYNES_12","NAN",96,"ldwp_peaker","LADWP","physical","n/a"]
["HAYNES_13","NAN",96,"ldwp_peaker","LADWP","physical","n/a"]
["HAYNES_14","NAN",96,"ldwp_peaker","LADWP","physical","n/a"]
["HAYNES_15","NAN",96,"ldwp_peaker","LADWP","physical","n/a"]
["HAYNES_16","NAN",96,"ldwp_peaker","LADWP","physical","n/a"]
["HAYNES_2","NAN",222,"ldwp_st","LADWP","physical","n/a"]
["HAYNES_CC","NAN",590,"ldwp_ccgt","LADWP","physical","n/a"]
["HAYPRS_6_HAYHD1","HAYPRESS LOWER",5.8,"caiso_small_hydro","CISO","physical","small_hydro"]
["HAYPRS_6_HAYHD2","HAYPRESS MIDDLE",6.7,"caiso_small_hydro","CISO","physical","small_hydro"]
["HEBER_GEO_1","NAN",8.75,"iid_geothermal","IID","physical","n/a"]
["HEBER_GEO_2","NAN",4.37,"iid_geothermal","IID","physical","n/a"]
["HEBER_GEO_COMPLEX","NAN",52,"iid_geothermal","IID","physical","n/a"]
["HEBER_II","NAN",16,"iid_geothermal","IID","physical","n/a"]
["HEBER_SOLAR_PV","NAN",10,"iid_solar","IID","physical","n/a"]
["HEBER_SOUTH_1","NAN",16,"iid_geothermal","IID","physical","n/a"]
["HEDGE_SOLAR","NAN",1.5,"banc_solar","BANC","physical","n/a"]
["HELMPG_7_UNIT 1","HELMS PUMP-GEN UNIT 1",407,"caiso_pumped_hydro","CISO","physical","12hr_pumped_storage"]
["HELMPG_7_UNIT 2","HELMS PUMP-GEN UNIT 2",407,"caiso_pumped_hydro","CISO","physical","12hr_pumped_storage"]
["HELMPG_7_UNIT 3","HELMS PUMP-GEN UNIT 3",404,"caiso_pumped_hydro","CISO","physical","12hr_pumped_storage"]
["HENRTA_6_HDEBT1","HENRIETTA D ENERGY STORAGE",10,"caiso_li_battery","CISO","physical","hr_batteries"]
["HENRTA_6_SOLAR1","LEMOORE 1",1.5,"caiso_solar","CISO","physical","utility_pv"]
["HENRTA_6_SOLAR2","WESTSIDE SOLAR POWER PV1",2,"caiso_solar","CISO","physical","utility_pv"]
["HENRTA_6_UNITA1","GWF HENRIETTA PEAKER PLANT UNIT 1",49.98,"caiso_peaker2","CISO","physical","gas_ct"]
["HENRTA_6_UNITA2","GWF HENRIETTA PEAKER PLANT UNIT 2",49.42,"caiso_peaker2","CISO","physical","gas_ct"]
["HENRTS_1_SOLAR","HENRIETTA SOLAR PROJECT",100,"caiso_solar","CISO","physical","utility_pv"]
["HIDSRT_2_UNITS","HIGH DESERT POWER PROJECT AGGREGATE",830,"caiso_ccgt1","CISO","physical","gas_cc"]
["HIGGNS_1_COMBIE","COMBIE SOUTH",1.5,"caiso_hydro","CISO","physical","hydro"]
["HIGGNS_7_QFUNTS","HIGGNS_7_QFUNTS",0.5,"caiso_hydro","CISO","physical","hydro"]
["HIGHDESERTSOLAR","NAN",100,"caiso_solar","CISO","physical","utility_pv"]
["HIGHDESERTSTORAGE","NAN",50,"caiso_li_battery","CISO","physical","hr_batteries"]
["HIGHDS_2_H5SBT1","HIGH 5 SOLAR BESS",50,"caiso_li_battery","CISO","physical","hr_batteries"]
["HIGHDS_2_H5SSR1","HIGH 5 SOLAR",100,"caiso_solar","CISO","physical","utility_pv"]
["HILAND_7_YOLOWD","CLEAR LAKE UNIT 1",3.75,"caiso_hydro","CISO","physical","hydro"]
["HINSON_6_CARBGN","BP WILMINGTON CALCINER",30,"caiso_chp","CISO","physical","cogen"]
["HINSON_6_LBECH1","LONG BEACH UNIT 1",63,"caiso_peaker2","CISO","physical","gas_ct"]
["HINSON_6_LBECH2","LONG BEACH UNIT 2",63,"caiso_peaker2","CISO","physical","gas_ct"]
["HINSON_6_LBECH3","LONG BEACH UNIT 3",63,"caiso_peaker2","CISO","physical","gas_ct"]
["HINSON_6_LBECH4","LONG BEACH UNIT 4",63,"caiso_peaker2","CISO","physical","gas_ct"]
["HINSON_6_SERRGN","SOUTHEAST RESOURCE RECOVERY",34,"caiso_chp","CISO","physical","cogen"]
["HMLTBR_6_UNITS","HAMILTON BRANCH PH (AGGREGATE)",4.9000000000000004,"caiso_small_hydro","CISO","physical","small_hydro"]
["HNTGBH_2_PL1X3","HUNTINGTON BEACH ENERGY",673.8,"caiso_ccgt1","CISO","physical","gas_cc"]
["HNTGBH_7_UNIT 2","HUNTINGTON BEACH GEN STA. UNIT 2",226.84,"caiso_st","CISO","physical","steam"]
["HOLGAT_1_BORAX","U.S. BORAX, UNIT 1",48.2,"caiso_chp","CISO","physical","cogen"]
["HOLSTR_1_SOLAR","SAN BENITO SMART PARK",1.5,"caiso_solar","CISO","physical","utility_pv"]
["HOLSTR_1_SOLAR2","HOLLISTER SOLAR",1.5,"caiso_solar","CISO","physical","utility_pv"]
["HOOLEYDIGESTER1","NAN",0.2,"caiso_biomass","CISO","physical","biomass_wood"]
["HOOLEYDIGESTER2","NAN",0.2,"caiso_biomass","CISO","physical","biomass_wood"]
["HOOVER_2_MWDDYN","HOOVER",249,"caiso_hydro","WALC","specifiedimport","hydro"]
["HOOVER_2_VEADYN","HOOVER",16,"caiso_hydro","WALC","specifiedimport","hydro"]
["HUDSON_RANCH_I","NAN",64.8,"iid_geothermal","IID","physical","n/a"]
["HUMBPP_1_UNITS3","HUMBOLDT BAY GENERATING STATION 3",65.08,"caiso_reciprocating_engine","CISO","physical","ice"]
["HUMBPP_6_UNITS","HUMBOLDT BAY GENERATING STATION 1",97.62,"caiso_reciprocating_engine","CISO","physical","ice"]
["HUMBSB_1_QF","SMALL QF AGGREGATION - TRINITY",1.25,"caiso_hydro","CISO","physical","hydro"]
["HUMMINGBIRD","NAN",75,"caiso_li_battery","CISO","physical","hr_batteries"]
["HURON_6_SOLAR","HURON SOLAR STATION",20,"caiso_solar","CISO","physical","utility_pv"]
["HYTTHM_2_UNITS","HYATT-THERMALITO PUMP-GEN (AGGREGATE)",933.1,"caiso_hydro","CISO","physical","hydro"]
["IGNACO_1_QF","SMALL QF AGGREGATION - VALLEJO/DINSMORE",0.5,"caiso_chp","CISO","physical","cogen"]
["IMPERIAL_VALLEYIVSC2","NAN",20,"iid_solar","IID","physical","n/a"]
["INDIGO_1_UNIT 1","INDIGO PEAKER UNIT 1",45,"caiso_peaker2","CISO","physical","gas_ct"]
["INDIGO_1_UNIT 2","INDIGO PEAKER UNIT 2",45,"caiso_peaker2","CISO","physical","gas_ct"]
["INDIGO_1_UNIT 3","INDIGO PEAKER UNIT 3",45,"caiso_peaker2","CISO","physical","gas_ct"]
["INDVLY_1_UNITS","INDIAN VALLEY HYDRO",3.01,"caiso_hydro","CISO","physical","hydro"]
["INSKIP_2_UNIT","INSKIP HYDRO",8,"caiso_small_hydro","CISO","physical","small_hydro"]
["INTERMOUNTAIN_1","NAN",849.97,"ldwp_coal","LADWP","physical","n/a"]
["INTERMOUNTAIN_2","NAN",849.97,"ldwp_coal","LADWP","physical","n/a"]
["INTKEP_2_UNITS","CCSF HETCH_HETCHY HYDRO AGGREGATE",405,"caiso_hydro","CISO","physical","hydro"]
["INTMNT_3_ANAHEIM","INTERMOUNTAIN POWER PROJECT",236,"ldwp_coal","LADWP","specifiedimport","coal"]
["INTMNT_3_PASADENA","INTERMOUNTAIN POWER PROJECT",107,"ldwp_coal","LADWP","specifiedimport","coal"]
["INTMNT_3_RIVERSIDE","IPPDYN",136,"ldwp_coal","LADWP","specifiedimport","coal"]
["INTTRB_6_UNIT","INTERNATIONAL TURBINE RESEARCH",18.399999999999999,"caiso_wind","CISO","physical","in_state_wind"]
["IVANPA_1_UNIT1","IVANPAH 1",126,"caiso_solar","CISO","physical","utility_pv"]
["IVANPA_1_UNIT2","IVANPAH 2",133,"caiso_solar","CISO","physical","utility_pv"]
["IVANPA_1_UNIT3","IVANPAH 3",133,"caiso_solar","CISO","physical","utility_pv"]
["IVSLR2_2_SM2SR1","SILVER RIDGE MOUNT SIGNAL 2",150,"caiso_solar","CISO","physical","utility_pv"]
["IVSLRP_2_SOLAR1","SILVER RIDGE MOUNT SIGNAL",200,"caiso_solar","CISO","physical","utility_pv"]
["IVWEST_2_SOLAR1","IMPERIAL VALLEY WEST ( Q # 608)",150,"caiso_solar","CISO","physical","utility_pv"]
["JACMSR_1_JACSR1","JACUMBA SOLAR FARM",20,"caiso_solar","CISO","physical","utility_pv"]
["JAVASR_1_JAVSR1","NAN",13.5,"caiso_solar","CISO","physical","utility_pv"]
["JAWBNE_2_NSRWND","NORTH SKY RIVER WIND PROJECT",160,"caiso_wind","CISO","physical","in_state_wind"]
["JAWBNE_2_SRWND","NAN",77,"caiso_wind","CISO","physical","in_state_wind"]
["JAYNE_6_WLSLR","WESTLANDS SOLAR FARM PV 1",18,"caiso_solar","CISO","physical","utility_pv"]
["JJ_ELMORE","NAN",42,"iid_geothermal","IID","physical","geothermal"]
["JOANEC_2_STABT1","SANTA ANA STORAGE 1",20,"caiso_li_battery","CISO","physical","hr_batteries"]
["JOHANN_2_JOSBT1","JOHANNA STORAGE 1",10,"caiso_li_battery","CISO","physical","hr_batteries"]
["JOHANN_2_JOSBT2","JOHANNA STORAGE 2",10,"caiso_li_battery","CISO","physical","hr_batteries"]
["JOHANN_2_OCEBT2","ORANGE COUNTY ENERGY STORAGE 2",9,"caiso_li_battery","CISO","physical","hr_batteries"]
["JOHANN_2_OCEBT3","ORANGE COUNTY ENERGY STORAGE 3",6,"caiso_li_battery","CISO","physical","hr_batteries"]
["KANSAS_6_SOLAR","RE KANSAS SOUTH",20,"caiso_solar","CISO","physical","utility_pv"]
["KEARNYSTORAGE1","NAN",20,"caiso_li_battery","CISO","physical","hr_batteries"]
["KEKAWK_6_UNIT","STS HYDROPOWER LTD. (KEKAWAKA)",5.5,"caiso_hydro","CISO","physical","hydro"]
["KELSO_2_UNITS","MARIPOSA ENERGY",198.03,"caiso_peaker1","CISO","physical","gas_ct"]
["KELYRG_6_UNIT","KELLY RIDGE HYDRO",11,"caiso_small_hydro","CISO","physical","small_hydro"]
["KERKH2_7_UNIT 1","KERKHOFF PH 2 UNIT #1",153.9,"caiso_hydro","CISO","physical","hydro"]
["KERMAN_6_SOLAR1","FRESNO SOLAR SOUTH",1.5,"caiso_solar","CISO","physical","utility_pv"]
["KERMAN_6_SOLAR2","FRESNO SOLAR WEST",1.5,"caiso_solar","CISO","physical","utility_pv"]
["KERNFT_1_UNITS","KERN FRONT LIMITED",52.4,"caiso_chp","CISO","physical","cogen"]
["KERNRG_1_UNITS","SOUTH BELRIDGE COGEN FACILITY",55.2,"caiso_chp","CISO","physical","cogen"]
["KERRGN_1_UNIT 1","KERN RIVER HYDRO UNITS 1-4 AGGREGATE",25.6,"caiso_small_hydro","CISO","physical","small_hydro"]
["KIEFER_LANDFILL_1_1","NAN",3.5,"caiso_biomass","BANC","physical","biomass_wood"]
["KIEFER_LANDFILL_1_2","NAN",3.5,"caiso_biomass","BANC","physical","biomass_wood"]
["KIEFER_LANDFILL_1_3","NAN",3.5,"caiso_biomass","BANC","physical","biomass_wood"]
["KIEFER_LANDFILL_2_1","NAN",3.5,"caiso_biomass","BANC","physical","biomass_wood"]
["KIEFER_LANDFILL_2_2","NAN",3.5,"caiso_biomass","BANC","physical","biomass_wood"]
["KILARC_2_UNIT 1","KILARC HYDRO",1.5,"caiso_small_hydro","CISO","physical","small_hydro"]
["KINGCO_1_KINGBR","KINGSBURG COGEN",34.5,"caiso_chp","CISO","physical","cogen"]
["KINGRV_7_UNIT 1","KINGS RIVER HYDRO UNIT 1",51.2,"caiso_hydro","CISO","physical","hydro"]
["KIRKER_7_KELCYN","KELLER CANYON LANDFILL GEN FACILICITY",3.56,"caiso_biomass","CISO","physical","biomass_wood"]
["KNGBRD_2_SOLAR1","KINGBIRD SOLAR A",20,"caiso_solar","CISO","physical","utility_pv"]
["KNGBRD_2_SOLAR2","KINGBIRD SOLAR B",20,"caiso_solar","CISO","physical","utility_pv"]
["KNGBRG_1_KBSLR1","KINGSBURG1",1.5,"caiso_solar","CISO","physical","utility_pv"]
["KNGBRG_1_KBSLR2","KINGSBURG2",1.5,"caiso_solar","CISO","physical","utility_pv"]
["KNGCTY_6_UNITA1","KING CITY ENERGY CENTER, UNIT 1",44.6,"caiso_peaker2","CISO","physical","gas_ct"]
["KNTSTH_6_SOLAR","KENT SOUTH",20,"caiso_solar","CISO","physical","utility_pv"]
["KRAMER_2_SEGS 8","KRAMER JUNCTION 8",80,"caiso_solar","CISO","physical","utility_pv"]
["KRAMER_2_SEGS 9","KRAMER JUNCTION 9",80,"caiso_solar","CISO","physical","utility_pv"]
["KRAMER_2_SEGS89","NAN",80,"caiso_solar","CISO","physical","utility_pv"]
["KRNCNY_6_UNIT","KERN CANYON POWERHOUSE",10.6,"caiso_small_hydro","CISO","physical","small_hydro"]
["KYCORA_6_KMSBT1","KEARNY MESA STORAGE",1,"caiso_li_battery","CISO","physical","hr_batteries"]
["K_ROAD_MOAPA","NAN",250,"ldwp_solar","LADWP","physical","n/a"]
["K_ROAD_MODESTO","NAN",26.32,"banc_solar","BANC","physical","n/a"]
["LACIEN_2_VENICE","MWD VENICE HYDROELECTRIC RECOVERY PLANT",9.9499999999999993,"caiso_hydro","CISO","physical","hydro"]
["LAKE","NAN",51,"ldwp_peaker","LADWP","physical","n/a"]
["LAKESIDE_BIOGAS_LLC","NAN",3,"caiso_biogas","CISO","physical","biogas"]
["LAKHDG_6_UNIT 1","LAKE HODGES PUMPED STORAGE-UNIT1",20,"caiso_pumped_hydro","CISO","physical","12hr_pumped_storage"]
["LAKHDG_6_UNIT 2","LAKE HODGES PUMPED STORAGE-UNIT2",20,"caiso_pumped_hydro","CISO","physical","12hr_pumped_storage"]
["LAMONT_1_SOLAR1","REGULUS SOLAR",60,"caiso_solar","CISO","physical","utility_pv"]
["LAMONT_1_SOLAR2","REDWOOD SOLAR FARM 4",20,"caiso_solar","CISO","physical","utility_pv"]
["LAMONT_1_SOLAR3","WOODMERE SOLAR FARM",14.99,"caiso_solar","CISO","physical","utility_pv"]
["LAMONT_1_SOLAR4","HAYWORTH SOLAR FARM",26.66,"caiso_solar","CISO","physical","utility_pv"]
["LAMONT_1_SOLAR5","REDCREST SOLAR FARM",16.66,"caiso_solar","CISO","physical","utility_pv"]
["LAPAC_6_UNIT","LOUISIANA PACIFIC SAMOA",20,"caiso_biomass","CISO","physical","biomass_wood"]
["LAPLMA_2_UNIT 1","LA PALOMA GENERATING PLANT UNIT #1",267,"caiso_ccgt1","CISO","physical","gas_cc"]
["LAPLMA_2_UNIT 2","LA PALOMA GENERATING PLANT UNIT #2",266,"caiso_ccgt1","CISO","physical","gas_cc"]
["LAPLMA_2_UNIT 3","LA PALOMA GENERATING PLANT UNIT #3",266,"caiso_ccgt1","CISO","physical","gas_cc"]
["LAPLMA_2_UNIT 4","LA PALOMA GENERATING PLANT, UNIT #4",267,"caiso_ccgt1","CISO","physical","gas_cc"]
["LARKSP_6_UNIT 1","LARKSPUR PEAKER UNIT 1",46.1,"caiso_peaker1","CISO","physical","gas_ct"]
["LARKSP_6_UNIT 2","LARKSPUR PEAKER UNIT 2",47.98,"caiso_peaker1","CISO","physical","gas_ct"]
["LAROA2_2_UNITA1","LR2",322,"caiso_ccgt2","CISO","physical","gas_cc"]
["LASSEN_6_UNITS","HONEY LAKE POWER",30,"caiso_biomass","CISO","physical","biomass_wood"]
["LAWRNC_7_SUNYVL","CITY OF SUNNYVALE UNIT 1 AND 2",0.3,"caiso_chp","CISO","physical","cogen"]
["LEATHERS","NAN",42,"iid_geothermal","IID","physical","geothermal"]
["LEBECS_2_UNITS","PASTORIA ENERGY FACILITY",799.47,"caiso_ccgt1","CISO","physical","gas_cc"]
["LECEF_1_UNITS","LOS ESTEROS ENERGY FACILITY AGGREGATE",309.83999999999997,"caiso_ccgt2","CISO","physical","gas_cc"]
["LEPRFD_1_KANSAS","KANSAS",20,"caiso_solar","CISO","physical","utility_pv"]
["LGHTHP_6_ICEGEN","CARSON COGENERATION",48,"caiso_ccgt1","CISO","physical","gas_cc"]
["LHILLS_6_SOLAR1","LOST HILLS SOLAR",20,"caiso_solar","CISO","physical","utility_pv"]
["LILIAC_6_SOLAR","MESA CREST",3,"caiso_solar","CISO","physical","utility_pv"]
["LITLRK_6_GBCSR1","GREEN BEANWORKS C",3,"caiso_solar","CISO","physical","utility_pv"]
["LITLRK_6_SEPV01","GESTAMP SOLAR 1",2,"caiso_solar","CISO","physical","utility_pv"]
["LITLRK_6_SOLAR1","LANCASTER LITTLE ROCK C",5,"caiso_solar","CISO","physical","utility_pv"]
["LITLRK_6_SOLAR2","PALMDALE 18",2,"caiso_solar","CISO","physical","utility_pv"]
["LITLRK_6_SOLAR3","ONE TEN PARTNERS",2,"caiso_solar","CISO","physical","utility_pv"]
["LITLRK_6_SOLAR4","LITTLE ROCK PHAM SOLAR",3,"caiso_solar","CISO","physical","utility_pv"]
["LIVEOK_6_SOLAR","HARRIS",1.25,"caiso_solar","CISO","physical","utility_pv"]
["LIVOAK_1_UNIT 1","LIVE OAK LIMITED",49.7,"caiso_peaker2","CISO","physical","gas_ct"]
["LLAGAS","NAN",20,"caiso_li_battery","CISO","physical","hr_batteries"]
["LMBEPK_2_UNITA1","LAMBIE ENERGY CENTER, UNIT #1",47.5,"caiso_peaker2","CISO","physical","gas_ct"]
["LMBEPK_2_UNITA2","CREED ENERGY CENTER, UNIT #1",47.6,"caiso_peaker2","CISO","physical","gas_ct"]
["LMBEPK_2_UNITA3","GOOSE HAVEN ENERGY CENTER, UNIT #1",47.4,"caiso_peaker2","CISO","physical","gas_ct"]
["LMEC_1_PL1X3","LOS MEDANOS ENERGY CENTER AGGREGATE",580,"caiso_ccgt1","CISO","physical","gas_cc"]
["LNCSTR_6_CREST","NAN",5.5,"caiso_solar","CISO","physical","utility_pv"]
["LNCSTR_6_SOLAR2","SEPV SIERRA NGR",2.75,"caiso_solar","CISO","physical","utility_pv"]
["LOCKFD_1_BEARCK","BEAR CREEK SOLAR",1.5,"caiso_solar","CISO","physical","utility_pv"]
["LOCKFD_1_KSOLAR","KETTLEMAN SOLAR",1,"caiso_solar","CISO","physical","utility_pv"]
["LODI25_2_UNIT 1","LODI GAS TURBINE",25,"caiso_peaker2","CISO","physical","gas_ct"]
["LODIEC_2_PL1X2","LODI ENERGY CENTER",302.58,"caiso_ccgt1","CISO","physical","gas_cc"]
["LOTUS_6_LSFSR1","LOTUS SOLAR FARM",50,"caiso_solar","CISO","physical","utility_pv"]
["LOWGAP_1_SUPHR","MILL & SULPHUR CREEK HYDRO",0.99,"caiso_small_hydro","CISO","physical","small_hydro"]
["LOWGAP_7_QFUNTS","MATTHEWS DAM HYDRO",1.35,"caiso_hydro","CISO","physical","hydro"]
["LTBEAR_1_LB3SR3","LITTLE BEAR 3 SOLAR",20,"caiso_solar","CISO","physical","utility_pv"]
["LTBEAR_1_LB4SR4","LITTLE BEAR 4",50,"caiso_solar","CISO","physical","utility_pv"]
["LTBEAR_1_LB4SR5","LITTLE BEAR 4 SOLAR 5",50,"caiso_solar","CISO","physical","utility_pv"]
["LTBERA_1_LB1SR1","LITTLE BEAR SOLAR 1",40,"caiso_solar","CISO","physical","utility_pv"]
["LUNASTORAGE","NAN",100,"caiso_li_battery","CISO","physical","hr_batteries"]
["MAGNLA_6_ANAHEIM","MAGNOLIA POWER PLANT ANAHEIM",109,"ldwp_ccgt","LADWP","specifiedimport","n/a"]
["MAGNLA_6_CERRITOS","MAGNOLIA POWER PLANT CERRITOS",12,"ldwp_ccgt","LADWP","specifiedimport","n/a"]
["MAGNLA_6_COLTON","MAGNOLIA POWER PROJECT",12,"caiso_ccgt1","LADWP","specifiedimport","gas_cc"]
["MAGNLA_6_PASADENA","MAGNOLIA POWER PLANT - PASADENA",18,"caiso_ccgt1","LADWP","specifiedimport","gas_cc"]
["MAGNOLIA_CC","NAN",301,"ldwp_ccgt","LADWP","physical","n/a"]
["MAGUND_1_BKISR1","BAKERSFIELD INDUSTRIAL 1",1,"caiso_solar","CISO","physical","utility_pv"]
["MAGUND_1_BKSSR2","BAKERSFIELD SOLAR 1",5.25,"caiso_solar","CISO","physical","utility_pv"]
["MALAGA_1_PL1X2","MALAGA POWER AGGREGATE",96,"caiso_peaker1","CISO","physical","gas_ct"]
["MALCHQ_7_UNIT 1","MALACHA HYDRO L.P.",32.5,"caiso_hydro","CISO","physical","hydro"]
["MALIN_5_BPADYN","MALIN_5_BPADYN",250,"caiso_hydro","BPAT","specifiedimport","hydro"]
["MALIN_5_GCPDDYN","GRANT COUNTY HYDRO FACILITIES",125,"caiso_hydro","BPAT","specifiedimport","hydro"]
["MALIN_5_HERMDYN","MALIN_5_HERMDYN",308,"caiso_ccgt1","BPAT","specifiedimport","gas_cc"]
["MALIN_5_IBERDR","IBERDROLA CENTROID SYTEM RESOURCE",100,"caiso_wind","BPAT","specifiedimport","in_state_wind"]
["MALIN_5_INHRED","CSF COLUMBIA GORGE",50,"caiso_wind","BPAT","specifiedimport","in_state_wind"]
["MALIN_5_INHRPG","BIGLOW CANYON",50,"caiso_wind","BPAT","specifiedimport","in_state_wind"]
["MANTEC_1_ML1SR1","MANTECA  LAND 1",1,"caiso_solar","CISO","physical","utility_pv"]
["MANZNA_2_WIND","MANZANA WIND",189,"caiso_wind","CISO","physical","in_state_wind"]
["MARCPW_6_SOLAR1","MARICOPA WEST SOLAR PV",20,"caiso_solar","CISO","physical","utility_pv"]
["MARTIN_1_SUNSET","SUNSET RESERVOIR - NORTH BASIN",4.5,"caiso_solar","CISO","physical","utility_pv"]
["MAVERICK6","NAN",100,"caiso_solar","CISO","physical","utility_pv"]
["MAVERICK6STORAGE","NAN",50,"caiso_li_battery","CISO","physical","hr_batteries"]
["MCARTH_6_FRIVRB","FALL RIVER MILLS PROJECT B",1.5,"caiso_solar","CISO","physical","utility_pv"]
["MCCALL_1_QF","FISH WATER",0.52,"caiso_hydro","CISO","physical","hydro"]
["MCCLELLAN_1","NAN",74,"banc_peaker","BANC","physical","n/a"]
["MCCLURE_1","NAN",62,"banc_peaker","BANC","physical","n/a"]
["MCCLURE_2","NAN",62,"banc_peaker","BANC","physical","n/a"]
["MCSWAN_6_UNITS","MC SWAIN HYDRO",10,"caiso_hydro","CISO","physical","hydro"]
["MDFKRL_2_PROJCT","MIDDLE FORK AND RALSTON PSP",210,"caiso_hydro","CISO","physical","hydro"]
["MELROSESTORAGE1","NAN",20,"caiso_li_battery","CISO","physical","hr_batteries"]
["MENBIO_6_RENEW1","CALRENEW - 1(A)",5,"caiso_solar","CISO","physical","utility_pv"]
["MERCED_1_SOLAR1","MISSION SOLAR",1.5,"caiso_solar","CISO","physical","utility_pv"]
["MERCED_1_SOLAR2","MERCED SOLAR",1.5,"caiso_solar","CISO","physical","utility_pv"]
["MERCFL_6_UNIT","MERCED FALLS POWERHOUSE",3.5,"caiso_small_hydro","CISO","physical","small_hydro"]
["MESAP_1_QF","SMALL QF AGGREGATION - SAN LUIS OBISPO",1,"caiso_hydro","CISO","physical","hydro"]
["MESQUITE_RECOVERY","NAN",27,"caiso_biomass","IID","physical","biomass_wood"]
["METEC_2_PL1X3","METCALF ENERGY CENTER",593.16,"caiso_ccgt1","CISO","physical","gas_cc"]
["MIDWD_2_WIND2","CORAM ENERGY",3,"caiso_wind","CISO","physical","in_state_wind"]
["MIDWD_7_CORAMB","CELLC 7.5 MW TEHACHAPI PROJECT",7.5,"caiso_wind","CISO","physical","in_state_wind"]
["MIDWY3_2_MDSSR1","MIDWAY SOUTH SOLAR FARM",20,"iid_solar","IID","specifiedimport","n/a"]
["MIDWYS_2_MIDSL1","MIDWAY SOLAR FARM",49.9,"iid_solar","IID","specifiedimport","n/a"]
["MILFORD_WIND_1_1","NAN",145,"ldwp_wind","LADWP","physical","n/a"]
["MILFORD_WIND_1_2","NAN",58.5,"ldwp_wind","LADWP","physical","n/a"]
["MILFORD_WIND_2","NAN",100,"ldwp_wind","LADWP","physical","n/a"]
["MILFRD_7_PASADENA","MILFORD I",5,"ldwp_wind","LADWP","specifiedimport","in_state_wind"]
["MIRLOM_2_CORONA","MWD CORONA HYDROELECTRIC RECOVERY PLANT",2.85,"caiso_hydro","CISO","physical","hydro"]
["MIRLOM_2_LNDFL","MILLIKEN LANDFILL SOLAR",3,"caiso_solar","CISO","physical","utility_pv"]
["MIRLOM_2_MLBBTA","MIRA LOMA BESS A",10,"caiso_li_battery","CISO","physical","hr_batteries"]
["MIRLOM_2_MLBBTB","MIRA LOMA BESS B",10,"caiso_li_battery","CISO","physical","hr_batteries"]
["MIRLOM_2_ONTARO","ONTARIO RT SOLAR",5.5,"caiso_solar","CISO","physical","utility_pv"]
["MIRLOM_2_RTS032","SPVP032",1.5,"caiso_solar","CISO","physical","utility_pv"]
["MIRLOM_2_RTS033","SPVP033",1,"caiso_solar","CISO","physical","utility_pv"]
["MIRLOM_2_TEMESC","MWD TEMESCAL HYDROELECTRIC RECOVERY PLAN",2.85,"caiso_hydro","CISO","physical","hydro"]
["MIRLOM_6_PEAKER","MIRA LOMA PEAKER",46,"caiso_peaker1","CISO","physical","gas_ct"]
["MIRLOM_7_MWDLKM","LAKE MATHEWS HYDROELECTRIC RECOVERY PLAN",5,"caiso_hydro","CISO","physical","hydro"]
["MISSIX_1_QF","SMALL QF AGGREGATION - SAB FRABCUSCI",1,"caiso_chp","CISO","physical","cogen"]
["MKTRCK_1_UNIT 1","MCKITTRICK LIMITED",47.49,"caiso_peaker2","CISO","physical","gas_ct"]
["MLPTAS_7_QFUNTS","MLPTAS_7_QFUNTS",1,"caiso_chp","CISO","physical","cogen"]
["MM_SD_MIRAMAR2","NAN",1.6,"caiso_biomass","CISO","physical","biomass_wood"]
["MNDALY_6_MCGRTH","MCGRATH BEACH PEAKER",47.2,"caiso_peaker1","CISO","physical","gas_ct"]
["MNDOTA_1_SOLAR1","NORTH STAR SOLAR 1",60,"caiso_solar","CISO","physical","utility_pv"]
["MNDOTA_1_SOLAR2","CITIZEN SOLAR B",5,"caiso_solar","CISO","physical","utility_pv"]
["MNOCAERSSTORAGE","NAN",10,"caiso_li_battery","CISO","physical","hr_batteries"]
["MOJAVE_1_SIPHON","MOJAVE SIPHON POWER PLANT",14.36,"caiso_hydro","CISO","physical","hydro"]
["MOJAVW_2_SOLAR","MOJAVE WEST",20,"caiso_solar","CISO","physical","utility_pv"]
["MONLTH_6_BATTRY","TEHACHAPI STORAGE PROJECT",7.99,"caiso_li_battery","CISO","physical","hr_batteries"]
["MONTPH_7_UNITS","MONTICELLO HYDRO AGGREGATE",12.5,"caiso_small_hydro","CISO","physical","small_hydro"]
["MOORPK_2_ACOBT1","ACORN I BESS",2,"caiso_li_battery","CISO","physical","hr_batteries"]
["MOORPK_2_CALABS","CALABASAS GAS-TO-ENERGY FACILITY",6.96,"caiso_biomass","CISO","physical","biomass_wood"]
["MOORPK_6_QF","MOORPARK QFS",0.8,"caiso_small_hydro","CISO","physical","small_hydro"]
["MORWD_6_QF","MORWIND",38.159999999999997,"caiso_wind","CISO","physical","in_state_wind"]
["MOSSLD_1_QF","SMALL QF AGGREGATION - SANTA CRUZ",1,"caiso_chp","CISO","physical","cogen"]
["MOSSLD_2_PSP1","MOSS LANDING POWER BLOCK 1",510,"caiso_ccgt1","CISO","physical","gas_cc"]
["MOSSLD_2_PSP2","MOSS LANDING POWER BLOCK 2",510,"caiso_ccgt1","CISO","physical","gas_cc"]
["MRCHNT_2_PL1X3","DESERT STAR ENERGY CENTER",494.58,"caiso_ccgt1","CISO","physical","gas_cc"]
["MRGT_6_MEF2","MIRAMAR ENERGY FACILITY II",44,"caiso_peaker1","CISO","physical","gas_ct"]
["MRGT_6_MMAREF","MIRAMAR ENERGY FACILITY",45,"caiso_peaker1","CISO","physical","gas_ct"]
["MRGT_6_TGEBT1","TOP GUN ENERGY STORAGE",30,"caiso_li_battery","CISO","physical","hr_batteries"]
["MRLSDS_6_SOLAR1","MORELOS SOLAR",15,"caiso_solar","CISO","physical","utility_pv"]
["MSHGTS_6_MMARLF","MIRAMAR LANDFILL",5,"caiso_biomass","CISO","physical","biomass_wood"]
["MSOLAR_2_SOLAR1","MESQUITE SOLAR 1",165,"caiso_solar","CISO","physical","utility_pv"]
["MSOLAR_2_SOLAR2","MESQUITE SOLAR 2",100.81,"caiso_solar","CISO","physical","utility_pv"]
["MSOLAR_2_SOLAR3","MESQUITE SOLAR 3, LLC",152,"caiso_solar","CISO","physical","utility_pv"]
["MSQUIT_5_SERDYN","MSQUIT_5_SERDYN",625,"caiso_ccgt1","SRP","specifiedimport","gas_cc"]
["MSSION_2_QF","SMALL QF AGGREGATION - SAN DIEGO",2,"caiso_small_hydro","CISO","physical","small_hydro"]
["MSTANG_2_MTGBT1","MUSTANG 1 BESS",75,"caiso_li_battery","CISO","physical","hr_batteries"]
["MSTANG_2_SOLAR","MUSTANG",30,"caiso_solar","CISO","physical","utility_pv"]
["MSTANG_2_SOLAR3","MUSTANG 3",40,"caiso_solar","CISO","physical","utility_pv"]
["MSTANG_2_SOLAR4","MUSTANG 4",30,"caiso_solar","CISO","physical","utility_pv"]
["MTHSE_G_38380_1","NAN",20,"banc_solar","BANC","physical","n/a"]
["MTNPOS_1_UNIT","MT.POSO COGENERATION CO.",46.64,"caiso_biomass","CISO","physical","biomass_wood"]
["MTWIND_1_UNIT 1","MOUNTAIN VIEW POWER PROJECT I",44.4,"caiso_wind","CISO","physical","in_state_wind"]
["MTWIND_1_UNIT 2","MOUNTAIN VIEW POWER PROJECT II",22.2,"caiso_wind","CISO","physical","in_state_wind"]
["MTWIND_1_UNIT 3","MOUNTAIN VIEW POWER PROJECT III",22.44,"caiso_wind","CISO","physical","in_state_wind"]
["MURRAY_6_UNIT","GROSSMONT HOSPITAL",4.12,"caiso_chp","CISO","physical","cogen"]
["MUSTANGSTORAGE","NAN",75,"caiso_li_battery","CISO","physical","hr_batteries"]
["NAPA_RECYCLING_BIOMASS_PLANT","NAN",1,"caiso_biomass","CISO","physical","biomass_wood"]
["NAROW1_2_UNIT","NARROWS PH 1 UNIT",12,"caiso_small_hydro","CISO","physical","small_hydro"]
["NAROW2_2_UNIT","NARROWS POWERHOUSE UNIT 2",55,"caiso_hydro","CISO","physical","hydro"]
["NAVYII_2_UNITS","COSO POWER DEVELOPER (NAVY II) AGGREGATE",90,"caiso_geothermal","CISO","physical","geothermal"]
["NCPA_7_GP1UN1","NCPA GEO PLANT 1 UNIT 1",38.85,"caiso_geothermal","CISO","physical","geothermal"]
["NCPA_7_GP1UN2","NCPA GEO PLANT 1 UNIT 2",39.94,"caiso_geothermal","CISO","physical","geothermal"]
["NCPA_7_GP2UN3","NCPA GEO PLANT 2 UNIT 3",42.42,"caiso_geothermal","CISO","physical","geothermal"]
["NCPA_7_GP2UN4","NCPA GEO PLANT 2 UNIT 4",52.73,"caiso_geothermal","CISO","physical","geothermal"]
["NEENACH_SOLAR","NAN",3,"ldwp_solar","LADWP","physical","utility_pv"]
["NEENCH_6_SOLAR","ALPINE SOLAR",66,"caiso_solar","CISO","physical","utility_pv"]
["NEWARK_1_QF","NEWARK 1 QF",0.1,"caiso_chp","CISO","physical","cogen"]
["NGILAA_5_SDGDYN","NGILAA_5_SDGDYN",57,"caiso_ccgt1","AZPS","specifiedimport","gas_cc"]
["NHOGAN_6_UNITS","NEW HOGAN PH AGGREGATE",4,"caiso_hydro","CISO","physical","hydro"]
["NILAND_1","NAN",50,"iid_peaker","IID","physical","n/a"]
["NILAND_2","NAN",50,"iid_peaker","IID","physical","n/a"]
["NIMTG_6_NICOGN","NORTH ISLAND COGEN",4.05,"caiso_chp","CISO","physical","cogen"]
["NORTH_BRAWLEY_01","NAN",16,"iid_geothermal","IID","physical","n/a"]
["NORTH_BRAWLEY_02","NAN",16,"iid_geothermal","IID","physical","n/a"]
["NORTH_BRAWLEY_03","NAN",16,"iid_geothermal","IID","physical","n/a"]
["NORTH_BRAWLEY_04","NAN",16,"iid_geothermal","IID","physical","n/a"]
["NORTH_BRAWLEY_05","NAN",16,"iid_geothermal","IID","physical","n/a"]
["NORTH_BRAWLEY_06","NAN",16,"iid_geothermal","IID","physical","n/a"]
["NORTH_FORK_COMMUNITY_POWER","NAN",2,"caiso_biomass","CISO","physical","biomass_wood"]
["NOVATO_6_LNDFL","REDWOOD RENEWABLE ENERGY",3.9,"caiso_biogas","CISO","physical","biogas"]
["NWCSTL_7_UNIT 1","NEWCASTLE HYDRO",12,"caiso_small_hydro","CISO","physical","small_hydro"]
["NZWIND_2_WDSTR5","WINDSTREAM 6111",6.31,"caiso_wind","CISO","physical","in_state_wind"]
["NZWIND_6_CALWND","WIND RESOURCE I",9,"caiso_wind","CISO","physical","in_state_wind"]
["NZWIND_6_WDSTR","WINDSTREAM 39",3.35,"caiso_wind","CISO","physical","in_state_wind"]
["NZWIND_6_WDSTR2","WINDSTREAM 6040",4.07,"caiso_wind","CISO","physical","in_state_wind"]
["NZWIND_6_WDSTR3","WINDSTREAM 6041",3.86,"caiso_wind","CISO","physical","in_state_wind"]
["NZWIND_6_WDSTR4","WINDSTREAM 6042",6.77,"caiso_wind","CISO","physical","in_state_wind"]
["OAK C_1_EBMUD","MWWTP PGS 1 - ENGINES",6.9,"caiso_biogas","CISO","physical","biogas"]
["OAK C_7_UNIT 1","OAKLAND STATION C GT UNIT 1",55,"caiso_peaker2","CISO","physical","gas_ct"]
["OAK C_7_UNIT 3","OAKLAND STATION C GT UNIT 3",55,"caiso_peaker2","CISO","physical","gas_ct"]
["OAK L_1_GTG1","MWWTP PGS 2 - TURBINE",4.5999999999999996,"caiso_biomass","CISO","physical","biomass_wood"]
["OAKWD_6_QF","OAK CREEK",27.87,"caiso_wind","CISO","physical","in_state_wind"]
["OAKWD_6_ZEPHWD","ZEPHYR PARK",3.5,"caiso_wind","CISO","physical","in_state_wind"]
["OAK_C_7_UNIT_2","NAN",55,"caiso_peaker2","CISO","physical","gas_ct"]
["OASIS_6_CREST","NAN",13.5,"caiso_solar","CISO","physical","utility_pv"]
["OASIS_6_GBDSR4","GREEN BEANWORKS D",3,"caiso_solar","CISO","physical","utility_pv"]
["OASIS_6_SOLAR1","MORGAN LANCASTER I",1.5,"caiso_solar","CISO","physical","utility_pv"]
["OASIS_6_SOLAR2","OASIS SOLAR",20,"caiso_solar","CISO","physical","utility_pv"]
["OASIS_6_SOLAR3","SOCCER CENTER",3,"caiso_solar","CISO","physical","utility_pv"]
["OCI_SOLAR_LAKESIDE","NAN",2,"caiso_solar","CISO","physical","utility_pv"]
["OCTILO_5_WIND","OCOTILLO WIND ENERGY FACILITY",265,"caiso_wind","CISO","physical","in_state_wind"]
["OGROVE_6_PL1X2","ORANGE GROVE ENERGY CENTER",96,"caiso_peaker2","CISO","physical","gas_ct"]
["OILFLD_7_QFUNTS","NACIMIENTO HYDROELECTRIC PLANT",3.8,"caiso_hydro","CISO","physical","hydro"]
["OLDRIV_6_BIOGAS","BIDART OLD RIVER 1",2,"caiso_biomass","CISO","physical","biomass_wood"]
["OLDRIV_6_CESDBM","CES DAIRY BIOGAS",1,"caiso_biogas","CISO","physical","biogas"]
["OLDRIV_6_LKVBM1","LAKEVIEW DAIRY BIOGAS",1,"caiso_biogas","CISO","physical","biogas"]
["OLDRV1_6_SOLAR","OLD RIVER ONE",20,"caiso_solar","CISO","physical","utility_pv"]
["OLINDA_2_COYCRK","MWD COYOTE CREEK HYDROELECTRIC RECOVERY",3.13,"caiso_hydro","CISO","physical","hydro"]
["OLINDA_2_LNDFL2","BREA POWER II",28.1,"caiso_biomass","CISO","physical","biomass_wood"]
["OLINDA_2_QF","OLINDA QFS",0.4,"caiso_hydro","CISO","physical","hydro"]
["OLINDA_7_BLKSND","BLACKSAND GENERATING FACILITY",8,"caiso_biomass","CISO","physical","biomass_wood"]
["OLINDA_7_LNDFIL","NAN",5.6,"caiso_biomass","CISO","physical","biomass_wood"]
["OLIVEP_1_SOLAR","WHITE RIVER SOLAR",20,"caiso_solar","CISO","physical","utility_pv"]
["OLIVEP_1_SOLAR2","WHITE RIVER WEST",19.75,"caiso_solar","CISO","physical","utility_pv"]
["OLIVE_O1","NAN",44,"ldwp_st","LADWP","physical","n/a"]
["OLIVE_O2","NAN",55,"ldwp_st","LADWP","physical","n/a"]
["OLSEN_2_UNIT","OLSEN POWER PARTNERS",5.8,"caiso_small_hydro","CISO","physical","small_hydro"]
["OMAR_2_UNIT 1","KERN RIVER COGENERATION CO. UNIT 1",78,"caiso_peaker1","CISO","physical","gas_ct"]
["OMAR_2_UNIT 2","KERN RIVER COGENERATION CO. UNIT 2",78.11,"caiso_peaker1","CISO","physical","gas_ct"]
["OMAR_2_UNIT 3","KERN RIVER COGENERATION CO. UNIT 3",81.41,"caiso_peaker1","CISO","physical","gas_ct"]
["OMAR_2_UNIT 4","KERN RIVER COGENERATION CO. UNIT 4",81.44,"caiso_peaker1","CISO","physical","gas_ct"]
["ONLLPP_6_UNITS","O'NEILL PUMP-GEN (AGGREGATE)",25.2,"caiso_hydro","CISO","physical","hydro"]
["ORANGECOUNTYSTORAGE","NAN",15,"caiso_li_battery","CISO","physical","hr_batteries"]
["ORLND_6_HIGHLI","HIGH LINE CANAL HYDRO",0.5,"caiso_hydro","CISO","physical","hydro"]
["ORLND_6_SOLAR1","ENERPARC CALIFORNIA 2",1.5,"caiso_solar","CISO","physical","utility_pv"]
["ORMESA_1_E","NAN",12.9,"iid_geothermal","IID","physical","n/a"]
["ORMESA_1_H","NAN",12.9,"iid_geothermal","IID","physical","n/a"]
["ORMESA_I","NAN",33.5,"iid_geothermal","IID","physical","n/a"]
["ORMESA_II_OEC21","NAN",15,"iid_geothermal","IID","physical","n/a"]
["ORMESA_II_OEC22","NAN",15,"iid_geothermal","IID","physical","n/a"]
["ORMOND_7_UNIT 1","ORMOND BEACH GEN STA. UNIT 1",741.27,"caiso_st","CISO","physical","steam"]
["ORMOND_7_UNIT 2","ORMOND BEACH GEN STA. UNIT 2",750,"caiso_st","CISO","physical","steam"]
["ORNI33__LLC","NAN",20,"iid_solar","IID","physical","utility_pv"]
["OROLOM_1_SOLAR1","ORO LOMA SOLAR 1",10,"caiso_solar","CISO","physical","utility_pv"]
["OROLOM_1_SOLAR2","ORO LOMA SOLAR 2",10,"caiso_solar","CISO","physical","utility_pv"]
["OROVIL_6_UNIT","OROVILLE COGENERATION, LP",7.5,"caiso_reciprocating_engine","CISO","physical","ice"]
["ORTGA_6_ME1SL1","MERCED 1",3,"caiso_solar","CISO","physical","utility_pv"]
["OSO_6_NSPIN","OSO_6_NSPIN",70,"caiso_pumped_hydro","CISO","physical","12hr_pumped_storage"]
["OTAY_6_LNDFL5","NAN",1.5,"caiso_biogas","CISO","physical","biogas"]
["OTAY_6_LNDFL6","NAN",1.5,"caiso_biogas","CISO","physical","biogas"]
["OTAY_6_PL1X2","CHULA VISTA ENERGY CENTER, LLC",35.5,"caiso_peaker2","CISO","physical","gas_ct"]
["OTAY_6_UNITB1","NAN",3,"caiso_biogas","CISO","physical","biogas"]
["OTMESA_2_PL1X3","OTAY MESA ENERGY CENTER",603.67999999999995,"caiso_ccgt1","CISO","physical","gas_cc"]
["OXBOW_6_DRUM","OXBOW HYDRO",5.8,"caiso_hydro","CISO","physical","hydro"]
["OXMTN_6_LNDFIL","OX MOUNTAIN LANDFILL GENERATING PLANT",10.62,"caiso_biomass","CISO","physical","biomass_wood"]
["PACLUM_6_UNIT","HUMBOLDT REDWOOD",28.8,"caiso_biomass","CISO","physical","biomass_wood"]
["PADUA_2_ONTARO","ONTARIO/SIERRA HYDRO PSP",1.92,"caiso_hydro","CISO","physical","hydro"]
["PADUA_2_SOLAR1","KONA SOLAR - RANCHO DC #1",1.75,"caiso_solar","CISO","physical","utility_pv"]
["PADUA_6_MWDSDM","SAN DIMAS HYDROELECTRIC RECOVERY PLANT",9.9,"caiso_hydro","CISO","physical","hydro"]
["PADUA_6_QF","PADUA QFS",1.82,"caiso_hydro","CISO","physical","hydro"]
["PADUA_7_SDIMAS","SAN DIMAS WASH HYDRO",1.05,"caiso_hydro","CISO","physical","hydro"]
["PAIGES_6_SOLAR","PAIGE SOLAR",20,"caiso_solar","CISO","physical","utility_pv"]
["PALALT_7_COBUG","COOPERATIVELY OWNED BACK UP GENERATOR",4.5,"caiso_peaker2","CISO","physical","gas_ct"]
["PALOMR_2_PL1X3","PALOMAR ENERGY CENTER",575,"caiso_ccgt1","CISO","physical","gas_cc"]
["PALO_VERDE_3_LADWP","NAN",407,"ldwp_nuclear","LADWP","physical","n/a"]
["PANSEA_1_PANARO","NAN",30,"caiso_wind","CISO","physical","in_state_wind"]
["PARDEB_6_UNITS","PARDEE POWER HOUSE",30,"caiso_hydro","CISO","physical","hydro"]
["PARQUEEOLICO","NAN",10,"caiso_wind","CISO","physical","in_state_wind"]
["PBLOSM_2_SOLAR","PEARBLOSSOM",9.5,"caiso_solar","CISO","physical","utility_pv"]
["PEABDY_2_LNDFIL","G2 ENERGY HAY ROAD POWER PLANT",1.6,"caiso_biomass","CISO","physical","biomass_wood"]
["PEABDY_2_LNDFL1","POTRERO HILLS ENERGY PRODUCERS",8,"caiso_biomass","CISO","physical","biomass_wood"]
["PEARBL_2_NSPIN","PEARBL_2_NSPIN",118,"caiso_pumped_hydro","CISO","physical","12hr_pumped_storage"]
["PEORIA_1_SOLAR","SONORA 1",1.5,"caiso_solar","CISO","physical","utility_pv"]
["PGEB_2_PDRP100","PGEB_2_PDRP100",0.99,"caiso_loadmod","CISO","physical","demand_response"]
["PGEB_2_PDRP101","PGEB_2_PDRP101",0.99,"caiso_loadmod","CISO","physical","demand_response"]
["PGEB_2_PDRP102","PGEB_2_PDRP102",0.99,"caiso_loadmod","CISO","physical","demand_response"]
["PGEB_2_PDRP103","PGEB_2_PDRP103",0.99,"caiso_loadmod","CISO","physical","demand_response"]
["PGEB_2_PDRP104","PGEB_2_PDRP104",0.99,"caiso_loadmod","CISO","physical","demand_response"]
["PGEB_2_PDRP105","PGEB_2_PDRP105",0.99,"caiso_loadmod","CISO","physical","demand_response"]
["PGEB_2_PDRP106","PDR-F PGEB",2.34,"caiso_loadmod","CISO","physical","demand_response"]
["PGEB_2_PDRP107","VLTS_PDR_PGEB_02",7.5,"caiso_loadmod","CISO","physical","demand_response"]
["PGE_BAY_BIP_DO","NAN",90,"caiso_loadmod","CISO","physical","demand_response"]
["PGE_BAY_CBP DA_NONRES","NAN",0.1,"caiso_loadmod","CISO","physical","demand_response"]
["PGE_BAY_CBP DA_RES","NAN",0.1,"caiso_loadmod","CISO","physical","demand_response"]
["PGE_BAY_PDP_NON_RES","NAN",4,"caiso_loadmod","CISO","physical","demand_response"]
["PGE_BAY_SMARTAC_NON_RES","NAN",0.1,"caiso_loadmod","CISO","physical","demand_response"]
["PGE_BAY_SMARTAC_RES","NAN",0.1,"caiso_loadmod","CISO","physical","demand_response"]
["PGE_BAY_SMARTRATE_RES","NAN",0.1,"caiso_loadmod","CISO","physical","demand_response"]
["PGE_VAL_BIP_DO","NAN",267,"caiso_loadmod","CISO","physical","demand_response"]
["PGE_VAL_CBP_DA","NAN",0.1,"caiso_loadmod","CISO","physical","demand_response"]
["PGE_VAL_CBP_DA_RES","NAN",0.1,"caiso_loadmod","CISO","physical","demand_response"]
["PGE_VAL_SMARTAC_NON_RES","NAN",0.1,"caiso_loadmod","CISO","physical","demand_response"]
["PGE_VAL_SMARTAC_RES","NAN",0.1,"caiso_loadmod","CISO","physical","demand_response"]
["PGE_VAL_SMARTRATE_RES","NAN",2,"caiso_loadmod","CISO","physical","demand_response"]
["PGF1_2_PDRP100","PDR-E PGF1",2.5,"caiso_loadmod","CISO","physical","demand_response"]
["PGF1_2_PDRP101","PGF1_2_PDRP101",0.3,"caiso_loadmod","CISO","physical","demand_response"]
["PGF1_2_PDRP102","PDR-F PGF1",2.15,"caiso_loadmod","CISO","physical","demand_response"]
["PGSB_1_PDRP100","PDR-F PGSB",1.96,"caiso_loadmod","CISO","physical","demand_response"]
["PHOENX_1_UNIT","PHOENIX PH",2,"caiso_small_hydro","CISO","physical","small_hydro"]
["PINE_TREE_SOLAR","NAN",8.5,"ldwp_solar","LADWP","physical","n/a"]
["PINE_TREE_WIND","NAN",120,"ldwp_wind","LADWP","physical","n/a"]
["PINFLT_7_UNITS","PINE FLAT HYDRO AGGREGATE",198.51,"caiso_hydro","CISO","physical","hydro"]
["PIOPIC_2_CTG1","PIO PICO UNIT 1",111.3,"caiso_peaker1","CISO","physical","gas_ct"]
["PIOPIC_2_CTG2","PIO PICO UNIT 2",112.7,"caiso_peaker1","CISO","physical","gas_ct"]
["PIOPIC_2_CTG3","PIO PICO UNIT 3",112,"caiso_peaker1","CISO","physical","gas_ct"]
["PIT1_6_FRIVRA","FALL RIVER MILLS PROJECT A",1.5,"caiso_solar","CISO","physical","utility_pv"]
["PIT1_7_UNIT 1","PIT PH 1 UNIT 1",32,"caiso_hydro","CISO","physical","hydro"]
["PIT1_7_UNIT 2","PIT PH 1 UNIT 2",32,"caiso_hydro","CISO","physical","hydro"]
["PIT3_7_PL1X3","PIT PH 3 UNITS 1, 2 & 3 AGGREGATE",70.599999999999994,"caiso_hydro","CISO","physical","hydro"]
["PIT4_7_PL1X2","PIT PH 4 UNITS 1 & 2 AGGREGATE",95,"caiso_hydro","CISO","physical","hydro"]
["PIT5_7_PL1X2","PIT PH 5 UNITS 1 & 2 AGGREGATE",82,"caiso_hydro","CISO","physical","hydro"]
["PIT5_7_PL3X4","PIT PH 5 UNITS 3 & 4 AGGREGATE",82,"caiso_hydro","CISO","physical","hydro"]
["PIT5_7_QFUNTS","GRASSHOPPER FLAT HYDRO",1.1000000000000001,"caiso_hydro","CISO","physical","hydro"]
["PIT6_7_UNIT 1","PIT PH 6 UNIT 1",39,"caiso_hydro","CISO","physical","hydro"]
["PIT6_7_UNIT 2","PIT PH 6 UNIT 2",40,"caiso_hydro","CISO","physical","hydro"]
["PIT7_7_UNIT 1","PIT PH 7 UNIT 1",55.7,"caiso_hydro","CISO","physical","hydro"]
["PIT7_7_UNIT 2","PIT PH 7 UNIT 2",54.6,"caiso_hydro","CISO","physical","hydro"]
["PIUTE_6_GNBSR1","GREEN BEANWORKS B",3,"caiso_biomass","CISO","physical","biomass_wood"]
["PLACVL_1_CHILIB","CHILI BAR HYDRO",8.4,"caiso_small_hydro","CISO","physical","small_hydro"]
["PLACVL_1_RCKCRE","ROCK CREEK HYDRO",5,"caiso_hydro","CISO","physical","hydro"]
["PLAINV_6_BSOLAR","WESTERN ANTELOPE BLUE SKY RANCH A",20,"caiso_solar","CISO","physical","utility_pv"]
["PLAINV_6_DSOLAR","WESTERN ANTELOPE DRY RANCH",10,"caiso_solar","CISO","physical","utility_pv"]
["PLAINV_6_NLRSR1","NORTH LANCASTER RANCH",20,"caiso_solar","CISO","physical","utility_pv"]
["PLAINV_6_SOLAR3","SIERRA SOLAR GREENWORKS LLC",20,"caiso_solar","CISO","physical","utility_pv"]
["PLAINV_6_SOLARC","CENTRAL ANTELOPE DRY RANCH C",20,"caiso_solar","CISO","physical","utility_pv"]
["PLMSSR_6_HISIER","HIGH SIERRA COGENERATION AGGREGATE",6,"caiso_chp","CISO","physical","cogen"]
["PLSNTG_7_LNCLND","LINCOLN LANDFILL POWER PLANT",4.9800000000000004,"caiso_biomass","CISO","physical","biomass_wood"]
["PMDLET_6_SOLAR1","SEPV PALMDALE EAST, LLC",10,"caiso_solar","CISO","physical","utility_pv"]
["PMPJCK_1_RB2SLR","RIO BRAVO SOLAR 2",20,"caiso_solar","CISO","physical","utility_pv"]
["PMPJCK_1_SOLAR1","PUMPJACK SOLAR I",20,"caiso_solar","CISO","physical","utility_pv"]
["PMPJCK_1_SOLAR2","RIO BRAVO SOLAR 1",20,"caiso_solar","CISO","physical","utility_pv"]
["PNCHEG_2_PL1X4","PANOCHE ENERGY CENTER (AGGREGATED)",401,"caiso_peaker1","CISO","physical","gas_ct"]
["PNCHPP_1_PL1X2","MIDWAY PEAKING AGGREGATE",119.91,"caiso_peaker2","CISO","physical","gas_ct"]
["PNCHVS_2_SOLAR","PANOCHE VALLEY SOLAR",140,"caiso_solar","CISO","physical","utility_pv"]
["PNOCHE_1_PL1X2","PANOCHE PEAKER",49.97,"caiso_peaker2","CISO","physical","gas_ct"]
["PNOCHE_1_UNITA1","CALPEAK POWER PANOCHE UNIT 1",52.01,"caiso_peaker2","CISO","physical","gas_ct"]
["POCATELLO_WASTE","NAN",0.46,"caiso_biomass","CISO","physical","biomass_wood"]
["POEPH_7_UNIT 1","POE HYDRO UNIT 1",69,"caiso_hydro","CISO","physical","hydro"]
["POEPH_7_UNIT 2","POE HYDRO UNIT 2",68.5,"caiso_hydro","CISO","physical","hydro"]
["POINTLOMA1","NAN",2.29,"caiso_biomass","CISO","physical","biomass_wood"]
["POINTLOMA2","NAN",2.29,"caiso_biomass","CISO","physical","biomass_wood"]
["POTTER_6_UNITS","POTTER VALLEY",10.1,"caiso_hydro","CISO","physical","hydro"]
["POTTER_7_VECINO","VECINO VINEYARDS LLC",1.25,"caiso_hydro","CISO","physical","hydro"]
["PRCTVY_1_MIGBT1","MIGUEL BESS",2,"caiso_biomass","CISO","physical","biomass_wood"]
["PRIMA_PLANT1","NAN",3,"caiso_biomass","CISO","physical","biomass_wood"]
["PRIMA_PLANT2","NAN",3,"caiso_biomass","CISO","physical","biomass_wood"]
["PRIMM_2_SOLAR1","SILVER STATE SOUTH",250,"caiso_solar","CISO","physical","utility_pv"]
["PSWEET_1_STCRUZ","SANTA CRUZ ENERGY LLC",1.6,"caiso_biogas","CISO","physical","biogas"]
["PSWEET_7_QFUNTS","PSWEET_7_QFUNTS",1,"caiso_chp","CISO","physical","cogen"]
["PTLOMA_6_NTCCGN","NAN",2.58,"caiso_chp","CISO","physical","cogen"]
["PTLOMA_6_NTCQF","NTC/MCRD COGENERATION",22.3,"caiso_chp","CISO","physical","cogen"]
["PUTHCR_1_SOLAR1","PUTAH CREEK SOLAR FARM",1.98,"caiso_solar","CISO","physical","utility_pv"]
["PVERDE_5_SCEDYN","PVERDE_5_SCEDYN",635,"caiso_nuclear","SRP","specifiedimport","nuclear"]
["PWEST_1_UNIT","PACIFIC WEST 1 WIND GENERATION",2.1,"caiso_wind","CISO","physical","in_state_wind"]
["RAMON_2_SCEDYN","RAMON_2_SCEDYN",106.18,"iid_geothermal","IID","specifiedimport","n/a"]
["RANCHO_2_SMUDSYSDYN","SMUD REGULATION MARKET",124,"caiso_specified_imports","BANC","specifiedimport","n/a"]
["RATSKE_2_NROSR1","NORTH ROSAMOND SOLAR",150,"caiso_solar","CISO","physical","utility_pv"]
["RCKCRK_7_UNIT 1","ROCK CREEK HYDRO UNIT 1",57,"caiso_hydro","CISO","physical","hydro"]
["RCKCRK_7_UNIT 2","ROCK CREEK HYDRO UNIT 2",56.9,"caiso_small_hydro","CISO","physical","small_hydro"]
["RDWAY_1_CREST","NAN",6.5,"caiso_solar","CISO","physical","utility_pv"]
["RECTOR_2_CREST","NAN",14,"caiso_solar","CISO","physical","utility_pv"]
["RECTOR_2_IVANPV","IVANHOE TULARE PV",3.5,"caiso_solar","CISO","physical","utility_pv"]
["RECTOR_2_KAWEAH","KAWEAH PH 2 & 3 PSP AGGREGATE",6.55,"caiso_hydro","CISO","physical","hydro"]
["RECTOR_2_KAWH 1","KAWEAH PH 1 UNIT 1",2.25,"caiso_small_hydro","CISO","physical","small_hydro"]
["RECTOR_2_QF","KAWEAH UNIT 1",20.09,"caiso_hydro","CISO","physical","hydro"]
["RECTOR_2_TFDBM1","TWO FIETS DAIRY DIGESTER",0.8,"caiso_biomass","CISO","physical","biomass_wood"]
["RECTOR_7_TULARE","MM TULARE",1.5,"caiso_biomass","CISO","physical","biomass_wood"]
["REDBLF_6_UNIT","RED BLUFF PEAKER PLANT",44,"caiso_reciprocating_engine","CISO","physical","ice"]
["REDDING_POWER_1","NAN",17.03,"banc_peaker","BANC","physical","n/a"]
["REDDING_POWER_2","NAN",25.03,"banc_peaker","BANC","physical","n/a"]
["REDDING_POWER_3","NAN",25.03,"banc_peaker","BANC","physical","n/a"]
["REDDING_POWER_CC","NAN",121,"banc_ccgt","BANC","physical","n/a"]
["REDMAN_2_SOLAR","LANCASTER EAST AVENUE F",3.75,"caiso_solar","CISO","physical","utility_pv"]
["REDMAN_6_AVSSR1","ANTELOPE VALLEY SOLAR",3,"caiso_solar","CISO","physical","utility_pv"]
["REDOND_7_UNIT 5","REDONDO GEN STA. UNIT 5",178.87,"caiso_st","CISO","physical","steam"]
["REDOND_7_UNIT 6","REDONDO GEN STA. UNIT 6",175,"caiso_st","CISO","physical","steam"]
["REDOND_7_UNIT 8","REDONDO GEN STA. UNIT 8",480,"caiso_st","CISO","physical","steam"]
["REEDLY_6_SOLAR","TERZIAN",1.23,"caiso_solar","CISO","physical","utility_pv"]
["RENWD_1_QF","RENWIND RE-POWERING PROJECT",10,"caiso_wind","CISO","physical","in_state_wind"]
["RE_BR1_26960_1","NAN",61.1,"ldwp_solar","LADWP","physical","n/a"]
["RE_GASKELL_WEST_3","NAN",20,"caiso_solar","CISO","physical","utility_pv"]
["RE_GASKELL_WEST_4","NAN",20,"caiso_solar","CISO","physical","utility_pv"]
["RE_GASKELL_WEST_5","NAN",20,"caiso_solar","CISO","physical","utility_pv"]
["RICHMN_1_CHVSR2","CHEVRON 8.5",8.5,"caiso_solar","CISO","physical","utility_pv"]
["RICHMN_1_SOLAR","CHEVRON 2",2,"caiso_solar","CISO","physical","utility_pv"]
["RICHMN_7_BAYENV","BAY ENVIRONMENTAL (NOVE POWER)",2.5,"caiso_biomass","CISO","physical","biomass_wood"]
["RIOBRV_6_UNIT 1","RIO BRAVO HYDRO",14,"caiso_small_hydro","CISO","physical","small_hydro"]
["RIOOSO_1_QF","SMALL QF AGGREGATION - GRASS VALLEY",1.1100000000000001,"caiso_hydro","CISO","physical","hydro"]
["RIPON_1","NAN",50,"banc_peaker","BANC","physical","n/a"]
["RIPON_2","NAN",50,"banc_peaker","BANC","physical","n/a"]
["RNDMTN_2_SLSPHY1","SILVER SPRINGS",0.6,"caiso_hydro","CISO","physical","hydro"]
["RNDSBG_1_HZASR1","HAZEL A",2.99,"caiso_solar","CISO","physical","utility_pv"]
["ROCKWOOD_1","NAN",25,"iid_peaker","IID","physical","n/a"]
["ROCKWOOD_2","NAN",25,"iid_peaker","IID","physical","n/a"]
["ROLLIN_6_UNIT","ROLLINS HYDRO",13.5,"caiso_hydro","CISO","physical","hydro"]
["ROSEVILLE_1","NAN",25.6,"banc_peaker","BANC","physical","n/a"]
["ROSEVILLE_2","NAN",25.6,"banc_peaker","BANC","physical","n/a"]
["ROSMDW_2_WIND1","PACIFIC WIND - PHASE 1",140,"caiso_wind","CISO","physical","in_state_wind"]
["ROSMND_6_SOLAR","LANCASTER B",3,"caiso_solar","CISO","physical","utility_pv"]
["RSMSLR_6_SOLAR1","ROSAMOND ONE",20,"caiso_solar","CISO","physical","utility_pv"]
["RSMSLR_6_SOLAR2","ROSAMOND TWO",20,"caiso_solar","CISO","physical","utility_pv"]
["RTEDDY_2_SC1SR3","ROSAMOND WEST SOLAR CLEAN",40,"caiso_solar","CISO","physical","utility_pv"]
["RTEDDY_2_SEBSR3","ROSAMOND WEST SOLAR EAST BAY 3",56,"caiso_solar","CISO","physical","utility_pv"]
["RTEDDY_2_SEBSR4","ROSAMOND WEST SOLAR EAST BAY 4",56,"caiso_solar","CISO","physical","utility_pv"]
["RTEDDY_2_SOLAR1","ROSAMOND WEST SOLAR 1",54,"caiso_solar","CISO","physical","utility_pv"]
["RTEDDY_2_SOLAR2","ROSAMOND WEST SOLAR 2",54,"caiso_solar","CISO","physical","utility_pv"]
["RTEDDY_2_SPASR4","ROSAMOND WEST SOLAR PALO ALTO",26,"caiso_solar","CISO","physical","utility_pv"]
["RTEDDY_2_SRXSR4","ROSAMOND WEST SOLAR ROSIE X",13.6,"caiso_solar","CISO","physical","utility_pv"]
["RTREE_2_WIND1","RISING TREE 1",79.2,"caiso_wind","CISO","physical","in_state_wind"]
["RTREE_2_WIND2","RISING TREE 2",19.8,"caiso_wind","CISO","physical","in_state_wind"]
["RTREE_2_WIND3","RISING TREE 3",99,"caiso_wind","CISO","physical","in_state_wind"]
["RUSCTY_2_UNITS","RUSSELL CITY ENERGY CENTER",615.17999999999995,"caiso_ccgt2","CISO","physical","gas_cc"]
["RVRVEW_1_UNITA1","RIVERVIEW ENERGY CENTER (GP ANTIOCH)",47.6,"caiso_peaker2","CISO","physical","gas_ct"]
["RVSIDE_2_RERCU3","RIVERSIDE ENERGY RES. CTR UNIT 3",49,"caiso_peaker1","CISO","physical","gas_ct"]
["RVSIDE_2_RERCU4","RIVERSIDE ENERGY RES. CTR UNIT 4",49,"caiso_peaker1","CISO","physical","gas_ct"]
["RVSIDE_6_RERCU1","RIVERSIDE ENERGY RES. CTR UNIT 1",48.35,"caiso_peaker1","CISO","physical","gas_ct"]
["RVSIDE_6_RERCU2","RIVERSIDE ENERGY RES. CTR UNIT 2",48.5,"caiso_peaker2","CISO","physical","gas_ct"]
["RVSIDE_6_SOLAR1","TEQUESQUITE LANDFILL SOLAR PROJECT",7.5,"caiso_solar","CISO","physical","utility_pv"]
["RVSIDE_6_SPRING","SPRINGS GENERATION PROJECT AGGREGATE",36,"caiso_peaker1","CISO","physical","gas_ct"]
["SALIRV_2_UNIT","SALINAS RIVER COGENERATION",39,"caiso_chp","CISO","physical","cogen"]
["SALTON_SEA_4","NAN",42,"iid_geothermal","IID","physical","geothermal"]
["SALTON_SEA_5","NAN",50,"iid_geothermal","IID","physical","n/a"]
["SALTON_SEA_UNIT_2_G1","NAN",10,"iid_geothermal","IID","physical","n/a"]
["SALTON_SEA_UNIT_2_G2","NAN",5,"iid_geothermal","IID","physical","n/a"]
["SALTON_SEA_UNIT_2_G3","NAN",5,"iid_geothermal","IID","physical","n/a"]
["SALTSP_7_UNITS","SALT SPRINGS HYDRO AGGREGATE",46,"caiso_hydro","CISO","physical","hydro"]
["SAMPSN_6_KELCO1","KELCO QUALIFYING FACILITY",25,"caiso_chp","CISO","physical","cogen"]
["SANDHILLCWIND","NAN",80,"caiso_wind","CISO","physical","in_state_wind"]
["SANDLT_2_SUNITS","MOJAVE SOLAR",275,"caiso_solar","CISO","physical","utility_pv"]
["SANITR_6_UNITS","LACSD CARSON WATER POLLUTION AGGREGATE",8,"caiso_biogas","CISO","physical","biogas"]
["SANLOB_1_LNDFIL","COLD CANYON",1.5,"caiso_biomass","CISO","physical","biomass_wood"]
["SANLOB_1_OSFBM1","OLD SANTA FE ROAD",0.85,"caiso_biomass","CISO","physical","biomass_wood"]
["SANTA_BARBARA_COUNTY_PUBLIC_WORKS_DEPARTMENT","NAN",2.274,"caiso_biogas","CISO","physical","biogas"]
["SANTFG_7_UNITS","GEYSERS CALISTOGA AGGREGATE",72,"caiso_geothermal","CISO","physical","geothermal"]
["SANTGO_2_LNDFL1","BOWERMAN POWER",19.600000000000001,"caiso_biogas","CISO","physical","biogas"]
["SANTGO_2_MABBT1","MILLIKAN AVENUE BESS",2,"caiso_li_battery","CISO","physical","hr_batteries"]
["SANWD_1_QF","SAN GORGONIO FARMS WIND FARM",31,"caiso_wind","CISO","physical","in_state_wind"]
["SAUGUS_6_MWDFTH","FOOTHILL HYDROELECTRIC RECOVERY PLANT",9.1,"caiso_hydro","CISO","physical","hydro"]
["SAUGUS_6_QF","SAUGUS QFS",2.19,"caiso_hydro","CISO","physical","hydro"]
["SAUGUS_7_CHIQCN","CHIQUITA CANYON LANDFILL FAC",8,"caiso_biomass","CISO","physical","biomass_wood"]
["SAUGUS_7_LOPEZ","MM LOPEZ ENERGY",6.1,"caiso_biomass","CISO","physical","biomass_wood"]
["SBERDO_2_PSP3","MOUNTAINVIEW GEN STA. UNIT 3",555,"caiso_ccgt1","CISO","physical","gas_cc"]
["SBERDO_2_PSP4","MOUNTAINVIEW GEN STA. UNIT 4",555,"caiso_ccgt1","CISO","physical","gas_cc"]
["SBERDO_2_QF","NAN",10.6,"caiso_chp","CISO","physical","cogen"]
["SBERDO_2_REDLND","REDLANDS RT SOLAR",2,"caiso_solar","CISO","physical","utility_pv"]
["SBERDO_2_RTS005","SPVP005 REDLANDS RT SOLAR",2.5,"caiso_solar","CISO","physical","utility_pv"]
["SBERDO_2_RTS007","SPVP007 REDLANDS RT SOLAR",2.5,"caiso_solar","CISO","physical","utility_pv"]
["SBERDO_2_RTS011","SPVP011",3.5,"caiso_solar","CISO","physical","utility_pv"]
["SBERDO_2_RTS013","SPVP013",3.5,"caiso_solar","CISO","physical","utility_pv"]
["SBERDO_2_RTS016","SPVP016 REDLANDS RT SOLAR",1.5,"caiso_solar","CISO","physical","utility_pv"]
["SBERDO_2_RTS048","SPVP048",5,"caiso_solar","CISO","physical","utility_pv"]
["SBERDO_2_SNTANA","SANTA ANA PSP",6.95,"caiso_small_hydro","CISO","physical","small_hydro"]
["SBERDO_6_MILLCK","MILL CREEK PSP",3.93,"caiso_small_hydro","CISO","physical","small_hydro"]
["SCACOGEN2GT","NAN",49,"banc_peaker","BANC","physical","n/a"]
["SCACOGEN2_CC","NAN",65.599999999999994,"banc_ccgt","BANC","physical","n/a"]
["SCATTERGOOD_1","NAN",174,"ldwp_st","LADWP","physical","n/a"]
["SCATTERGOOD_2","NAN",177,"ldwp_st","LADWP","physical","n/a"]
["SCATTERGOOD_4","NAN",300,"ldwp_peaker","LADWP","physical","n/a"]
["SCATTERGOOD_5","NAN",100,"ldwp_peaker","LADWP","physical","n/a"]
["SCATTERGOOD_6","NAN",89,"ldwp_peaker","LADWP","physical","n/a"]
["SCATTERGOOD_7","NAN",89,"ldwp_peaker","LADWP","physical","n/a"]
["SCEC_1_PDRP100","SCEC_1_PDRP100",0.99,"caiso_loadmod","CISO","physical","demand_response"]
["SCEC_1_PDRP101","SCEC_1_PDRP101",0.99,"caiso_loadmod","CISO","physical","demand_response"]
["SCEC_1_PDRP102","SCEC_1_PDRP102",0.99,"caiso_loadmod","CISO","physical","demand_response"]
["SCEC_1_PDRP103","SCEC_1_PDRP103",0.99,"caiso_loadmod","CISO","physical","demand_response"]
["SCEC_1_PDRP104","SCEC_1_PDRP104",0.99,"caiso_loadmod","CISO","physical","demand_response"]
["SCEC_1_PDRP105","SCEC_1_PDRP105",0.99,"caiso_loadmod","CISO","physical","demand_response"]
["SCEC_1_PDRP106","SCEC_1_PDRP106",0.99,"caiso_loadmod","CISO","physical","demand_response"]
["SCEC_1_PDRP107","SCEC_1_PDRP107",9.99,"caiso_loadmod","CISO","physical","demand_response"]
["SCEC_1_PDRP108","SCEC_1_PDRP108",9.99,"caiso_loadmod","CISO","physical","demand_response"]
["SCEC_1_PDRP109","SCEC_1_PDRP109",9.99,"caiso_loadmod","CISO","physical","demand_response"]
["SCEC_1_PDRP110","SCEC_1_PDRP110",9.99,"caiso_loadmod","CISO","physical","demand_response"]
["SCEC_1_PDRP111","SCEC_1_PDRP111",0.99,"caiso_loadmod","CISO","physical","demand_response"]
["SCEC_1_PDRP113","SCEC_1_PDRP113",0.99,"caiso_loadmod","CISO","physical","demand_response"]
["SCEC_1_PDRP114","SCEC_1_PDRP114",0.99,"caiso_loadmod","CISO","physical","demand_response"]
["SCEC_1_PDRP115","SCEC_1_PDRP115",0.99,"caiso_loadmod","CISO","physical","demand_response"]
["SCEC_1_PDRP116","SCEC_1_PDRP116",0.99,"caiso_loadmod","CISO","physical","demand_response"]
["SCEC_1_PDRP117","SCEC_1_PDRP117",0.99,"caiso_loadmod","CISO","physical","demand_response"]
["SCEC_1_PDRP118","SCEC_1_PDRP118",0.99,"caiso_loadmod","CISO","physical","demand_response"]
["SCEC_1_PDRP119","SCEC_1_PDRP119",0.99,"caiso_loadmod","CISO","physical","demand_response"]
["SCEC_1_PDRP122","SCEC_1_PDRP122",0.99,"caiso_loadmod","CISO","physical","demand_response"]
["SCEC_1_PDRP124","LCR AMS HYBRID WEST LA 1-C-LCRLL",1.56,"caiso_loadmod","CISO","physical","demand_response"]
["SCEC_1_PDRP127","SCEC_1_PDRP127",0.99,"caiso_loadmod","CISO","physical","demand_response"]
["SCEC_1_PDRP129","SCEC_1_PDRP129",0.99,"caiso_loadmod","CISO","physical","demand_response"]
["SCEC_1_PDRP130","SCEC_1_PDRP130",0.99,"caiso_loadmod","CISO","physical","demand_response"]
["SCEC_1_PDRP132","SCEC_1_PDRP132",0.99,"caiso_loadmod","CISO","physical","demand_response"]
["SCEC_1_PDRP134","SCEC_1_PDRP134",0.99,"caiso_loadmod","CISO","physical","demand_response"]
["SCEC_1_PDRP136","SCEC_1_PDRP136",0.99,"caiso_loadmod","CISO","physical","demand_response"]
["SCEC_1_PDRP137","SCEC_1_PDRP137",0.99,"caiso_loadmod","CISO","physical","demand_response"]
["SCEC_1_PDRP138","SCEC_1_PDRP138",0.99,"caiso_loadmod","CISO","physical","demand_response"]
["SCEC_1_PDRP140","SCEC_1_PDRP140",0.99,"caiso_loadmod","CISO","physical","demand_response"]
["SCEC_1_PDRP141","SCEC_1_PDRP141",0.99,"caiso_loadmod","CISO","physical","demand_response"]
["SCEC_1_PDRP142","SCEC_1_PDRP142",0.99,"caiso_loadmod","CISO","physical","demand_response"]
["SCEC_1_PDRP143","SCEC_1_PDRP143",0.99,"caiso_loadmod","CISO","physical","demand_response"]
["SCEC_1_PDRP144","SCEC_1_PDRP144",0.99,"caiso_loadmod","CISO","physical","demand_response"]
["SCEC_1_PDRP145","SCEC_1_PDRP145",0.99,"caiso_loadmod","CISO","physical","demand_response"]
["SCEC_1_PDRP146","SCEC_1_PDRP146",0.99,"caiso_loadmod","CISO","physical","demand_response"]
["SCEC_1_PDRP147","SCEC_1_PDRP147",0.99,"caiso_loadmod","CISO","physical","demand_response"]
["SCEC_1_PDRP148","SCEC_1_PDRP148",0.99,"caiso_loadmod","CISO","physical","demand_response"]
["SCEC_1_PDRP149","SCEC_1_PDRP149",0.99,"caiso_loadmod","CISO","physical","demand_response"]
["SCEC_1_PDRP150","SCEC_1_PDRP150",0.99,"caiso_loadmod","CISO","physical","demand_response"]
["SCEC_1_PDRP151","SCEC_1_PDRP151",0.99,"caiso_loadmod","CISO","physical","demand_response"]
["SCEC_1_PDRP152","SCEC_1_PDRP152",0.99,"caiso_loadmod","CISO","physical","demand_response"]
["SCEC_1_PDRP153","SCEC_1_PDRP153",0.99,"caiso_loadmod","CISO","physical","demand_response"]
["SCEC_1_PDRP160","SCEC_1_PDRP160",9.99,"caiso_loadmod","CISO","physical","demand_response"]
["SCEC_1_PDRP161","SCEC_1_PDRP161",9.99,"caiso_loadmod","CISO","physical","demand_response"]
["SCEC_1_PDRP162","SCEC_1_PDRP162",9.99,"caiso_loadmod","CISO","physical","demand_response"]
["SCEC_1_PDRP163","SCEC_1_PDRP163",9.99,"caiso_loadmod","CISO","physical","demand_response"]
["SCEC_1_PDRP171","IEUA BATTERY ENERGY STORAGE SYSTEM",1,"caiso_loadmod","CISO","physical","demand_response"]
["SCEC_1_PDRP172","LCR AMS HYBRID WEST LA 1-C-LSCE",0.52,"caiso_loadmod","CISO","physical","demand_response"]
["SCEC_1_PDRP173","LCR AMS HYBRID WEST LA 2-C-LSCE",1.97,"caiso_loadmod","CISO","physical","demand_response"]
["SCEC_1_PDRP175","VLTS_PDR_SCEC_01",9.9499999999999993,"caiso_loadmod","CISO","physical","demand_response"]
["SCEC_1_PDRP176","VLTS_PDR_SCEC_02",7.5,"caiso_loadmod","CISO","physical","demand_response"]
["SCEC_1_PDRP178","SCEC_1_PDRP178",0.99,"caiso_loadmod","CISO","physical","demand_response"]
["SCEC_1_PDRP179","SCEC_1_PDRP179",0.99,"caiso_loadmod","CISO","physical","demand_response"]
["SCEC_1_PDRP180","PDR-F SCEC",5.18,"caiso_loadmod","CISO","physical","demand_response"]
["SCEC_1_PDRP181","SCEC_1_PDRP181",0.99,"caiso_loadmod","CISO","physical","demand_response"]
["SCEC_1_PDRP182","SCEC",0.1,"caiso_loadmod","CISO","physical","demand_response"]
["SCEC_1_PDRP185","VLTS_PDR_SCEC_03",7.5,"caiso_loadmod","CISO","physical","demand_response"]
["SCEHOV_2_HOOVER","SCEHOV_2_HOOVER",287.01,"caiso_pumped_hydro","WALC","specifiedimport","12hr_pumped_storage"]
["SCEN_6_PDRP101","SCEN_6_PDRP101",0.99,"caiso_loadmod","CISO","physical","demand_response"]
["SCEW_2_PDRP100","SCEW_2_PDRP100",0.99,"caiso_loadmod","CISO","physical","demand_response"]
["SCEW_2_PDRP101","SCEW_2_PDRP101",0.99,"caiso_loadmod","CISO","physical","demand_response"]
["SCEW_2_PDRP102","SCEW_2_PDRP102",0.99,"caiso_loadmod","CISO","physical","demand_response"]
["SCEW_2_PDRP103","SCEW_2_PDRP103",0.99,"caiso_loadmod","CISO","physical","demand_response"]
["SCEW_2_PDRP104","SCEW_2_PDRP104",0.99,"caiso_loadmod","CISO","physical","demand_response"]
["SCEW_2_PDRP105","SCEW_2_PDRP105",0.99,"caiso_loadmod","CISO","physical","demand_response"]
["SCEW_2_PDRP106","SCEW_2_PDRP106",9.99,"caiso_loadmod","CISO","physical","demand_response"]
["SCEW_2_PDRP107","SCEW_2_PDRP107",0.99,"caiso_loadmod","CISO","physical","demand_response"]
["SCEW_2_PDRP108","SCEW_2_PDRP108",0.99,"caiso_loadmod","CISO","physical","demand_response"]
["SCEW_2_PDRP109","SCEW_2_PDRP109",0.99,"caiso_loadmod","CISO","physical","demand_response"]
["SCEW_2_PDRP110","SCEW_2_PDRP110",0.99,"caiso_loadmod","CISO","physical","demand_response"]
["SCEW_2_PDRP111","SCEW_2_PDRP111",0.99,"caiso_loadmod","CISO","physical","demand_response"]
["SCEW_2_PDRP112","SCEW_2_PDRP112",0.99,"caiso_loadmod","CISO","physical","demand_response"]
["SCEW_2_PDRP114","LCR AMS HYBRID WEST LA 1-W-SCE",18.71,"caiso_loadmod","CISO","physical","demand_response"]
["SCEW_2_PDRP115","LCR AMS HYBRID WEST LA 1-W-LCRLL",3.5,"caiso_loadmod","CISO","physical","demand_response"]
["SCEW_2_PDRP117","SCEW_2_PDRP117",0.99,"caiso_loadmod","CISO","physical","demand_response"]
["SCEW_2_PDRP120","SCEW_2_PDRP120",0.99,"caiso_loadmod","CISO","physical","demand_response"]
["SCEW_2_PDRP121","SCEW_2_PDRP121",0.99,"caiso_loadmod","CISO","physical","demand_response"]
["SCEW_2_PDRP122","SCEW_2_PDRP122",9.99,"caiso_loadmod","CISO","physical","demand_response"]
["SCEW_2_PDRP123","SCEW_2_PDRP123",9.99,"caiso_loadmod","CISO","physical","demand_response"]
["SCEW_2_PDRP124","SCEW_2_PDRP124",0.99,"caiso_loadmod","CISO","physical","demand_response"]
["SCEW_2_PDRP130","SCEW_2_PDRP130",0.99,"caiso_loadmod","CISO","physical","demand_response"]
["SCEW_2_PDRP131","SCEW_2_PDRP131",0.99,"caiso_loadmod","CISO","physical","demand_response"]
["SCEW_2_PDRP133","SCEW_2_PDRP133",0.99,"caiso_loadmod","CISO","physical","demand_response"]
["SCEW_2_PDRP158","LCR AMS HYBRID WEST LA 1-W-LCEM1",0.26,"caiso_loadmod","CISO","physical","demand_response"]
["SCEW_2_PDRP159","LCR AMS HYBRID WEST LA 1-W-LNEI1",1.45,"caiso_loadmod","CISO","physical","demand_response"]
["SCEW_2_PDRP160","LCR AMS HYBRID WEST LA 2-W-LSCE",7.82,"caiso_loadmod","CISO","physical","demand_response"]
["SCEW_2_PDRP161","LCR AMS HYBRID WEST LA 2-W-LCRLL",0.23,"caiso_loadmod","CISO","physical","demand_response"]
["SCEW_2_PDRP162","LCR AMS HYBRID WEST LA 2-W-LNEI1",0.24,"caiso_loadmod","CISO","physical","demand_response"]
["SCEW_2_PDRP163","LCR AMS HYBRID WEST LA 2-W-LPIPO",2.64,"caiso_loadmod","CISO","physical","demand_response"]
["SCEW_2_PDRP164","LCR AMS HYBRID WEST LA 2-W-LLACC",0.45,"caiso_loadmod","CISO","physical","demand_response"]
["SCEW_2_PDRP167","LCR AMS HYBRID WEST LA 1-W-2-SCE",9.0500000000000007,"caiso_loadmod","CISO","physical","demand_response"]
["SCEW_2_PDRP168","VLTS_PDR_SCEW_01",6.5,"caiso_loadmod","CISO","physical","demand_response"]
["SCEW_2_PDRP169","LCR AMS HYBRID WEST LA 1-C-LUCOP",1.8,"caiso_loadmod","CISO","physical","demand_response"]
["SCEW_2_PDRP170","PDR-F SCEW",2.48,"caiso_loadmod","CISO","physical","demand_response"]
["SCEW_2_PDRP171","SCEW_2_PDRP171",0.99,"caiso_loadmod","CISO","physical","demand_response"]
["SCEW_2_PDRP172","SCEW_2_PDRP172",0.99,"caiso_loadmod","CISO","physical","demand_response"]
["SCEW_2_PDRP173","SCEW_2_PDRP173",0.99,"caiso_loadmod","CISO","physical","demand_response"]
["SCEW_2_PDRP174","SCEW_2_PDRP174",0.99,"caiso_loadmod","CISO","physical","demand_response"]
["SCEW_2_PDRP175","SCEW_2_PDRP175",0.99,"caiso_loadmod","CISO","physical","demand_response"]
["SCEW_2_PDRP177","VLTS_PDR_SCEW_02",9.9,"caiso_loadmod","CISO","physical","demand_response"]
["SCE_AP_I","NAN",19,"caiso_loadmod","CISO","physical","demand_response"]
["SCE_BIP_15","NAN",212,"caiso_loadmod","CISO","physical","demand_response"]
["SCE_BIP_30","NAN",606,"caiso_loadmod","CISO","physical","demand_response"]
["SCE_CBP_DA","NAN",0.1,"caiso_loadmod","CISO","physical","demand_response"]
["SCE_CBP_DO","NAN",1,"caiso_loadmod","CISO","physical","demand_response"]
["SCE_SDP_COMM","NAN",3,"caiso_loadmod","CISO","physical","demand_response"]
["SCE_SDP_RESD","NAN",1,"caiso_loadmod","CISO","physical","demand_response"]
["SCHLTE_1_PL1X3","TRACY COMBINED CYCLE POWER PLANT",336.04,"caiso_ccgt2","CISO","physical","gas_cc"]
["SCHNDR_1_FIVPTS","FIVE POINTS SOLAR STATION",15,"caiso_solar","CISO","physical","utility_pv"]
["SCHNDR_1_OS2BM2","OPEN SKY DIGESTER GENSET 2",0.8,"caiso_biogas","CISO","physical","biogas"]
["SCHNDR_1_WSTSDE","WESTSIDE SOLAR STATION",15,"caiso_solar","CISO","physical","utility_pv"]
["SDG1_1_PDRP100","SDG1_1_PDRP100",0.99,"caiso_loadmod","CISO","physical","demand_response"]
["SDG1_1_PDRP101","SDG1_1_PDRP101",0.99,"caiso_loadmod","CISO","physical","demand_response"]
["SDG1_1_PDRP102","SDG1_1_PDRP102",0.99,"caiso_loadmod","CISO","physical","demand_response"]
["SDG1_1_PDRP103","SDG1_1_PDRP103",0.99,"caiso_loadmod","CISO","physical","demand_response"]
["SDG1_1_PDRP105","SDG1_1_PDRP105",0.99,"caiso_loadmod","CISO","physical","demand_response"]
["SDG1_1_PDRP106","SDG1_1_PDRP106",9.99,"caiso_loadmod","CISO","physical","demand_response"]
["SDG1_1_PDRP107","ACSDA-RES-2021-4_05",1.4,"caiso_loadmod","CISO","physical","demand_response"]
["SDG1_1_PDRP110","PDR-E SDG1 1",4.5,"caiso_loadmod","CISO","physical","demand_response"]
["SDGEAC_SAVER_DA_COMM","NAN",0.1,"caiso_loadmod","CISO","physical","demand_response"]
["SDGEAC_SAVER_DA_RES","NAN",0.1,"caiso_loadmod","CISO","physical","demand_response"]
["SDGEAC_SAVER_DO_COMM","NAN",0.1,"caiso_loadmod","CISO","physical","demand_response"]
["SDGEAC_SAVER_DO_RES","NAN",0.1,"caiso_loadmod","CISO","physical","demand_response"]
["SDGE_BIP","NAN",2,"caiso_loadmod","CISO","physical","demand_response"]
["SDGE_CBP_DA","NAN",0.1,"caiso_loadmod","CISO","physical","demand_response"]
["SDGE_CBP_DO","NAN",0.1,"caiso_loadmod","CISO","physical","demand_response"]
["SDGE_SUMMER_SAVER_COM","NAN",0.1,"caiso_loadmod","CISO","physical","demand_response"]
["SDGE_SUMM_SAV_RESD","NAN",0.1,"caiso_loadmod","CISO","physical","demand_response"]
["SDSU_GEN","NAN",7,"iid_solar","IID","physical","n/a"]
["SEARLS_7_ARGUS","ARGUS COGENERATION",19,"caiso_chp","CISO","physical","cogen"]
["SECOND_IMPERIAL01_12","NAN",33,"iid_geothermal","IID","physical","n/a"]
["SEGS_1_SR2SL2","SUNRAY 2",20,"caiso_solar","CISO","physical","utility_pv"]
["SENTNL_2_CTG1","SENTINEL UNIT 1",107.68,"caiso_peaker1","CISO","physical","gas_ct"]
["SENTNL_2_CTG2","SENTINEL UNIT 2",102.5,"caiso_peaker1","CISO","physical","gas_ct"]
["SENTNL_2_CTG3","SENTINEL UNIT 3",105.69,"caiso_peaker1","CISO","physical","gas_ct"]
["SENTNL_2_CTG4","SENTINEL UNIT 4",106.55,"caiso_peaker1","CISO","physical","gas_ct"]
["SENTNL_2_CTG5","SENTINEL UNIT 5",107.52,"caiso_peaker1","CISO","physical","gas_ct"]
["SENTNL_2_CTG6","SENTINEL UNIT 6",105,"caiso_peaker1","CISO","physical","gas_ct"]
["SENTNL_2_CTG7","SENTINEL UNIT 7",106.73,"caiso_peaker1","CISO","physical","gas_ct"]
["SENTNL_2_CTG8","SENTINEL UNIT 8",106.85,"caiso_peaker1","CISO","physical","gas_ct"]
["SEPV_BOULEVARD_2","NAN",2.9,"caiso_solar","CISO","physical","utility_pv"]
["SEVILLE_2","NAN",32.5,"iid_solar","IID","physical","n/a"]
["SGREGY_6_SANGER","ALGONQUIN POWER SANGER 2",48.3,"caiso_chp","CISO","physical","cogen"]
["SHANDN_2_SBBBM1","SAN BERNARDINO BIOGAS",2.6,"caiso_biomass","CISO","physical","biomass_wood"]
["SHEEP_CREEK_ROAD_SOLAR_GENERATION_FACILITY_PROJECT","NAN",3,"caiso_solar","CISO","physical","utility_pv"]
["SHELRF_1_UNITS","SHELL OIL REFINERY AGGREGATE",100,"caiso_peaker2","CISO","physical","gas_ct"]
["SHUTLE_6_CREST","NAN",4,"caiso_solar","CISO","physical","utility_pv"]
["SIERRA_1_UNITS","HIGH SIERRA LIMITED",52.43,"caiso_peaker2","CISO","physical","gas_ct"]
["SISQUC_1_SMARIA","SANTA MARIA II LFG POWER PLANT",1.42,"caiso_biomass","CISO","physical","biomass_wood"]
["SKERN_6_SOLAR1","SOUTH KERN SOLAR PV PLANT",20,"caiso_solar","CISO","physical","utility_pv"]
["SKERN_6_SOLAR2","SKIC SOLAR",10,"caiso_solar","CISO","physical","utility_pv"]
["SLATESTORAGE","NAN",45,"caiso_li_battery","CISO","physical","hr_batteries"]
["SLATE_1_2","NAN",150,"caiso_solar","CISO","physical","utility_pv"]
["SLATE_STANFORD","NAN",63,"caiso_solar","CISO","physical","utility_pv"]
["SLRMS3_2_SRMSR1","SILVER RIDGE MOUNT SIGNAL 3",250,"caiso_solar","CISO","physical","utility_pv"]
["SLST13_2_SOLAR1","QUINTO SOLAR PV PROJECT",107.6,"caiso_solar","CISO","physical","utility_pv"]
["SLSTR1_2_SOLAR1","SOLAR STAR 1",310,"caiso_solar","CISO","physical","utility_pv"]
["SLSTR2_2_SOLAR2","SOLAR STAR 2",276,"caiso_solar","CISO","physical","utility_pv"]
["SLUISP_2_UNITS","SAN LUIS (GIANELLI) PUMP-GEN (AGGREGATE)",374.43,"caiso_pumped_hydro","CISO","physical","12hr_pumped_storage"]
["SLYCRK_1_UNIT 1","SLY CREEK HYDRO",13,"caiso_hydro","CISO","physical","hydro"]
["SMPRIP_1_SMPSON","RIPON COGENERATION UNIT 1",46.05,"caiso_peaker1","CISO","physical","gas_ct"]
["SMRCOS_6_LNDFIL","SAN MARCOS ENERGY",1.5,"caiso_biomass","CISO","physical","biomass_wood"]
["SMUDGO_7_UNIT 1","SONOMA POWER PLANT",64.8,"caiso_geothermal","CISO","physical","geothermal"]
["SMYRNA_1_DL1SR1","DELANO LAND 1",1,"caiso_solar","CISO","physical","utility_pv"]
["SNCLRA_2_HOWLNG","HOUWELINGS NURSERIES OXNARD, INC",13,"caiso_biomass","CISO","physical","biomass_wood"]
["SNCLRA_2_SILBT1","SILVERSTRAND BESS",11,"caiso_li_battery","CISO","physical","hr_batteries"]
["SNCLRA_2_SPRHYD","SPRINGVILLE HYDROELECTRIC GENERATOR",1,"caiso_hydro","CISO","physical","hydro"]
["SNCLRA_2_UNIT","CHANNEL ISLANDS POWER",27.5,"caiso_chp","CISO","physical","cogen"]
["SNCLRA_2_UNIT1","NEW INDY OXNARD",27.8,"caiso_chp","CISO","physical","cogen"]
["SNCLRA_2_VESBT1","VENTURA ENERGY STORAGE",100,"caiso_li_battery","CISO","physical","hr_batteries"]
["SNCLRA_6_OXGEN","OXGEN",47.7,"caiso_chp","CISO","physical","cogen"]
["SNCLRA_6_PROCGN","PROCTER AND GAMBLE OXNARD 2",47.9,"caiso_chp","CISO","physical","cogen"]
["SNCLRA_6_QF","SANTA CLARA QFS",1.65,"caiso_small_hydro","CISO","physical","small_hydro"]
["SNDBAR_7_UNIT 1","SANDBAR",16.2,"caiso_small_hydro","CISO","physical","small_hydro"]
["SNMALF_6_UNITS","SONOMA COUNTY LANDFILL",5,"caiso_biomass","CISO","physical","biomass_wood"]
["SNORA_2_SNRSLR","SG SORRENTO",50,"iid_solar","IID","specifiedimport","utility_pv"]
["SOL_GEN","NAN",20,"iid_solar","IID","physical","n/a"]
["SOUTH_2_UNIT","SOUTH HYDRO",7.1,"caiso_hydro","CISO","physical","hydro"]
["SPANSH_6_FBEHY1","FIVE BEARS HYDROELECTRIC",0.99,"caiso_small_hydro","CISO","physical","small_hydro"]
["SPAULD_6_UNIT 3","SPAULDING HYDRO PH 3 UNIT",6.5,"caiso_small_hydro","CISO","physical","small_hydro"]
["SPAULD_6_UNIT12","SPAULDING HYDRO PH 1 & 2 AGGREGATE",11.4,"caiso_hydro","CISO","physical","hydro"]
["SPA_COGEN_3_CC","NAN",157,"banc_ccgt","BANC","physical","n/a"]
["SPBURN_2_UNIT 1","BURNEY BIOMASS",22,"caiso_biomass","CISO","physical","biomass_wood"]
["SPBURN_7_SNOWMT","BURNEY CREEK HYDRO",3,"caiso_hydro","CISO","physical","hydro"]
["SPI LI_2_UNIT 1","LINCOLN BIOMASS",17.2,"caiso_biomass","CISO","physical","biomass_wood"]
["SPIAND_1_ANDSN2","SPI ANDERSON 2",27.15,"caiso_biomass","CISO","physical","biomass_wood"]
["SPICER_1_UNITS","SPICER HYDRO UNITS 1-3 AGGREGATE",6,"caiso_hydro","CISO","physical","hydro"]
["SPIFBD_1_PL1X2","SIERRA PACIFIC IND. (SONORA)",7.5,"caiso_biomass","CISO","physical","biomass_wood"]
["SPOINT_2_MEADDYN","SPOINT_2_MEADDYN",325,"iid_ccgt","WALC","specifiedimport","n/a"]
["SPOINT_2_PARKERDYN","SOUTHPOINT ENERGY CENTER",200,"iid_ccgt","WALC","specifiedimport","n/a"]
["SPQUIN_6_SRPCQU","QUINCY BIOMASS",24,"caiso_biomass","CISO","physical","biomass_wood"]
["SPRGAP_1_UNIT 1","SPRING GAP HYDRO",7,"caiso_small_hydro","CISO","physical","small_hydro"]
["SPRGVL_2_CREST","NAN",14,"caiso_solar","CISO","physical","utility_pv"]
["SPRGVL_2_EXETPV","EXETER TULARE PV",3.5,"caiso_solar","CISO","physical","utility_pv"]
["SPRGVL_2_LINDPV","LINDSAY TULARE PV",4,"caiso_solar","CISO","physical","utility_pv"]
["SPRGVL_2_PORTPV","PORTERVILLE TULARE PV",3.5,"caiso_solar","CISO","physical","utility_pv"]
["SPRGVL_2_QF","SPRINGVILLE QFS",0.18,"caiso_small_hydro","CISO","physical","small_hydro"]
["SPRGVL_2_TULE","TULE RIVER HYDRO PLANT (PG&E)",6.4,"caiso_small_hydro","CISO","physical","small_hydro"]
["SPRGVL_2_TULESC","TULE RIVER HYDRO PLANT (SCE)",2.5,"caiso_small_hydro","CISO","physical","small_hydro"]
["SPRINGBOK_1","NAN",108,"ldwp_solar","LADWP","physical","n/a"]
["SPRINGBOK_2","NAN",165,"ldwp_solar","LADWP","physical","n/a"]
["SPRINGBOK_3","NAN",90,"ldwp_solar","LADWP","physical","n/a"]
["SRINTL_6_UNIT","SRI INTERNATIONAL",6.9,"caiso_chp","CISO","physical","cogen"]
["STANIS_7_UNIT 1","STANISLAUS HYDRO",91,"caiso_hydro","CISO","physical","hydro"]
["STANTN_2_STAGT1","STANTON 1",49.65,"caiso_peaker1","CISO","physical","gas_ct"]
["STANTN_2_STAGT2","STANTON 2",49.65,"caiso_peaker1","CISO","physical","gas_ct"]
["STAUFF_1_UNIT","NAN",4.5999999999999996,"caiso_chp","CISO","physical","cogen"]
["STIGCT_2_LODI","LODI STIG UNIT",49.9,"caiso_peaker2","CISO","physical","gas_ct"]
["STNRES_1_UNIT","COVANTA STANISLAUS",19.899999999999999,"caiso_biomass","CISO","physical","biomass_wood"]
["STOILS_1_UNITS","CHEVRON RICHMOND REFINERY",56.2,"caiso_chp","CISO","physical","cogen"]
["STOREY_2_MDRCH2","MADERA CHOWCHILLA 2",0.56000000000000005,"caiso_small_hydro","CISO","physical","small_hydro"]
["STOREY_2_MDRCH3","MADERA CHOWCHILLA 3",0.42,"caiso_small_hydro","CISO","physical","small_hydro"]
["STOREY_2_MDRCH4","MADERA CHOWCHILLA 4",0.92,"caiso_small_hydro","CISO","physical","small_hydro"]
["STOREY_7_MDRCHW","MADERA CANAL SITE 980",1.84,"caiso_hydro","CISO","physical","hydro"]
["STRAUSSWIND","NAN",99,"caiso_wind","CISO","physical","in_state_wind"]
["STROUD_6_SOLAR","STROUD SOLAR STATION",20,"caiso_solar","CISO","physical","utility_pv"]
["STROUD_6_WWHSR1","WINTER WHEAT SOLAR FARM",1.5,"caiso_solar","CISO","physical","utility_pv"]
["SUMMITWIND","NAN",56.2,"caiso_wind","CISO","physical","in_state_wind"]
["SUMWHT_6_SWSSR1","SUMMER WHEAT SOLAR FARM",18.5,"caiso_solar","CISO","physical","utility_pv"]
["SUNPEAK_IID","NAN",23,"iid_solar","IID","physical","n/a"]
["SUNRIS_2_PL1X3","SUNRISE POWER PROJECT AGGREGATE II",586.02,"caiso_ccgt1","CISO","physical","gas_cc"]
["SUNSET_2_UNITS","MIDWAY SUNSET COGENERATION PLANT",248,"caiso_peaker1","CISO","physical","gas_ct"]
["SUNSHN_2_LNDFL","SUNSHINE GAS PRODUCERS",20,"caiso_biomass","CISO","physical","biomass_wood"]
["SUNSLR_1_SSVSR1","SUNSHINE VALLEY SOLAR 1",100,"caiso_solar","CISO","physical","utility_pv"]
["SUNSPT_2_WNASR1","WINDHUB SOLAR A",20,"caiso_solar","CISO","physical","utility_pv"]
["SUNST2_5_SS2SR1","SUN STREAMS SOLAR 2",150,"caiso_solar","CISO","physical","utility_pv"]
["SUNSTR_5_SS1SCEDYN","SUNSTREAM SOLAR 1",150,"iid_solar","AZPS","specifiedimport","n/a"]
["SUN_EDISON_VICTORVILLE_SOLAR","NAN",10,"caiso_solar","CISO","physical","utility_pv"]
["SUTTERENERGYCC_TOTAL","NAN",250,"banc_ccgt","BANC","physical","n/a"]
["SUTTER_2_CISO","SUTTER POWER PLANT PSEUDO-CISO",275,"caiso_ccgt1","BANC","specifiedimport","gas_cc"]
["SWIFT_1_NAS","YERBA BUENA BATTERY",4.8,"caiso_li_battery","CISO","physical","hr_batteries"]
["SYCAMR_2_UNIT 1","SYCAMORE COGENERATION UNIT 1",86,"caiso_chp","CISO","physical","cogen"]
["SYCAMR_2_UNIT 2","SYCAMORE COGENERATION UNIT 2",78,"caiso_peaker1","CISO","physical","gas_ct"]
["SYCAMR_2_UNIT 3","SYCAMORE COGENERATION UNIT 3",78,"caiso_chp","CISO","physical","cogen"]
["SYCAMR_2_UNIT 4","SYCAMORE COGENERATION UNIT 4",78,"caiso_peaker1","CISO","physical","gas_ct"]
["S_RITA_6_SOLAR1","SUN HARVEST SOLAR",1.5,"caiso_solar","CISO","physical","utility_pv"]
["TANHIL_6_SOLART","BERRY COGEN 18",17,"caiso_chp","CISO","physical","cogen"]
["TBLMTN_6_QF","SMALL QF AGGREGATION - PARADISE",1.7,"caiso_hydro","CISO","physical","hydro"]
["TEHAPI_2_PW1WD1","POINT WIND 1",47.49,"caiso_wind","CISO","physical","in_state_wind"]
["TEHAPI_2_PW2WD2","POINT WIND 2",14.4,"caiso_wind","CISO","physical","in_state_wind"]
["TEHAPI_2_WIND1","WIND WALL MONOLITH 1",19.850000000000001,"caiso_wind","CISO","physical","in_state_wind"]
["TEHAPI_2_WIND2","WIND WALL MONOLITH 2",23.66,"caiso_wind","CISO","physical","in_state_wind"]
["TENGEN_2_PL1X2","BERRY COGEN 42",40.200000000000003,"caiso_chp","CISO","physical","cogen"]
["TERMEX_2_PL1X3","TDM",625,"caiso_ccgt1","CISO","physical","gas_cc"]
["TESLA_1_QF","SMALL QF AGGREGATION - STOCKTON",2,"caiso_hydro","CISO","physical","hydro"]
["THERMONO1_2","NAN",14,"caiso_geothermal","CISO","physical","geothermal"]
["THREE_MILE_CANYON","NAN",9.9,"caiso_wind","CISO","physical","in_state_wind"]
["TIDWTR_2_UNITS","MARTINEZ COGEN LIMITED PARTNERSHIP",114.8,"caiso_chp","CISO","physical","cogen"]
["TIERRA_DEL_SOL__SOLAR_FARM","NAN",45,"iid_solar","IID","physical","utility_pv"]
["TIFFNY_1_DILLON","TIFFNY_1_DILLON",45,"caiso_wind","CISO","physical","in_state_wind"]
["TIGRCK_7_UNITS","TIGER CREEK HYDRO AGGREGATE",62,"caiso_hydro","CISO","physical","hydro"]
["TITANS_2_TTSSR1","TITAN SOLAR 1 PSEUDO",70,"caiso_solar","IID","specifiedimport","utility_pv"]
["TKOPWR_6_HYDRO","BEAR CREEK HYDROELECTRIC PROJECT",2.83,"caiso_small_hydro","CISO","physical","small_hydro"]
["TMPLTN_2_SOLAR","VINTNER SOLAR",1.5,"caiso_solar","CISO","physical","utility_pv"]
["TOADTW_6_UNIT","TOAD TOWN",1.5,"caiso_small_hydro","CISO","physical","small_hydro"]
["TOPAZ_2_SOLAR","TOPAZ SOLAR FARMS",550,"caiso_solar","CISO","physical","utility_pv"]
["TORTLA_1_SOLAR","LONGBOAT SOLAR",20,"caiso_solar","CISO","physical","utility_pv"]
["TRANQUILITYSTORAGE","NAN",72,"caiso_li_battery","CISO","physical","hr_batteries"]
["TRNQL8_2_AMASR1","TRANQUILLITY 8 AMARILLO",20,"caiso_solar","CISO","physical","utility_pv"]
["TRNQL8_2_AZUSR1","TRANQUILLITY 8 AZUL",20,"caiso_solar","CISO","physical","utility_pv"]
["TRNQL8_2_ROJSR1","TRANQUILLITY 8 ROJO",100,"caiso_solar","CISO","physical","utility_pv"]
["TRNQL8_2_VERSR1","TRANQUILLITY 8 VERDE",60,"caiso_solar","CISO","physical","utility_pv"]
["TRNQLT_2_SOLAR","TRANQUILLITY",200,"caiso_solar","CISO","physical","utility_pv"]
["TRNSWD_1_QF","FPL ENERGY C WIND",38.97,"caiso_wind","CISO","physical","in_state_wind"]
["TULARE_2_TULBM1","TULARE BIOMAT FUEL CELL",2.8,"caiso_biomass","CISO","physical","biomass_wood"]
["TULEWD_1_TULWD1","TULE WIND",130.5,"caiso_wind","CISO","physical","in_state_wind"]
["TULLCK_7_UNITS","TULLOCK HYDRO",25.9,"caiso_hydro","CISO","physical","hydro"]
["TUPMAN_1_BIOGAS","ABEC BIDART-STOCKALE #1",0.6,"caiso_biomass","CISO","physical","biomass_wood"]
["TWISSL_6_SOLAR","NICKEL 1 (\"NLH1\")",1.5,"caiso_solar","CISO","physical","utility_pv"]
["TWISSL_6_SOLAR1","CORONAL LOST HILLS",20,"caiso_solar","CISO","physical","utility_pv"]
["TX-ELK_6_ECKSR2","EAGLE CREEK",3,"caiso_solar","CISO","physical","utility_pv"]
["TX-ELK_6_SOLAR1","CASTOR",1.5,"caiso_solar","CISO","physical","utility_pv"]
["TXMCKT_6_UNIT","MCKITTRICK COGEN",11.2,"caiso_chp","CISO","physical","cogen"]
["UC_DAVIS_MC","NAN",27,"banc_ccgt","BANC","physical","n/a"]
["UKIAH_7_LAKEMN","UKIAH LAKE MENDOCINO HYDRO",3.5,"caiso_small_hydro","CISO","physical","small_hydro"]
["ULTPCH_1_UNIT 1","PACIFIC ULTRAPOWER CHINESE STATION",18,"caiso_biomass","CISO","physical","biomass_wood"]
["ULTPFR_1_UNIT 1","RIO BRAVO FRESNO",24.3,"caiso_biomass","CISO","physical","biomass_wood"]
["ULTRCK_2_UNIT","RIO BRAVO ROCKLIN",24.4,"caiso_biomass","CISO","physical","biomass_wood"]
["UNCHEM_1_UNIT","CONTRA COSTA CARBON PLANT",19,"caiso_chp","CISO","physical","cogen"]
["UNOCAL_1_UNITS","TOSCO (RODEO PLANT)",49.85,"caiso_chp","CISO","physical","cogen"]
["UNVRSY_1_UNIT 1","BERRY COGEN 38 - UNIT 1",38,"caiso_chp","CISO","physical","cogen"]
["USWND2_1_WIND1","GOLDEN HILLS A",42.96,"caiso_wind","CISO","physical","in_state_wind"]
["USWND2_1_WIND2","GOLDEN HILLS B",42.96,"caiso_wind","CISO","physical","in_state_wind"]
["USWND2_1_WIND3","GOLDEN HILLS C",46,"caiso_wind","CISO","physical","in_state_wind"]
["USWND4_2_UNIT2","ALTAMONT LANDFILL GAS TO ENERGY",7.4,"caiso_biogas","CISO","physical","biogas"]
["USWNDR_2_LABWD1","LABRISA WIND PROJECT",9,"caiso_wind","CISO","physical","in_state_wind"]
["USWNDR_2_SMUD","SOLANO WIND FARM",102.18,"caiso_wind","CISO","physical","in_state_wind"]
["USWNDR_2_SMUD2","SOLANO WIND PROJECT PHASE 3",127.8,"caiso_wind","CISO","physical","in_state_wind"]
["USWNDR_2_UNITS","NAN",8,"caiso_wind","CISO","physical","in_state_wind"]
["USWPFK_6_FRICK","FRICK SUMMIT WIND REPOWER",10,"caiso_wind","CISO","physical","in_state_wind"]
["USWPJR_2_UNITS","VASCO WIND",78.2,"caiso_wind","CISO","physical","in_state_wind"]
["V2_GEN","NAN",3.1,"iid_solar","IID","physical","n/a"]
["V3_GEN","NAN",3.1,"iid_solar","IID","physical","n/a"]
["VACADX_1_NAS","VACA-DIXON BATTERY",0.7,"caiso_li_battery","CISO","physical","hr_batteries"]
["VACADX_1_SOLAR","VACA-DIXON SOLAR STATION",2.5,"caiso_solar","CISO","physical","utility_pv"]
["VACADX_1_UNITA1","CALPEAK POWER VACA DIXON UNIT 1",50.61,"caiso_peaker2","CISO","physical","gas_ct"]
["VALCNTR_22870_DG","NAN",14.5,"caiso_solar","CISO","physical","utility_pv"]
["VALLEYCENTERSTORAGE1","NAN",50,"caiso_li_battery","CISO","physical","hr_batteries"]
["VALLEYCENTERSTORAGE2_1","NAN",54,"caiso_li_battery","CISO","physical","hr_batteries"]
["VALLEY_5_PERRIS","MWD PERRIS HYDROELECTRIC RECOVERY PLANT",7.94,"caiso_hydro","CISO","physical","hydro"]
["VALLEY_5_REDMTN","MWD RED MOUNTAIN HYDROELECTRIC RECOVERY",5.9,"caiso_hydro","CISO","physical","hydro"]
["VALLEY_5_RTS044","NAN",8,"caiso_solar","CISO","physical","utility_pv"]
["VALLEY_5_SOLAR1","KONA SOLAR - MERIDIAN #1",1.49,"caiso_solar","CISO","physical","utility_pv"]
["VALLEY_5_SOLAR2","AP NORTH LAKE SOLAR",20,"caiso_solar","CISO","physical","utility_pv"]
["VALLEY_CC","NAN",529,"ldwp_ccgt","LADWP","physical","n/a"]
["VALLEY_UNIT_5","NAN",47,"ldwp_peaker","LADWP","physical","n/a"]
["VALTNE_2_AVASR1","VALENTINE SOLAR",100,"caiso_solar","CISO","physical","utility_pv"]
["VAN_DER_KOOI_DAIRY_DIGESTER","NAN",0.8,"caiso_biogas","CISO","physical","biogas"]
["VEAVST_1_SOLAR","COMMUNITY SOLAR",14.4,"caiso_solar","CISO","physical","utility_pv"]
["VEDDER_1_SEKERN","TEXACO EXPLORATION & PROD (SE KERN RIVER",34.47,"caiso_chp","CISO","physical","cogen"]
["VEGA_6_SOLAR1","VEGA SOLAR",20,"caiso_solar","CISO","physical","utility_pv"]
["VENWD_1_WIND3","PAINTED HILLS",44.53,"caiso_wind","CISO","physical","in_state_wind"]
["VERNON_6_GONZL1","H. GONZALES UNIT #1",5.75,"caiso_peaker1","CISO","physical","gas_ct"]
["VERNON_6_GONZL2","H. GONZALES UNIT #2",5.75,"caiso_peaker1","CISO","physical","gas_ct"]
["VERNON_6_MALBRG","MALBURG GENERATING STATION",134,"caiso_ccgt2","CISO","physical","gas_cc"]
["VESTAL_2_KERN","KERN RIVER PH 3 UNITS 1 & 2 AGGREGATE",36.799999999999997,"caiso_hydro","CISO","physical","hydro"]
["VESTAL_2_RTS042","SPVP042 PORTERVILLE SOLAR",5,"caiso_solar","CISO","physical","utility_pv"]
["VESTAL_2_SOLAR1","NICOLIS",20,"caiso_solar","CISO","physical","utility_pv"]
["VESTAL_2_SOLAR2","TROPICO",14,"caiso_solar","CISO","physical","utility_pv"]
["VESTAL_2_UNIT1","CALGREN-PIXLEY",5,"caiso_solar","CISO","physical","utility_pv"]
["VESTAL_2_WELLHD","WELLHEAD POWER DELANO",49,"caiso_peaker1","CISO","physical","gas_ct"]
["VESTAL_6_QF","ISABELLA HYDRO DAM 1",11.95,"caiso_small_hydro","CISO","physical","small_hydro"]
["VICTOR_1_CREST","NAN",24.49,"caiso_solar","CISO","physical","utility_pv"]
["VICTOR_1_EXSLRA","EXPRESSWAY SOLAR A",2,"caiso_solar","CISO","physical","utility_pv"]
["VICTOR_1_EXSLRB","EXPRESSWAY SOLAR B",2,"caiso_solar","CISO","physical","utility_pv"]
["VICTOR_1_LVSLR1","LONE VALLEY SOLAR PARK 1",10,"caiso_solar","CISO","physical","utility_pv"]
["VICTOR_1_LVSLR2","LONE VALLEY SOLAR PARK 2",20,"caiso_solar","CISO","physical","utility_pv"]
["VICTOR_1_SLRHES","SUNEDISON - HESPERIA",1.5,"caiso_solar","CISO","physical","utility_pv"]
["VICTOR_1_SOLAR1","VICTOR PHELAN SOLAR ONE",17.5,"caiso_solar","CISO","physical","utility_pv"]
["VICTOR_1_SOLAR2","ALAMO SOLAR",20,"caiso_solar","CISO","physical","utility_pv"]
["VICTOR_1_SOLAR3","ADELANTO SOLAR 2",7,"caiso_solar","CISO","physical","utility_pv"]
["VICTOR_1_SOLAR4","ADELANTO SOLAR",20,"caiso_solar","CISO","physical","utility_pv"]
["VICTOR_1_VDRYFA","VICTOR DRY FARM RANCH A",5,"caiso_solar","CISO","physical","utility_pv"]
["VICTOR_1_VDRYFB","VICTOR DRY FARM RANCH B",5,"caiso_solar","CISO","physical","utility_pv"]
["VILLPK_2_VALLYV","MWD VALLEY VIEW HYDROELECTRIC RECOVERY P",4.0999999999999996,"caiso_hydro","CISO","physical","hydro"]
["VILLPK_6_MWDYOR","YORBA LINDA HYDROELECTRIC RECOVERY PLANT",5.0999999999999996,"caiso_hydro","CISO","physical","hydro"]
["VINCNT_2_WESTWD","NAN",59,"caiso_wind","CISO","physical","in_state_wind"]
["VISTA_2_FCELL","CSUSB FUEL CELL",1.4,"caiso_chp","CISO","physical","cogen"]
["VISTA_2_RIALTO","RIALTO RT SOLAR",1,"caiso_solar","CISO","physical","utility_pv"]
["VISTA_2_RTS028","SPVP028",3.5,"caiso_solar","CISO","physical","utility_pv"]
["VISTA_6_QF","VISTA QFS",0.18,"caiso_small_hydro","CISO","physical","small_hydro"]
["VISTRA_5_DALBT1","DALLAS ENERGY STORAGE",100,"caiso_li_battery","CISO","physical","hr_batteries"]
["VISTRA_5_DALBT2","DALLAS ENERGY STORAGE 2",100,"caiso_li_battery","CISO","physical","hr_batteries"]
["VISTRA_5_DALBT3","DALLAS ENERGY STORAGE 3",100,"caiso_li_battery","CISO","physical","hr_batteries"]
["VISTRA_5_DALBT4","DALLAS ENERGY STORAGE 4",100,"caiso_li_battery","CISO","physical","hr_batteries"]
["VLCNTR_6_VCSLR","COLE GRADE",2.33,"caiso_solar","CISO","physical","utility_pv"]
["VLCNTR_6_VCSLR1","VALLEY CENTER 1",2.5,"caiso_solar","CISO","physical","utility_pv"]
["VLCNTR_6_VCSLR2","VALLEY CENTER 2",5,"caiso_solar","CISO","physical","utility_pv"]
["VLYHOM_7_SSJID","WOODWARD POWER PLANT",3,"caiso_hydro","CISO","physical","hydro"]
["VOLTA_2_UNIT 1","VOLTA HYDRO UNIT 1",9.1,"caiso_small_hydro","CISO","physical","small_hydro"]
["VOLTA_2_UNIT 2","VOLTA HYDRO UNIT 2",1,"caiso_small_hydro","CISO","physical","small_hydro"]
["VOLTA_6_BAILCK","BAILEY CREEK RANCH",0.63,"caiso_hydro","CISO","physical","hydro"]
["VOLTA_6_DIGHYD","DIGGER CREEK RANCH HYDRO",0.6,"caiso_small_hydro","CISO","physical","small_hydro"]
["VOLTA_7_PONHY1","VOLTA_7_PONHY1",1.25,"caiso_small_hydro","CISO","physical","small_hydro"]
["VOLTA_7_QFUNTS","VOLTA_7_QFUNTS",0.15,"caiso_hydro","CISO","physical","hydro"]
["VOYAGR_2_VOAWD5","VOYAGER WIND OASIS ALTA",13.98,"caiso_wind","CISO","physical","in_state_wind"]
["VOYAGR_2_VOYWD1","VOYAGER 1",128.91,"caiso_wind","CISO","physical","in_state_wind"]
["VOYAGR_2_VOYWD2","VOYAGER WIND 2",126.35,"caiso_wind","CISO","physical","in_state_wind"]
["VOYAGR_2_VOYWD3","VOYAGER WIND 3",42.45,"caiso_wind","CISO","physical","in_state_wind"]
["VOYAGR_2_VOYWD4","VOYAGER WIND 4",21.01,"caiso_wind","CISO","physical","in_state_wind"]
["VSTAES_6_VESBT1","VISTA ENERGY STORAGE",40,"caiso_li_battery","CISO","physical","hr_batteries"]
["VULCAN_1","NAN",38,"iid_geothermal","IID","physical","geothermal"]
["VULCAN_2","NAN",10.74,"iid_geothermal","IID","physical","n/a"]
["VULCAN_EXPANDER","NAN",10.5,"iid_geothermal","IID","physical","n/a"]
["WADHAM_6_UNIT","WADHAM ENERGY LP",29.07,"caiso_biomass","CISO","physical","biomass_wood"]
["WALCRK_2_CTG1","WALNUT CREEK ENERGY PARK UNIT 1",96.43,"caiso_peaker1","CISO","physical","gas_ct"]
["WALCRK_2_CTG2","WALNUT CREEK ENERGY PARK UNIT 2",96.91,"caiso_peaker1","CISO","physical","gas_ct"]
["WALCRK_2_CTG3","WALNUT CREEK ENERGY PARK UNIT 3",96.65,"caiso_peaker1","CISO","physical","gas_ct"]
["WALCRK_2_CTG4","WALNUT CREEK ENERGY PARK UNIT 4",96.49,"caiso_peaker1","CISO","physical","gas_ct"]
["WALCRK_2_CTG5","WALNUT CREEK ENERGY PARK UNIT 5",96.65,"caiso_peaker1","CISO","physical","gas_ct"]
["WALNUT_2_SOLAR","INDUSTRY METROLINK PV 1",1.5,"caiso_solar","CISO","physical","utility_pv"]
["WALNUT_6_HILLGEN","PUENTE HILLS",47,"caiso_biomass","CISO","physical","biomass_wood"]
["WALNUT_7_WCOVCT","NAN",0.2,"caiso_geothermal","CISO","physical","geothermal"]
["WALNUT_7_WCOVST","MM WEST COVINA - ST UNIT",6.5,"caiso_biomass","CISO","physical","biomass_wood"]
["WARNE_2_UNIT","WARNE HYDRO AGGREGATE",76,"caiso_hydro","CISO","physical","hydro"]
["WAUKNA_1_SOLAR","CORCORAN SOLAR",20,"caiso_solar","CISO","physical","utility_pv"]
["WAUKNA_1_SOLAR2","CORCORAN 2",19.75,"caiso_solar","CISO","physical","utility_pv"]
["WDLEAF_7_UNIT 1","WOODLEAF HYDRO",60,"caiso_hydro","CISO","physical","hydro"]
["WEBER_6_FORWRD","FORWARD",4.2,"caiso_biomass","CISO","physical","biomass_wood"]
["WESTLANDSSOLAR","NAN",19.88,"caiso_solar","CISO","physical","utility_pv"]
["WESTPT_2_UNIT","WEST POINT HYDRO PLANT",14,"caiso_small_hydro","CISO","physical","small_hydro"]
["WFRESN_1_SOLAR","JOYA DEL SOL",1.5,"caiso_solar","CISO","physical","utility_pv"]
["WHEATL_6_LNDFIL","G2 ENERGY, OSTROM ROAD LLC",3.55,"caiso_biomass","CISO","physical","biomass_wood"]
["WHITEH_2_MEADDYN1","WHITE HILLS A",50,"caiso_wind","WALC","specifiedimport","in_state_wind"]
["WHITEH_2_MEADDYN2","WHITE HILLS B",300,"caiso_wind","WALC","specifiedimport","in_state_wind"]
["WHITNY_6_SOLAR","WHITNEY POINT SOLAR",20,"caiso_solar","CISO","physical","utility_pv"]
["WHTWTR_1_WINDA1","WHITEWATER HILL WIND PROJECT",61.5,"caiso_wind","CISO","physical","in_state_wind"]
["WISE_1_UNIT 1","WISE HYDRO UNIT 1",14.5,"caiso_small_hydro","CISO","physical","small_hydro"]
["WISE_1_UNIT 2","WISE HYDRO UNIT 2",3.2,"caiso_hydro","CISO","physical","hydro"]
["WISHON_6_UNITS","WISHON/SAN JOAQUIN  #1-A AGGREGATE",18.399999999999999,"caiso_hydro","CISO","physical","hydro"]
["WISTRA_2_WRSSR1","WISTARIA RANCH SOLAR",100,"caiso_solar","CISO","physical","utility_pv"]
["WLDWD_1_SOLAR1","WILDWOOD SOLAR I",20,"caiso_solar","CISO","physical","utility_pv"]
["WLDWD_1_SOLAR2","WILDWOOD SOLAR 2",15,"caiso_solar","CISO","physical","utility_pv"]
["WNDMAS_2_UNIT 1","BUENA VISTA ENERGY, LLC",38,"caiso_wind","CISO","physical","in_state_wind"]
["WNDSTR_2_WIND","WINDSTAR",120,"caiso_wind","CISO","physical","in_state_wind"]
["WOLFSK_1_UNITA1","WOLFSKILL ENERGY CENTER",46.9,"caiso_peaker2","CISO","physical","gas_ct"]
["WOODLAND_1","NAN",49,"banc_peaker","BANC","physical","n/a"]
["WOODLAND_3A","NAN",8.1999999999999993,"banc_reciprocating_engine","BANC","physical","n/a"]
["WOODLAND_3B","NAN",8.1999999999999993,"banc_reciprocating_engine","BANC","physical","n/a"]
["WOODLAND_3C","NAN",8.1999999999999993,"banc_reciprocating_engine","BANC","physical","n/a"]
["WOODLAND_3D","NAN",8.1999999999999993,"banc_reciprocating_engine","BANC","physical","n/a"]
["WOODLAND_3E","NAN",8.1999999999999993,"banc_reciprocating_engine","BANC","physical","n/a"]
["WOODLAND_3F","NAN",8.1999999999999993,"banc_reciprocating_engine","BANC","physical","n/a"]
["WOODLAND_CC","NAN",84.2,"banc_ccgt","BANC","physical","n/a"]
["WOODWR_1_HYDRO","QUINTEN LUALLEN",7.3,"caiso_hydro","CISO","physical","hydro"]
["WRGHTP_7_AMENGY","SMALL QF AGGREGATION - LOS BANOS",2.5,"caiso_hydro","CISO","physical","hydro"]
["WRGTSR_2_WSFSR1","WRIGHT SOLAR FREEMAN",200,"caiso_solar","CISO","physical","utility_pv"]
["WSENGY_1_UNIT 1","WHEELABRATOR SHASTA",50,"caiso_biomass","CISO","physical","biomass_wood"]
["WSNR_2_CVPDYN","CENTRAL VALLEY 1",10,"caiso_hydro","BANC","specifiedimport","hydro"]
["WSNR_2_TESLADYN","CENTRAL VALLEY TESLA",10,"caiso_hydro","BANC","specifiedimport","hydro"]
["WSNR_5_TRCYDYN","CENTRAL VALLEY TRACY",10,"caiso_hydro","BANC","specifiedimport","hydro"]
["WSTWND_2_M89WD1","MOJAVE 89",82.65,"caiso_wind","CISO","physical","in_state_wind"]
["WSTWND_2_M90BT1","MOJAVE 90 BESS 1A",15.71,"caiso_li_battery","CISO","physical","hr_batteries"]
["WSTWND_2_M90WD2","MOJAVE 90",48.85,"caiso_wind","CISO","physical","in_state_wind"]
["YUBACT_1_SUNSWT","YUBA CITY COGEN",49.97,"caiso_chp","CISO","physical","cogen"]
["YUBACT_6_UNITA1","YUBA CITY ENERGY CENTER (CALPINE)",47.6,"caiso_peaker2","CISO","physical","gas_ct"]
["YUCCA_GT21","NAN",22,"iid_peaker","IID","physical","n/a"]
["YUCCA_ST1","NAN",75,"iid_st","IID","physical","n/a"]
["ZOND_6_UNIT","ZOND WINDSYSTEMS INC.",17.100000000000001,"caiso_wind","CISO","physical","in_state_wind"]
["_BRANCH_GENERIC_AMARGO_ITC","AMARGOSA230",null,"nan","NAN","unspecifiedimport","unspecified_import"]
["_BRANCH_GENERIC_BLYTHE_ITC","BLYTHE161",null,"nan","NAN","unspecifiedimport","unspecified_import"]
["_BRANCH_GENERIC_CASCADE_ITC","CRAG",null,"nan","NAN","unspecifiedimport","unspecified_import"]
["_BRANCH_GENERIC_CFE_ITC","CFETIJ & CFEROA",null,"nan","NAN","unspecifiedimport","unspecified_import"]
["_BRANCH_GENERIC_COTPISO_ITC","TRCYCOTPISO",null,"nan","NAN","unspecifiedimport","unspecified_import"]
["_BRANCH_GENERIC_CTW230_ITC","CTW230",null,"nan","NAN","unspecifiedimport","unspecified_import"]
["_BRANCH_GENERIC_ELDORADO_ITC","WILLOWBEACH",null,"nan","NAN","unspecifiedimport","unspecified_import"]
["_BRANCH_GENERIC_GONDIPPDC_ITC","GONIPP",null,"nan","NAN","unspecifiedimport","unspecified_import"]
["_BRANCH_GENERIC_IID-SCE_ITC","MIR2",null,"nan","NAN","unspecifiedimport","unspecified_import"]
["_BRANCH_GENERIC_IID-SDGE_ITC","IVLY2",null,"nan","NAN","unspecifiedimport","unspecified_import"]
["_BRANCH_GENERIC_IPPDCADLN_ITC","IPP & IPPUTAH",null,"nan","NAN","unspecifiedimport","unspecified_import"]
["_BRANCH_GENERIC_LAUGHLIN_ITC","MOHAVE500",null,"nan","NAN","unspecifiedimport","unspecified_import"]
["_BRANCH_GENERIC_LLNL_ITC","LLL115",null,"nan","NAN","unspecifiedimport","unspecified_import"]
["_BRANCH_GENERIC_MALIN500_ISL","MALIN500",null,"nan","NAN","unspecifiedimport","unspecified_import"]
["_BRANCH_GENERIC_MARBLE_ITC","MARBLE60",null,"nan","NAN","unspecifiedimport","unspecified_import"]
["_BRANCH_GENERIC_MCCLMKTPC_ITC","MCCULLOUG500",null,"nan","NAN","unspecifiedimport","unspecified_import"]
["_BRANCH_GENERIC_MCCULLGH_ITC","ELDORADO500",null,"nan","NAN","unspecifiedimport","unspecified_import"]
["_BRANCH_GENERIC_MEADMKTPC_ITC","MEAD5MSCHD",null,"nan","NAN","unspecifiedimport","unspecified_import"]
["_BRANCH_GENERIC_MEADTMEAD_ITC","MEAD2MSCHD",null,"nan","NAN","unspecifiedimport","unspecified_import"]
["_BRANCH_GENERIC_MEAD_ITC","MEAD230",null,"nan","NAN","unspecifiedimport","unspecified_import"]
["_BRANCH_GENERIC_MERCHANT_ITC","ELDORADO230",null,"nan","NAN","unspecifiedimport","unspecified_import"]
["_BRANCH_GENERIC_MERCURY_ITC","MERCURY138",null,"nan","NAN","unspecifiedimport","unspecified_import"]
["_BRANCH_GENERIC_MKTPCADLN_ITC","MARKETPLACE",null,"nan","NAN","unspecifiedimport","unspecified_import"]
["_BRANCH_GENERIC_MONAIPPDC_ITC","MDWP",null,"nan","NAN","unspecifiedimport","unspecified_import"]
["_BRANCH_GENERIC_NEWMELONP_ITC","NML230",null,"nan","NAN","unspecifiedimport","unspecified_import"]
["_BRANCH_GENERIC_NOB_ITC","NOB",null,"nan","NAN","unspecifiedimport","unspecified_import"]
["_BRANCH_GENERIC_NORTHGILA500_ITC","NORTHGILA500",null,"nan","NAN","unspecifiedimport","unspecified_import"]
["_BRANCH_GENERIC_NWEST230_ITC","NWEST",null,"nan","NAN","unspecifiedimport","unspecified_import"]
["_BRANCH_GENERIC_OAKDALE_ITC","OAKDALE",null,"nan","NAN","unspecifiedimport","unspecified_import"]
["_BRANCH_GENERIC_PALOVRDE_ITC","PVWEST",null,"nan","NAN","unspecifiedimport","unspecified_import"]
["_BRANCH_GENERIC_PARKER_ITC","PARKER230",null,"nan","NAN","unspecifiedimport","unspecified_import"]
["_BRANCH_GENERIC_RDM230_ITC","RDM230",null,"nan","NAN","unspecifiedimport","unspecified_import"]
["_BRANCH_GENERIC_RNCHLAKE_ITC","LAKE & RANCHOSECO",null,"nan","NAN","unspecifiedimport","unspecified_import"]
["_BRANCH_GENERIC_SILVERPK_ITC","SILVERPEAK55",null,"nan","NAN","unspecifiedimport","unspecified_import"]
["_BRANCH_GENERIC_STANDIFORD_ITC","STANDIFORD",null,"nan","NAN","unspecifiedimport","unspecified_import"]
["_BRANCH_GENERIC_SUMMIT_ITC","SUMMIT120",null,"nan","NAN","unspecifiedimport","unspecified_import"]
["_BRANCH_GENERIC_SYLMAR-AC_ITC","SYLMAR",null,"nan","NAN","unspecifiedimport","unspecified_import"]
["_BRANCH_GENERIC_TRACY230_ITC","TESLA230",null,"nan","NAN","unspecifiedimport","unspecified_import"]
["_BRANCH_GENERIC_TRACY500_ITC","TRCYPGAE & TRCYCOTP",null,"nan","NAN","unspecifiedimport","unspecified_import"]
["_BRANCH_GENERIC_TRCYTEA_ITC","TRCYTEA",null,"nan","NAN","unspecifiedimport","unspecified_import"]
["_BRANCH_GENERIC_VICTVL_ITC","LUGO",null,"nan","NAN","unspecifiedimport","unspecified_import"]
["_BRANCH_GENERIC_WESTLYLBNS_ITC","WESTLYQNTO",null,"nan","NAN","unspecifiedimport","unspecified_import"]
["_BRANCH_GENERIC_WESTLYTSLA_ITC","WESTLYTSLA",null,"nan","NAN","unspecifiedimport","unspecified_import"]
["_BRANCH_GENERIC_WSTWGMEAD_ITC","WESTWING500",null,"nan","NAN","unspecifiedimport","unspecified_import"]
["_CREZ_GENERIC_ARIZONA_SOLAR","NAN",null,"caiso_solar","NAN","newresolve","utility_pv"]
["_CREZ_GENERIC_ARIZONA_WIND","NAN",null,"caiso_wind","NAN","newresolve","out_of_state_wind"]
["_CREZ_GENERIC_BAJA_CALIFORNIA_SOLAR","NAN",null,"caiso_solar","NAN","newresolve","utility_pv"]
["_CREZ_GENERIC_BAJA_CALIFORNIA_WIND","NAN",null,"caiso_wind","NAN","newresolve","in_state_wind"]
["_CREZ_GENERIC_CAPE_MENDOCINO_OFFSHORE_WIND","NAN",null,"caiso_wind","NAN","newresolve","offshore_wind"]
["_CREZ_GENERIC_CARRIZO_SOLAR","NAN",null,"caiso_solar","NAN","newresolve","utility_pv"]
["_CREZ_GENERIC_CARRIZO_WIND","NAN",null,"caiso_wind","NAN","newresolve","in_state_wind"]
["_CREZ_GENERIC_CENTRAL_VALLEY_NORTH_LOS_BANOS_SOLAR","NAN",null,"caiso_solar","NAN","newresolve","utility_pv"]
["_CREZ_GENERIC_CENTRAL_VALLEY_NORTH_LOS_BANOS_WIND","NAN",null,"caiso_wind","NAN","newresolve","in_state_wind"]
["_CREZ_GENERIC_DEL_NORTE_OFFSHORE_WIND","NAN",null,"caiso_wind","NAN","newresolve","offshore_wind"]
["_CREZ_GENERIC_DIABLO_CANYON_EXT_TX_OFFSHORE_WIND","NAN",null,"caiso_wind","NAN","newresolve","offshore_wind"]
["_CREZ_GENERIC_DIABLO_CANYON_OFFSHORE_WIND","NAN",null,"caiso_wind","NAN","newresolve","offshore_wind"]
["_CREZ_GENERIC_DISTRIBUTED_SOLAR","NAN",null,"caiso_solar","NAN","newresolve","utility_pv"]
["_CREZ_GENERIC_DISTRIBUTED_WIND","NAN",null,"caiso_wind","NAN","newresolve","in_state_wind"]
["_CREZ_GENERIC_GREATER_IMPERIAL_GEOTHERMAL","NAN",null,"caiso_geothermal","NAN","newresolve","geothermal"]
["_CREZ_GENERIC_GREATER_IMPERIAL_SOLAR","NAN",null,"caiso_solar","NAN","newresolve","utility_pv"]
["_CREZ_GENERIC_GREATER_IMPERIAL_WIND","NAN",null,"caiso_wind","NAN","newresolve","in_state_wind"]
["_CREZ_GENERIC_GREATER_KRAMER_SOLAR","NAN",null,"caiso_solar","NAN","newresolve","utility_pv"]
["_CREZ_GENERIC_GREATER_KRAMER_WIND","NAN",null,"caiso_wind","NAN","newresolve","in_state_wind"]
["_CREZ_GENERIC_HUMBOLDT_BAY_OFFSHORE_WIND","NAN",null,"caiso_wind","NAN","newresolve","offshore_wind"]
["_CREZ_GENERIC_HUMBOLDT_WIND","NAN",null,"caiso_wind","NAN","newresolve","in_state_wind"]
["_CREZ_GENERIC_IDAHO_WIND","NAN",null,"caiso_wind","NAN","newresolve","out_of_state_wind"]
["_CREZ_GENERIC_INSTATE_BIOMASS","NAN",null,"caiso_biomass","NAN","newresolve","biomass_wood"]
["_CREZ_GENERIC_INYOKERN_NORTH_KRAMER_GEOTHERMAL","NAN",null,"caiso_geothermal","NAN","newresolve","geothermal"]
["_CREZ_GENERIC_INYOKERN_NORTH_KRAMER_SOLAR","NAN",null,"caiso_solar","NAN","newresolve","utility_pv"]
["_CREZ_GENERIC_KERN_GREATER_CARRIZO_SOLAR","NAN",null,"caiso_solar","NAN","newresolve","utility_pv"]
["_CREZ_GENERIC_KERN_GREATER_CARRIZO_WIND","NAN",null,"caiso_wind","NAN","newresolve","in_state_wind"]
["_CREZ_GENERIC_KRAMER_INYOKERN_EX_SOLAR","NAN",null,"caiso_solar","NAN","newresolve","utility_pv"]
["_CREZ_GENERIC_KRAMER_INYOKERN_EX_WIND","NAN",null,"caiso_wind","NAN","newresolve","in_state_wind"]
["_CREZ_GENERIC_MORRO_BAY_OFFSHORE_WIND","NAN",null,"caiso_wind","NAN","newresolve","offshore_wind"]
["_CREZ_GENERIC_MOUNTAIN_PASS_EL_DORADO_SOLAR","NAN",null,"caiso_solar","NAN","newresolve","utility_pv"]
["_CREZ_GENERIC_NEW_MEXICO_SOLAR","NAN",null,"caiso_solar","NAN","newresolve","utility_pv"]
["_CREZ_GENERIC_NEW_MEXICO_WIND","NAN",null,"caiso_wind","NAN","newresolve","out_of_state_wind"]
["_CREZ_GENERIC_NORTHERN_CALIFORNIA_EX_GEOTHERMAL","NAN",null,"caiso_geothermal","NAN","newresolve","geothermal"]
["_CREZ_GENERIC_NORTHERN_CALIFORNIA_EX_SOLAR","NAN",null,"caiso_solar","NAN","newresolve","utility_pv"]
["_CREZ_GENERIC_NORTHERN_CALIFORNIA_EX_WIND","NAN",null,"caiso_wind","NAN","newresolve","in_state_wind"]
["_CREZ_GENERIC_NORTH_VICTOR_SOLAR","NAN",null,"caiso_solar","NAN","newresolve","utility_pv"]
["_CREZ_GENERIC_NW_BIOMASS","NAN",null,"caiso_biomass","NAN","newresolve","biomass_wood"]
["_CREZ_GENERIC_NW_EXT_TX_WIND","NAN",null,"caiso_wind","NAN","newresolve","out_of_state_wind"]
["_CREZ_GENERIC_NW_SMALL_HYDRO","NAN",null,"caiso_small_hydro","NAN","newresolve","small_hydro"]
["_CREZ_GENERIC_PACIFIC_NORTHWEST_GEOTHERMAL","NAN",null,"caiso_geothermal","NAN","newresolve","geothermal"]
["_CREZ_GENERIC_PACIFIC_NORTHWEST_WIND","NAN",null,"caiso_wind","NAN","newresolve","out_of_state_wind"]
["_CREZ_GENERIC_RIVERSIDE_PALM_SPRINGS_GEOTHERMAL","NAN",null,"caiso_geothermal","NAN","newresolve","geothermal"]
["_CREZ_GENERIC_RIVERSIDE_PALM_SPRINGS_SOLAR","NAN",null,"caiso_solar","NAN","newresolve","utility_pv"]
["_CREZ_GENERIC_SACRAMENTO_RIVER_SOLAR","NAN",null,"caiso_solar","NAN","newresolve","utility_pv"]
["_CREZ_GENERIC_SACRAMENTO_RIVER_WIND","NAN",null,"caiso_wind","NAN","newresolve","in_state_wind"]
["_CREZ_GENERIC_SCADSNV_SOLAR","NAN",null,"caiso_solar","NAN","newresolve","utility_pv"]
["_CREZ_GENERIC_SCADSNV_WIND","NAN",null,"caiso_wind","NAN","newresolve","in_state_wind"]
["_CREZ_GENERIC_SOLANO_GEOTHERMAL","NAN",null,"caiso_geothermal","NAN","newresolve","geothermal"]
["_CREZ_GENERIC_SOLANO_SOLAR","NAN",null,"caiso_solar","NAN","newresolve","utility_pv"]
["_CREZ_GENERIC_SOLANO_SUBZONE_SOLAR","NAN",null,"caiso_solar","NAN","newresolve","utility_pv"]
["_CREZ_GENERIC_SOLANO_SUBZONE_WIND","NAN",null,"caiso_wind","NAN","newresolve","in_state_wind"]
["_CREZ_GENERIC_SOLANO_WIND","NAN",null,"caiso_wind","NAN","newresolve","in_state_wind"]
["_CREZ_GENERIC_SOUTHERN_CALIFORNIA_DESERT_EX_SOLAR","NAN",null,"caiso_solar","NAN","newresolve","utility_pv"]
["_CREZ_GENERIC_SOUTHERN_CALIFORNIA_DESERT_EX_WIND","NAN",null,"caiso_wind","NAN","newresolve","in_state_wind"]
["_CREZ_GENERIC_SOUTHERN_CA_DESERT_SOUTHERN_NV_SOLAR","NAN",null,"caiso_solar","NAN","newresolve","utility_pv"]
["_CREZ_GENERIC_SOUTHERN_CA_DESERT_SOUTHERN_NV_WIND","NAN",null,"caiso_wind","NAN","newresolve","in_state_wind"]
["_CREZ_GENERIC_SOUTHERN_NEVADA_GEOTHERMAL","NAN",null,"caiso_geothermal","NAN","newresolve","geothermal"]
["_CREZ_GENERIC_SOUTHERN_NEVADA_SOLAR","NAN",null,"caiso_solar","NAN","newresolve","utility_pv"]
["_CREZ_GENERIC_SOUTHERN_NEVADA_WIND","NAN",null,"caiso_wind","NAN","newresolve","in_state_wind"]
["_CREZ_GENERIC_SW_BIOMASS","NAN",null,"caiso_biomass","NAN","newresolve","biomass_wood"]
["_CREZ_GENERIC_SW_EXT_TX_WIND","NAN",null,"caiso_wind","NAN","newresolve","out_of_state_wind"]
["_CREZ_GENERIC_TEHACHAPI_EX_SOLAR","NAN",null,"caiso_solar","NAN","newresolve","utility_pv"]
["_CREZ_GENERIC_TEHACHAPI_SOLAR","NAN",null,"caiso_solar","NAN","newresolve","utility_pv"]
["_CREZ_GENERIC_TEHACHAPI_WIND","NAN",null,"caiso_wind","NAN","newresolve","in_state_wind"]
["_CREZ_GENERIC_UTAH_SOLAR","NAN",null,"caiso_solar","NAN","newresolve","utility_pv"]
["_CREZ_GENERIC_UTAH_WIND","NAN",null,"caiso_wind","NAN","newresolve","out_of_state_wind"]
["_CREZ_GENERIC_WESTLANDS_EX_SOLAR","NAN",null,"caiso_solar","NAN","newresolve","utility_pv"]
["_CREZ_GENERIC_WESTLANDS_EX_WIND","NAN",null,"caiso_wind","NAN","newresolve","in_state_wind"]
["_CREZ_GENERIC_WESTLANDS_SOLAR","NAN",null,"caiso_solar","NAN","newresolve","utility_pv"]
["_CREZ_GENERIC_WYOMING_WIND","NAN",null,"caiso_wind","NAN","newresolve","out_of_state_wind"]
["_CREZ_UNBUNDLEDREC_ARIZONA_SOLAR","NAN",null,"caiso_solar","NAN","unbundledrec","n/a"]
["_CREZ_UNBUNDLEDREC_ARIZONA_WIND","NAN",null,"caiso_wind","NAN","unbundledrec","n/a"]
["_CREZ_UNBUNDLEDREC_BAJA_CALIFORNIA_SOLAR","NAN",null,"caiso_solar","NAN","unbundledrec","n/a"]
["_CREZ_UNBUNDLEDREC_BAJA_CALIFORNIA_WIND","NAN",null,"caiso_wind","NAN","unbundledrec","n/a"]
["_CREZ_UNBUNDLEDREC_CAPE_MENDOCINO_OFFSHORE_WIND","NAN",null,"caiso_wind","NAN","unbundledrec","n/a"]
["_CREZ_UNBUNDLEDREC_CARRIZO_SOLAR","NAN",null,"caiso_solar","NAN","unbundledrec","n/a"]
["_CREZ_UNBUNDLEDREC_CARRIZO_WIND","NAN",null,"caiso_wind","NAN","unbundledrec","n/a"]
["_CREZ_UNBUNDLEDREC_CENTRAL_VALLEY_NORTH_LOS_BANOS_SOLAR","NAN",null,"caiso_solar","NAN","unbundledrec","n/a"]
["_CREZ_UNBUNDLEDREC_CENTRAL_VALLEY_NORTH_LOS_BANOS_WIND","NAN",null,"caiso_wind","NAN","unbundledrec","n/a"]
["_CREZ_UNBUNDLEDREC_DEL_NORTE_OFFSHORE_WIND","NAN",null,"caiso_wind","NAN","unbundledrec","n/a"]
["_CREZ_UNBUNDLEDREC_DIABLO_CANYON_EXT_TX_OFFSHORE_WIND","NAN",null,"caiso_wind","NAN","unbundledrec","n/a"]
["_CREZ_UNBUNDLEDREC_DIABLO_CANYON_OFFSHORE_WIND","NAN",null,"caiso_wind","NAN","unbundledrec","n/a"]
["_CREZ_UNBUNDLEDREC_DISTRIBUTED_SOLAR","NAN",null,"caiso_solar","NAN","unbundledrec","n/a"]
["_CREZ_UNBUNDLEDREC_DISTRIBUTED_WIND","NAN",null,"caiso_wind","NAN","unbundledrec","n/a"]
["_CREZ_UNBUNDLEDREC_GREATER_IMPERIAL_GEOTHERMAL","NAN",null,"caiso_geothermal","NAN","unbundledrec","n/a"]
["_CREZ_UNBUNDLEDREC_GREATER_IMPERIAL_SOLAR","NAN",null,"caiso_solar","NAN","unbundledrec","n/a"]
["_CREZ_UNBUNDLEDREC_GREATER_IMPERIAL_WIND","NAN",null,"caiso_wind","NAN","unbundledrec","n/a"]
["_CREZ_UNBUNDLEDREC_GREATER_KRAMER_SOLAR","NAN",null,"caiso_solar","NAN","unbundledrec","n/a"]
["_CREZ_UNBUNDLEDREC_GREATER_KRAMER_WIND","NAN",null,"caiso_wind","NAN","unbundledrec","n/a"]
["_CREZ_UNBUNDLEDREC_HUMBOLDT_BAY_OFFSHORE_WIND","NAN",null,"caiso_wind","NAN","unbundledrec","n/a"]
["_CREZ_UNBUNDLEDREC_HUMBOLDT_WIND","NAN",null,"caiso_wind","NAN","unbundledrec","n/a"]
["_CREZ_UNBUNDLEDREC_IDAHO_WIND","NAN",null,"caiso_wind","NAN","unbundledrec","n/a"]
["_CREZ_UNBUNDLEDREC_INSTATE_BIOMASS","NAN",null,"caiso_biomass","NAN","unbundledrec","n/a"]
["_CREZ_UNBUNDLEDREC_INYOKERN_NORTH_KRAMER_GEOTHERMAL","NAN",null,"caiso_geothermal","NAN","unbundledrec","n/a"]
["_CREZ_UNBUNDLEDREC_INYOKERN_NORTH_KRAMER_SOLAR","NAN",null,"caiso_solar","NAN","unbundledrec","n/a"]
["_CREZ_UNBUNDLEDREC_KERN_GREATER_CARRIZO_SOLAR","NAN",null,"caiso_solar","NAN","unbundledrec","n/a"]
["_CREZ_UNBUNDLEDREC_KERN_GREATER_CARRIZO_WIND","NAN",null,"caiso_wind","NAN","unbundledrec","n/a"]
["_CREZ_UNBUNDLEDREC_KRAMER_INYOKERN_EX_SOLAR","NAN",null,"caiso_solar","NAN","unbundledrec","n/a"]
["_CREZ_UNBUNDLEDREC_KRAMER_INYOKERN_EX_WIND","NAN",null,"caiso_wind","NAN","unbundledrec","n/a"]
["_CREZ_UNBUNDLEDREC_MORRO_BAY_OFFSHORE_WIND","NAN",null,"caiso_wind","NAN","unbundledrec","n/a"]
["_CREZ_UNBUNDLEDREC_MOUNTAIN_PASS_EL_DORADO_SOLAR","NAN",null,"caiso_solar","NAN","unbundledrec","n/a"]
["_CREZ_UNBUNDLEDREC_NEW_MEXICO_SOLAR","NAN",null,"caiso_solar","NAN","unbundledrec","n/a"]
["_CREZ_UNBUNDLEDREC_NEW_MEXICO_WIND","NAN",null,"caiso_wind","NAN","unbundledrec","n/a"]
["_CREZ_UNBUNDLEDREC_NORTHERN_CALIFORNIA_EX_GEOTHERMAL","NAN",null,"caiso_geothermal","NAN","unbundledrec","n/a"]
["_CREZ_UNBUNDLEDREC_NORTHERN_CALIFORNIA_EX_SOLAR","NAN",null,"caiso_solar","NAN","unbundledrec","n/a"]
["_CREZ_UNBUNDLEDREC_NORTHERN_CALIFORNIA_EX_WIND","NAN",null,"caiso_wind","NAN","unbundledrec","n/a"]
["_CREZ_UNBUNDLEDREC_NORTH_VICTOR_SOLAR","NAN",null,"caiso_solar","NAN","unbundledrec","n/a"]
["_CREZ_UNBUNDLEDREC_NW_BIOMASS","NAN",null,"caiso_biomass","NAN","unbundledrec","n/a"]
["_CREZ_UNBUNDLEDREC_NW_EXT_TX_WIND","NAN",null,"caiso_wind","NAN","unbundledrec","n/a"]
["_CREZ_UNBUNDLEDREC_NW_SMALL_HYDRO","NAN",null,"caiso_small_hydro","NAN","unbundledrec","n/a"]
["_CREZ_UNBUNDLEDREC_PACIFIC_NORTHWEST_GEOTHERMAL","NAN",null,"caiso_geothermal","NAN","unbundledrec","n/a"]
["_CREZ_UNBUNDLEDREC_PACIFIC_NORTHWEST_WIND","NAN",null,"caiso_wind","NAN","unbundledrec","n/a"]
["_CREZ_UNBUNDLEDREC_RIVERSIDE_PALM_SPRINGS_GEOTHERMAL","NAN",null,"caiso_geothermal","NAN","unbundledrec","n/a"]
["_CREZ_UNBUNDLEDREC_RIVERSIDE_PALM_SPRINGS_SOLAR","NAN",null,"caiso_solar","NAN","unbundledrec","n/a"]
["_CREZ_UNBUNDLEDREC_SACRAMENTO_RIVER_SOLAR","NAN",null,"caiso_solar","NAN","unbundledrec","n/a"]
["_CREZ_UNBUNDLEDREC_SACRAMENTO_RIVER_WIND","NAN",null,"caiso_wind","NAN","unbundledrec","n/a"]
["_CREZ_UNBUNDLEDREC_SCADSNV_SOLAR","NAN",null,"caiso_solar","NAN","unbundledrec","n/a"]
["_CREZ_UNBUNDLEDREC_SCADSNV_WIND","NAN",null,"caiso_wind","NAN","unbundledrec","n/a"]
["_CREZ_UNBUNDLEDREC_SOLANO_GEOTHERMAL","NAN",null,"caiso_geothermal","NAN","unbundledrec","n/a"]
["_CREZ_UNBUNDLEDREC_SOLANO_SOLAR","NAN",null,"caiso_solar","NAN","unbundledrec","n/a"]
["_CREZ_UNBUNDLEDREC_SOLANO_SUBZONE_SOLAR","NAN",null,"caiso_solar","NAN","unbundledrec","n/a"]
["_CREZ_UNBUNDLEDREC_SOLANO_SUBZONE_WIND","NAN",null,"caiso_wind","NAN","unbundledrec","n/a"]
["_CREZ_UNBUNDLEDREC_SOLANO_WIND","NAN",null,"caiso_wind","NAN","unbundledrec","n/a"]
["_CREZ_UNBUNDLEDREC_SOUTHERN_CALIFORNIA_DESERT_EX_SOLAR","NAN",null,"caiso_solar","NAN","unbundledrec","n/a"]
["_CREZ_UNBUNDLEDREC_SOUTHERN_CALIFORNIA_DESERT_EX_WIND","NAN",null,"caiso_wind","NAN","unbundledrec","n/a"]
["_CREZ_UNBUNDLEDREC_SOUTHERN_CA_DESERT_SOUTHERN_NV_SOLAR","NAN",null,"caiso_solar","NAN","unbundledrec","n/a"]
["_CREZ_UNBUNDLEDREC_SOUTHERN_CA_DESERT_SOUTHERN_NV_WIND","NAN",null,"caiso_wind","NAN","unbundledrec","n/a"]
["_CREZ_UNBUNDLEDREC_SOUTHERN_NEVADA_GEOTHERMAL","NAN",null,"caiso_geothermal","NAN","unbundledrec","n/a"]
["_CREZ_UNBUNDLEDREC_SOUTHERN_NEVADA_SOLAR","NAN",null,"caiso_solar","NAN","unbundledrec","n/a"]
["_CREZ_UNBUNDLEDREC_SOUTHERN_NEVADA_WIND","NAN",null,"caiso_wind","NAN","unbundledrec","n/a"]
["_CREZ_UNBUNDLEDREC_SW_BIOMASS","NAN",null,"caiso_biomass","NAN","unbundledrec","n/a"]
["_CREZ_UNBUNDLEDREC_SW_EXT_TX_WIND","NAN",null,"caiso_wind","NAN","unbundledrec","n/a"]
["_CREZ_UNBUNDLEDREC_TEHACHAPI_EX_SOLAR","NAN",null,"caiso_solar","NAN","unbundledrec","n/a"]
["_CREZ_UNBUNDLEDREC_TEHACHAPI_SOLAR","NAN",null,"caiso_solar","NAN","unbundledrec","n/a"]
["_CREZ_UNBUNDLEDREC_TEHACHAPI_WIND","NAN",null,"caiso_wind","NAN","unbundledrec","n/a"]
["_CREZ_UNBUNDLEDREC_UTAH_SOLAR","NAN",null,"caiso_solar","NAN","unbundledrec","n/a"]
["_CREZ_UNBUNDLEDREC_UTAH_WIND","NAN",null,"caiso_wind","NAN","unbundledrec","n/a"]
["_CREZ_UNBUNDLEDREC_WESTLANDS_EX_SOLAR","NAN",null,"caiso_solar","NAN","unbundledrec","n/a"]
["_CREZ_UNBUNDLEDREC_WESTLANDS_EX_WIND","NAN",null,"caiso_wind","NAN","unbundledrec","n/a"]
["_CREZ_UNBUNDLEDREC_WESTLANDS_SOLAR","NAN",null,"caiso_solar","NAN","unbundledrec","n/a"]
["_CREZ_UNBUNDLEDREC_WYOMING_WIND","NAN",null,"caiso_wind","NAN","unbundledrec","n/a"]
["_EXISTING_GENERIC_BATTERY_STORAGE","NAN",null,"caiso_battery","NAN","existinggeneric","hr_batteries"]
["_EXISTING_GENERIC_BIOGAS_LANDFILLGAS","NAN",null,"caiso_biomass","NAN","existinggeneric","biomass_wood"]
["_EXISTING_GENERIC_BIOMASS/WOOD","NAN",null,"caiso_biomass","NAN","existinggeneric","biomass_wood"]
["_EXISTING_GENERIC_COAL","NAN",null,"caiso_coal","NAN","existinggeneric","coal"]
["_EXISTING_GENERIC_COGEN","NAN",null,"caiso_chp","NAN","existinggeneric","cogen"]
["_EXISTING_GENERIC_COMBINED_CYCLE","NAN",null,"caiso_ccgt1","NAN","existinggeneric","gas_cc"]
["_EXISTING_GENERIC_DR","NAN",null,"caiso_dr","NAN","existinggeneric","demand_response"]
["_EXISTING_GENERIC_GEOTHERMAL","NAN",null,"caiso_geothermal","NAN","existinggeneric","geothermal"]
["_EXISTING_GENERIC_ICE","NAN",null,"caiso_reciprocating_engine","NAN","existinggeneric","ice"]
["_EXISTING_GENERIC_INSTATE_LARGE_HYDRO","NAN",null,"caiso_hydro","NAN","existinggeneric","hydro"]
["_EXISTING_GENERIC_INSTATE_SMALL_HYDRO","NAN",null,"caiso_hydro","NAN","existinggeneric","hydro"]
["_EXISTING_GENERIC_NUCLEAR","NAN",null,"caiso_nuclear","NAN","existinggeneric","nuclear"]
["_EXISTING_GENERIC_NW_HYDRO","NAN",null,"caiso_hydro","NAN","existinggeneric","hydro"]
["_EXISTING_GENERIC_PEAKER","NAN",null,"caiso_peaker1","NAN","existinggeneric","gas_ct"]
["_EXISTING_GENERIC_PUMPED_STORAGE_HYDRO","NAN",null,"caiso_pumped_hydro","NAN","existinggeneric","12hr_pumped_storage"]
["_EXISTING_GENERIC_SOLAR_1AXIS","NAN",null,"caiso_solar","NAN","existinggeneric","utility_pv"]
["_EXISTING_GENERIC_SOLAR_2AXIS","NAN",null,"caiso_solar","NAN","existinggeneric","utility_pv"]
["_EXISTING_GENERIC_SOLAR_FIXED","NAN",null,"caiso_solar","NAN","existinggeneric","utility_pv"]
["_EXISTING_GENERIC_SOLAR_THERMAL","NAN",null,"caiso_solar","NAN","existinggeneric","utility_pv"]
["_EXISTING_GENERIC_STEAM","NAN",null,"caiso_steam","NAN","existinggeneric","steam"]
["_EXISTING_GENERIC_UNKNOWN","NAN",null,"caiso_unknown","NAN","existinggeneric","n/a"]
["_EXISTING_GENERIC_WIND","NAN",null,"caiso_wind","NAN","existinggeneric","in_state_wind"]
["_NEW_BTM_DR","NAN",null,"caiso_loadmod","NAN","newloadmod","demand_response"]
["_NEW_BTM_EE","NAN",null,"caiso_loadmod","NAN","newloadmod","demand_response"]
["_NEW_BTM_RESOURCE","NAN",null,"caiso_loadmod","NAN","newloadmod","demand_response"]
["_NEW_DG","NAN",null,"caiso_loadmod","NAN","newloadmod","btm_pv"]
["_NEW_EV","NAN",null,"caiso_loadmod","NAN","newloadmod","demand_response"]
["_NEW_GENERIC_BATTERY_STORAGE","NAN",null,"caiso_battery","NAN","newgeneric","hr_batteries"]
["_NEW_GENERIC_BIOGAS_LANDFILLGAS","NAN",null,"caiso_biomass","NAN","newgeneric","biomass_wood"]
["_NEW_GENERIC_BIOMASS/WOOD","NAN",null,"caiso_biomass","NAN","newgeneric","biomass_wood"]
["_NEW_GENERIC_COAL","NAN",null,"caiso_coal","NAN","newgeneric","coal"]
["_NEW_GENERIC_COGEN","NAN",null,"caiso_chp","NAN","newgeneric","cogen"]
["_NEW_GENERIC_COMBINED_CYCLE","NAN",null,"caiso_ccgt1","NAN","newgeneric","gas_cc"]
["_NEW_GENERIC_DR","NAN",null,"caiso_dr","NAN","newgeneric","demand_response"]
["_NEW_GENERIC_GEOTHERMAL","NAN",null,"caiso_geothermal","NAN","newgeneric","geothermal"]
["_NEW_GENERIC_ICE","NAN",null,"caiso_reciprocating_engine","NAN","newgeneric","ice"]
["_NEW_GENERIC_INSTATE_LARGE_HYDRO","NAN",null,"caiso_hydro","NAN","newgeneric","hydro"]
["_NEW_GENERIC_INSTATE_SMALL_HYDRO","NAN",null,"caiso_hydro","NAN","newgeneric","hydro"]
["_NEW_GENERIC_NUCLEAR","NAN",null,"caiso_nuclear","NAN","newgeneric","nuclear"]
["_NEW_GENERIC_NW_HYDRO","NAN",null,"caiso_hydro","NAN","newgeneric","hydro"]
["_NEW_GENERIC_PEAKER","NAN",null,"caiso_peaker1","NAN","newgeneric","gas_ct"]
["_NEW_GENERIC_PUMPED_STORAGE_HYDRO","NAN",null,"caiso_pumped_hydro","NAN","newgeneric","12hr_pumped_storage"]
["_NEW_GENERIC_SOLAR_1AXIS","NAN",null,"caiso_solar","NAN","newgeneric","utility_pv"]
["_NEW_GENERIC_SOLAR_2AXIS","NAN",null,"caiso_solar","NAN","newgeneric","utility_pv"]
["_NEW_GENERIC_SOLAR_FIXED","NAN",null,"caiso_solar","NAN","newgeneric","utility_pv"]
["_NEW_GENERIC_SOLAR_THERMAL","NAN",null,"caiso_solar","NAN","newgeneric","utility_pv"]
["_NEW_GENERIC_STEAM","NAN",null,"caiso_steam","NAN","newgeneric","steam"]
["_NEW_GENERIC_UNKNOWN","NAN",null,"caiso_unknown","NAN","newgeneric","n/a"]
["_NEW_GENERIC_WIND","NAN",null,"caiso_wind","NAN","newgeneric","in_state_wind"]
["_NEW_TOU","NAN",null,"caiso_loadmod","NAN","newloadmod","demand_response"]
["_SUPPLIERS_CHOICE","NAN",null,"suppliers_choice","NAN","supplierschoice","n/a"]
["_UNSPECIFIED_NON_IMPORT","NAN",null,"unspecified_non_import","NAN","unspecifiednonimport","n/a"]

{"sheet":"lse_names","index":5,"n_rows":101,"n_cols":4,"rows_kept":101,"cut":false,"hidden":false,"merged":[]}
["lse","NAME","lse_type","lse_mmt_choice"]
["3PR","3 Phases Renewables","ESP"]
["APN","American PowerNet Management","ESP"]
["AVCE","Apple Valley Choice Energy","CCA"]
["CEI","Just Energy Solutions","ESP"]
["CES","Commercial Energy of Montana","ESP"]
["CNE","Constellation New Energy","ESP"]
["COBP","City of Baldwin Park","CCA"]
["COSB","City of Solana Beach","CCA"]
["CPA","Calpine Power America","ESP"]
["CPASC","Clean Power Alliance of Southern California","CCA"]
["CPSF","CleanPowerSF","CCA"]
["DCE","Desert Community Energy","CCA"]
["DEB","Direct Energy Business","ESP"]
["EBCE","East Bay Community Energy","CCA"]
["EIPS","EDF Industrial Power Services","ESP"]
["HANFORD","City of Hanford","CCA"]
["KCCP","King City Community Power","CCA"]
["LCE","Lancaster Choice Energy","CCA"]
["LPH","Liberty Power Holdings","ESP"]
["CCCE","Monterey Bay Community Power Authority","CCA"]
["MCE","Marin Clean Energy","CCA"]
["NES","Calpine Energy Solutions","ESP"]
["PALMDALE","City of Palmdale","CCA"]
["PCEA","Peninsula Clean Energy Authority","CCA"]
["PGE","Pacific Gas & Electric","IOU"]
["PIONEER","Pioneer Community Energy","CCA"]
["POMONA","City of Pomona","CCA"]
["PPG","Pilot Power Group","ESP"]
["PRIME","Pico Rivera Innovative Municipal Energy","CCA"]
["RCEA","Redwood Coast Energy Authority","CCA"]
["RMEA","Rancho Mirage Energy Authority","CCA"]
["SCE","Southern California Edison","IOU"]
["SDGE","San Diego Gas & Electric","IOU"]
["SENA","Shell Energy North America","ESP"]
["SJCE","San Jose Clean Energy","CCA"]
["SJP","San Jacinto Power","CCA"]
["SOMA","Sonoma Clean Power Authority","CCA"]
["SVCE","Silicon Valley Clean Energy Authority","CCA"]
["TNG","Tiger Natural Gas","ESP"]
["UC","University of California","ESP"]
["VCEA","Valley Clean Energy Alliance","CCA"]
["WCE","Western Community Energy","CCA"]
["PCORP","PacifiCorp","POU"]
["BVES","Bear Valley Electric Service","IOU"]
["LIB","Liberty Utilities","IOU"]
["BCE","Butte Choice Energy","CCA"]
["CEA","Clean Energy Alliance","CCA"]
["COM","City of Commerce","CCA"]
["SDCP","San Diego Community Power","CCA"]
["SBCE","Santa Barbara Clean Energy","CCA"]
["AGERA","Agera Energy, LLC","ESP"]
["GEXA","Gexa Energy California, LLC","ESP"]
["LPD","Liberty Power Delaware, LLC","ESP"]
["PALMCO","Palmco Power CA","ESP"]
["PRAX","Praxair Plainfield, Inc.","ESP"]
["TENA","Tenaska Power Services Co.","ESP"]
["YEP","Yep Energy","ESP"]
["ANZA","Anza Electric Cooperative","COOP"]
["PLUMAS","Plumas Sierra Rural Electric Cooperative","COOP"]
["SURPRISE","Surprise Valley Electrification Corporation","POU"]
["VEA","Valley Electric Association","COOP"]
["ANHM","Anaheim","CAISOPOU"]
["AZCO","Arizona Electric Power Cooperative","POU"]
["AZUA","Azusa","CAISOPOU"]
["BAN1","Banning","CAISOPOU"]
["BWPM","Burbank","POU"]
["CCSF","City and County San Francisco","CAISOPOU"]
["CLTN","Colton","CAISOPOU"]
["COR1","Corona","CAISOPOU"]
["CRCL","Cerritos","CAISOPOU"]
["GLEN","Glendale","POU"]
["IIDE","Imperial Irrigation District","POU"]
["INDU","Industry","CAISOPOU"]
["KIRK","Kirkwood","POU"]
["LADWP","LADWP","POU"]
["LASS","Lassen","CAISOPOU"]
["MEID","Merced","POU"]
["MID","Modesto Irrigation District","POU"]
["MVAL","Moreno Valley","CAISOPOU"]
["NCPA","Northern California Power Agency","CAISOPOU"]
["NEED","Needles","POU"]
["PASA","Pasadena","CAISOPOU"]
["PITT","Pittsburg","CAISOPOU"]
["PSTN","Stockton","CAISOPOU"]
["PWRPA","Power Water Resources Pooling Authority","CAISOPOU"]
["RCMU","Rancho Cucamonga","CAISOPOU"]
["RDG1","Redding","POU"]
["RSVL","Roseville","POU"]
["RVSD","Riverside","CAISOPOU"]
["SCOV","Shelter Cove","CAISOPOU"]
["SLAK","Shasta Lake","POU"]
["SMUD","SMUD","POU"]
["SNCL","Silicon Valley Power","CAISOPOU"]
["TIDM","Turlock Irrigation District","POU"]
["TRIN","Trinity","CAISOPOU"]
["TRUC","Truckee","POU"]
["VERN","Vernon","CAISOPOU"]
["VMUS","Victorville","CAISOPOU"]
["WEPA","Eastside Power Authority","CAISOPOU"]
["_OTHER","non-LSE supplier","_OTHER"]

{"sheet":"misc","index":6,"n_rows":93,"n_cols":54,"rows_kept":93,"cut":false,"hidden":false,"merged":[]}
["contract_status","bool","yes_no","Year","int_count","transact","cap_areas","cap_sub_areas","state_county","d1911016_tranches","d2106035_tranche ","energy_capacity_from_resource","Is_hybrid_or_colocated","csp_cat","hybrid_Paired_co_located","solar_Technology_sub_type","storage_Technology_sub_type","nqc_reporting_source","cam_d1911016_vamo_pcia",null,null,"30MMT ELCC (%)",null,null,null,null,null,null,null,null,null,null,null,null,null,null,null,null,"25MMT ELCC (%)"]
["Online",0,"YES","NA",0,"Buy","Humboldt",null,"AlpineCounty",null,null,"EnergyCapacity","NotHybrid","NA","NA","NA","Li","NA","CAM",null,null,"elcc_type",2021,2022,2023,2024,2025,2026,2027,2028,2029,2030,2031,2032,2033,2034,2035,null,"elcc_type",2021,2022,2023,2024,2025,2026,2027,2028,2029,2030,2031,2032,2033,2034,2035]
["PlannedExisting",1,"NO",1970,1,"Sell","NorthCoastNorthBay",null,"AmadorCounty",1,"2023_general","EnergyOnly","ExistingBiomassExistingStorage","Large Hydro (GWh)","paired","Fixed","Flow","In the contract","D.19-11-016",null,null,"in_state_wind",null,null,null,null,null,null,null,null,null,null,null,null,null,null,null,null,"in_state_wind"]
["Development",null,"NA",1971,2,null,"Sierra",null,"AlamedaCounty","1&2","2024_general","CapacityOnly","ExistingBiomassNewStorage","Imported Hydro (GWh)","co-located","Tracking ","Other","Calculated","VAMO",null,null,"out_of_state_wind",null,null,null,null,null,null,null,null,null,null,null,null,null,null,null,null,"out_of_state_wind"]
["PlannedNew",null,null,1972,3,null,"Stockton",null,"ButteCounty",2,"2025_general",null,"ExistingGeothermalExistingStorage","Nuclear (GWh)",null,null,null,null,"GHG-free PCIA",null,null,"offshore_wind",null,null,null,null,null,null,null,null,null,null,null,null,null,null,null,null,"offshore_wind"]
[null,null,null,1973,4,null,"GreaterBay",null,"CalaverasCounty","2&3","2023_ZE_gen_paired_dr",null,"ExistingGeothermalNewStorage","Biogas (GWh)",null,null,null,null,null,null,null,"utility_pv",null,null,null,null,null,null,null,null,null,null,null,null,null,null,null,null,"utility_pv"]
[null,null,null,1974,5,null,"GreaterFresno",null,"ColusaCounty",3,"2024_ZE_gen_paired_dr",null,"ExistingSolarExistingStorage","Biomass (GWh)",null,null,null,null,null,null,null,"btm_pv",null,null,null,null,null,null,null,null,null,null,null,null,null,null,null,null,"btm_pv"]
[null,null,null,1975,6,null,"Kern",null,"ContraCostaCounty","1&2&3","2025_ZE_gen_paired_dr ",null,"ExistingSolarNewStorage","Geothermal (GWh)",null,null,null,null,null,null,null,"4hr_batteries",null,null,null,null,null,null,null,null,null,null,null,null,null,null,null,null,"4hr_batteries"]
[null,null,null,1976,7,null,"BigCreekVentura",null,"DelNorteCounty",null,"2026_long_duration_storage",null,"ExistingThermalExistingStorage","Small Hydro (GWh)",null,null,null,null,null,null,null,"8hr_batteries",null,null,null,null,null,null,null,null,null,null,null,null,null,null,null,null,"8hr_batteries"]
[null,null,null,1977,8,null,"LABasin",null,"ElDoradoCounty",null,"2027_long_duration_storage_ext",null,"ExistingThermalNewStorage","Wind Existing California (GWh)",null,null,null,null,null,null,null,"demand_response",null,null,null,null,null,null,null,null,null,null,null,null,null,null,null,null,"demand_response"]
[null,null,null,1978,9,null,"SanDiegoImperialValley",null,"FresnoCounty",null,"2028_long_duration_storage_ext",null,"ExistingWindExistingStorage","Wind New PG&E (GWh)",null,null,null,null,null,null,null,"12hr_pumped_storage",null,null,null,null,null,null,null,null,null,null,null,null,null,null,null,null,"12hr_pumped_storage"]
[null,null,null,1979,10,null,"PacGE",null,"GlennCounty",null,"2026_firm_ZE",null,"ExistingWindNewStorage","Wind New SCE SDG&E (GWh)",null,null,null,null,null,null,null,"small_hydro",null,null,null,null,null,null,null,null,null,null,null,null,null,null,null,null,"small_hydro"]
[null,null,null,1980,11,null,"SCE",null,"HumboldtCounty",null,"2027_firm_ZE_ext",null,"NewBiomassExistingStorage","Wind Pacific Northwest (GWh)",null,null,null,null,null,null,null,"hydro",null,null,null,null,null,null,null,null,null,null,null,null,null,null,null,null,"hydro"]
[null,null,null,1981,12,null,"SDGE",null,"ImperialCounty",null,"2028_firm_ZE_ext  ",null,"NewBiomassNewStorage","Wind Wyoming (GWh)",null,null,null,null,null,null,null,"steam",null,null,null,null,null,null,null,null,null,null,null,null,null,null,null,null,"steam"]
[null,null,null,1982,13,null,"AVA",null,"InyoCounty",null,"2023_general_and_2024_general",null,"NewGeothermalExistingStorage","Wind New Mexico (GWh)",null,null,null,null,null,null,null,"geothermal",null,null,null,null,null,null,null,null,null,null,null,null,null,null,null,null,"geothermal"]
[null,null,null,1983,14,null,"AVRN",null,"KernCounty",null,"2023_general_2024_general_and _2025_general",null,"NewGeothermalNewStorage","Wind Offshore Morro Bay (GWh)",null,null,null,null,null,null,null,"biomass_wood",null,null,null,null,null,null,null,null,null,null,null,null,null,null,null,null,"biomass_wood"]
[null,null,null,1984,15,null,"AZPS",null,"KingsCounty",null,"2024_general_and_2025_general",null,"NewSolarExistingStorage","Wind Offshore Humboldt (GWh)",null,null,null,null,null,null,null,"biogas",null,null,null,null,null,null,null,null,null,null,null,null,null,null,null,null,"biogas"]
[null,null,null,1985,16,null,"BANC",null,"LakeCounty",null,"2023_ZE_gen_paired_dr_and_2024_ZE_gen_paired_dr",null,"NewSolarNewStorage","Solar Existing California (GWh)",null,null,null,null,null,null,null,"gas_cc",null,null,null,null,null,null,null,null,null,null,null,null,null,null,null,null,"gas_cc"]
[null,null,null,1986,17,null,"BPAT",null,"LassenCounty",null,"2023_ZE_gen_paired_dr_2024_ZE_gen_paired_dr_and_2025_ZE_gen_paired_dr",null,"NewThermalExistingStorage","Solar New PG&E (GWh)",null,null,null,null,null,null,null,"gas_ct",null,null,null,null,null,null,null,null,null,null,null,null,null,null,null,null,"gas_ct"]
[null,null,null,1987,18,null,"CHPD",null,"LosAngelesCounty",null,"2023_general_and_2023_ZE_gen_paired_dr",null,"NewThermalNewStorage","Solar New SCE SDG&E (GWh)",null,null,null,null,null,null,null,"ice",null,null,null,null,null,null,null,null,null,null,null,null,null,null,null,null,"ice"]
[null,null,null,1988,19,null,"CSTO",null,"MaderaCounty",null,"2024_general_and_2024_ZE_gen_paired_dr",null,"NewWindExistingStorage","Solar Distributed (GWh)",null,null,null,null,null,null,null,"nuclear",null,null,null,null,null,null,null,null,null,null,null,null,null,null,null,null,"nuclear"]
[null,null,null,1989,20,null,"DEAA",null,"MarinCounty",null,"2025_general_and_2025_ZE_gen_paired_dr",null,"NewWindNewStorage","Hybrid_or_Paired_Solar_and_Battery (GWh)",null,null,null,null,null,null,null,"coal",null,null,null,null,null,null,null,null,null,null,null,null,null,null,null,null,"coal"]
[null,null,null,1990,21,null,"DOPD",null,"MariposaCounty",null,null,null,null,"Shed DR (MW)",null,null,null,null,null,null,null,"cogen",null,null,null,null,null,null,null,null,null,null,null,null,null,null,null,null,"cogen"]
[null,null,null,1991,22,null,"EPE",null,"MendocinoCounty",null,null,null,null,"Pumped Storage (MW)",null,null,null,null,null,null,null,"unspecified_import",null,null,null,null,null,null,null,null,null,null,null,null,null,null,null,null,"unspecified_import"]
[null,null,null,1992,23,null,"GCPD",null,"MercedCounty",null,null,null,null,"Battery Storage (MWh Energy Capacity)"]
[null,null,null,1993,24,null,"GRIF",null,"ModocCounty",null,null,null,null,"User-Specified Profies"]
[null,null,null,1994,25,null,"GRIS",null,"MonoCounty",null,null,null,null,"RPS Resource (GWh)"]
[null,null,null,1995,26,null,"GRMA",null,"MontereyCounty",null,null,null,null,"GHG-free non-RPS Resource (GWh)"]
[null,null,null,1996,27,null,"GWA",null,"NapaCounty",null,null,null,null,"Coal (GWh)"]
[null,null,null,1997,28,null,"HGMA",null,"NevadaCounty"]
[null,null,null,1998,29,null,"IID",null,"OrangeCounty"]
[null,null,null,1999,30,null,"IPCO",null,"PlacerCounty"]
[null,null,null,2000,31,null,"LDWP",null,"PlumasCounty"]
[null,null,null,2001,null,null,"NEVP",null,"RiversideCounty"]
[null,null,null,2002,null,null,"NWMT",null,"SacramentoCounty"]
[null,null,null,2003,null,null,"PACE",null,"SanBenitoCounty"]
[null,null,null,2004,null,null,"PACW",null,"SanBernardinoCounty"]
[null,null,null,2005,null,null,"PortGE",null,"SanDiegoCounty"]
[null,null,null,2006,null,null,"PNM",null,"SanFrancisco"]
[null,null,null,2007,null,null,"PSCO",null,"SanJoaquinCounty"]
[null,null,null,2008,null,null,"PSEI",null,"SanLuisObispoCounty"]
[null,null,null,2009,null,null,"SCL",null,"SanMateoCounty"]
[null,null,null,2010,null,null,"SRP",null,"SantaBarbaraCounty"]
[null,null,null,2011,null,null,"SWPP",null,"SantaClaraCounty"]
[null,null,null,2012,null,null,"TEPC",null,"SantaCruzCounty"]
[null,null,null,2013,null,null,"TIDC",null,"ShastaCounty"]
[null,null,null,2014,null,null,"TPWR",null,"SierraCounty"]
[null,null,null,2015,null,null,"WACM",null,"SiskiyouCounty"]
[null,null,null,2016,null,null,"WALC",null,"SolanoCounty"]
[null,null,null,2017,null,null,"WAUW",null,"SonomaCounty"]
[null,null,null,2018,null,null,"WWA",null,"StanislausCounty"]
[null,null,null,2019,null,null,null,null,"SutterCounty"]
[null,null,null,2020,null,null,null,null,"TehamaCounty"]
[null,null,null,2021,null,null,null,null,"TrinityCounty"]
[null,null,null,2022,null,null,null,null,"TulareCounty"]
[null,null,null,2023,null,null,null,null,"TuolumneCounty"]
[null,null,null,2024,null,null,null,null,"VenturaCounty"]
[null,null,null,2025,null,null,null,null,"YoloCounty"]
[null,null,null,2026,null,null,null,null,"YubaCounty"]
[null,null,null,2027,null,null,null,null,"Washington"]
[null,null,null,2028,null,null,null,null,"Oregon"]
[null,null,null,2029,null,null,null,null,"California"]
[null,null,null,2030,null,null,null,null,"Idaho"]
[null,null,null,2031,null,null,null,null,"Nevada"]
[null,null,null,2032,null,null,null,null,"Utah"]
[null,null,null,2033,null,null,null,null,"Arizona"]
[null,null,null,2034,null,null,null,null,"Colorado"]
[null,null,null,2035,null,null,null,null,"Wyoming"]
[null,null,null,2036,null,null,null,null,"Montana"]
[null,null,null,2037,null,null,null,null,"SouthDakota"]
[null,null,null,2038,null,null,null,null,"NewMexico"]
[null,null,null,2039,null,null,null,null,"Texas"]
[null,null,null,2040,null,null,null,null,"BritishColumbiaCanada"]
[null,null,null,2041,null,null,null,null,"AlbertaCanada"]
[null,null,null,2042,null,null,null,null,"BajaCaliforniaMexico"]
[null,null,null,2043]
[null,null,null,2044]
[null,null,null,2045]
[null,null,null,2046]
[null,null,null,2047]
[null,null,null,2048]
[null,null,null,2049]
[null,null,null,2050]
[null,null,null,2051]
[null,null,null,2052]
[null,null,null,2053]
[null,null,null,2054]
[null,null,null,2055]
[null,null,null,2056]
[null,null,null,2057]
[null,null,null,2058]
[null,null,null,2059]
[null,null,null,2060]

{"sheet":"CPSReportSheet (2)","index":7,"n_rows":53,"n_cols":6,"rows_kept":53,"cut":false,"hidden":true,"merged":[]}
[]
[null,"Resource",2024,2026,2030,2035]
[null,"Large Hydro",{"$f":"SUMIFS(unique_contracts!BQ:BQ,unique_contracts!$AF:$AF,\"<>sell\",unique_contracts!$BR:$BR,\"=\"&$B3,unique_contracts!$AQ:$AQ,\"<=\"&C$2,unique_contracts!$AT:$AT,\">=\"&C$2)","v":0},{"$f":"SUMIFS(unique_contracts!BR:BR,unique_contracts!$AF:$AF,\"<>sell\",unique_contracts!$BR:$BR,\"=\"&$B3,unique_contracts!$AQ:$AQ,\"<=\"&D$2,unique_contracts!$AT:$AT,\">=\"&D$2)","v":0},{"$f":"SUMIFS(unique_contracts!BS:BS,unique_contracts!$AF:$AF,\"<>sell\",unique_contracts!$BR:$BR,\"=\"&$B3,unique_contracts!$AQ:$AQ,\"<=\"&E$2,unique_contracts!$AT:$AT,\">=\"&E$2)","v":0},{"$f":"SUMIFS(unique_contracts!BT:BT,unique_contracts!$AF:$AF,\"<>sell\",unique_contracts!$BR:$BR,\"=\"&$B3,unique_contracts!$AQ:$AQ,\"<=\"&F$2,unique_contracts!$AT:$AT,\">=\"&F$2)","v":0}]
[null,"Imported Hydro",{"$f":"SUMIFS(unique_contracts!BQ:BQ,unique_contracts!$AF:$AF,\"<>sell\",unique_contracts!$BR:$BR,\"=\"&$B4,unique_contracts!$AQ:$AQ,\"<=\"&C$2,unique_contracts!$AT:$AT,\">=\"&C$2)","v":0},{"$f":"SUMIFS(unique_contracts!BR:BR,unique_contracts!$AF:$AF,\"<>sell\",unique_contracts!$BR:$BR,\"=\"&$B4,unique_contracts!$AQ:$AQ,\"<=\"&D$2,unique_contracts!$AT:$AT,\">=\"&D$2)","v":0},{"$f":"SUMIFS(unique_contracts!BS:BS,unique_contracts!$AF:$AF,\"<>sell\",unique_contracts!$BR:$BR,\"=\"&$B4,unique_contracts!$AQ:$AQ,\"<=\"&E$2,unique_contracts!$AT:$AT,\">=\"&E$2)","v":0},{"$f":"SUMIFS(unique_contracts!BT:BT,unique_contracts!$AF:$AF,\"<>sell\",unique_contracts!$BR:$BR,\"=\"&$B4,unique_contracts!$AQ:$AQ,\"<=\"&F$2,unique_contracts!$AT:$AT,\">=\"&F$2)","v":0}]
[null,"Nuclear",{"$f":"SUMIFS(unique_contracts!BQ:BQ,unique_contracts!$AF:$AF,\"<>sell\",unique_contracts!$BR:$BR,\"=\"&$B5,unique_contracts!$AQ:$AQ,\"<=\"&C$2,unique_contracts!$AT:$AT,\">=\"&C$2)","v":0},{"$f":"SUMIFS(unique_contracts!BR:BR,unique_contracts!$AF:$AF,\"<>sell\",unique_contracts!$BR:$BR,\"=\"&$B5,unique_contracts!$AQ:$AQ,\"<=\"&D$2,unique_contracts!$AT:$AT,\">=\"&D$2)","v":0},{"$f":"SUMIFS(unique_contracts!BS:BS,unique_contracts!$AF:$AF,\"<>sell\",unique_contracts!$BR:$BR,\"=\"&$B5,unique_contracts!$AQ:$AQ,\"<=\"&E$2,unique_contracts!$AT:$AT,\">=\"&E$2)","v":0},{"$f":"SUMIFS(unique_contracts!BT:BT,unique_contracts!$AF:$AF,\"<>sell\",unique_contracts!$BR:$BR,\"=\"&$B5,unique_contracts!$AQ:$AQ,\"<=\"&F$2,unique_contracts!$AT:$AT,\">=\"&F$2)","v":0}]
[null,"Biogas",{"$f":"SUMIFS(unique_contracts!BQ:BQ,unique_contracts!$AF:$AF,\"<>sell\",unique_contracts!$BR:$BR,\"=\"&$B6,unique_contracts!$AQ:$AQ,\"<=\"&C$2,unique_contracts!$AT:$AT,\">=\"&C$2)","v":0},{"$f":"SUMIFS(unique_contracts!BR:BR,unique_contracts!$AF:$AF,\"<>sell\",unique_contracts!$BR:$BR,\"=\"&$B6,unique_contracts!$AQ:$AQ,\"<=\"&D$2,unique_contracts!$AT:$AT,\">=\"&D$2)","v":0},{"$f":"SUMIFS(unique_contracts!BS:BS,unique_contracts!$AF:$AF,\"<>sell\",unique_contracts!$BR:$BR,\"=\"&$B6,unique_contracts!$AQ:$AQ,\"<=\"&E$2,unique_contracts!$AT:$AT,\">=\"&E$2)","v":0},{"$f":"SUMIFS(unique_contracts!BT:BT,unique_contracts!$AF:$AF,\"<>sell\",unique_contracts!$BR:$BR,\"=\"&$B6,unique_contracts!$AQ:$AQ,\"<=\"&F$2,unique_contracts!$AT:$AT,\">=\"&F$2)","v":0}]
[null,"Biomass",{"$f":"SUMIFS(unique_contracts!BQ:BQ,unique_contracts!$AF:$AF,\"<>sell\",unique_contracts!$BR:$BR,\"=\"&$B7,unique_contracts!$AQ:$AQ,\"<=\"&C$2,unique_contracts!$AT:$AT,\">=\"&C$2)","v":0},{"$f":"SUMIFS(unique_contracts!BR:BR,unique_contracts!$AF:$AF,\"<>sell\",unique_contracts!$BR:$BR,\"=\"&$B7,unique_contracts!$AQ:$AQ,\"<=\"&D$2,unique_contracts!$AT:$AT,\">=\"&D$2)","v":0},{"$f":"SUMIFS(unique_contracts!BS:BS,unique_contracts!$AF:$AF,\"<>sell\",unique_contracts!$BR:$BR,\"=\"&$B7,unique_contracts!$AQ:$AQ,\"<=\"&E$2,unique_contracts!$AT:$AT,\">=\"&E$2)","v":0},{"$f":"SUMIFS(unique_contracts!BT:BT,unique_contracts!$AF:$AF,\"<>sell\",unique_contracts!$BR:$BR,\"=\"&$B7,unique_contracts!$AQ:$AQ,\"<=\"&F$2,unique_contracts!$AT:$AT,\">=\"&F$2)","v":0}]
[null,"Geothermal",{"$f":"SUMIFS(unique_contracts!BQ:BQ,unique_contracts!$AF:$AF,\"<>sell\",unique_contracts!$BR:$BR,\"=\"&$B8,unique_contracts!$AQ:$AQ,\"<=\"&C$2,unique_contracts!$AT:$AT,\">=\"&C$2)","v":0},{"$f":"SUMIFS(unique_contracts!BR:BR,unique_contracts!$AF:$AF,\"<>sell\",unique_contracts!$BR:$BR,\"=\"&$B8,unique_contracts!$AQ:$AQ,\"<=\"&D$2,unique_contracts!$AT:$AT,\">=\"&D$2)","v":0},{"$f":"SUMIFS(unique_contracts!BS:BS,unique_contracts!$AF:$AF,\"<>sell\",unique_contracts!$BR:$BR,\"=\"&$B8,unique_contracts!$AQ:$AQ,\"<=\"&E$2,unique_contracts!$AT:$AT,\">=\"&E$2)","v":0},{"$f":"SUMIFS(unique_contracts!BT:BT,unique_contracts!$AF:$AF,\"<>sell\",unique_contracts!$BR:$BR,\"=\"&$B8,unique_contracts!$AQ:$AQ,\"<=\"&F$2,unique_contracts!$AT:$AT,\">=\"&F$2)","v":0}]
[null,"Small Hydro",{"$f":"SUMIFS(unique_contracts!BQ:BQ,unique_contracts!$AF:$AF,\"<>sell\",unique_contracts!$BR:$BR,\"=\"&$B9,unique_contracts!$AQ:$AQ,\"<=\"&C$2,unique_contracts!$AT:$AT,\">=\"&C$2)","v":0},{"$f":"SUMIFS(unique_contracts!BR:BR,unique_contracts!$AF:$AF,\"<>sell\",unique_contracts!$BR:$BR,\"=\"&$B9,unique_contracts!$AQ:$AQ,\"<=\"&D$2,unique_contracts!$AT:$AT,\">=\"&D$2)","v":0},{"$f":"SUMIFS(unique_contracts!BS:BS,unique_contracts!$AF:$AF,\"<>sell\",unique_contracts!$BR:$BR,\"=\"&$B9,unique_contracts!$AQ:$AQ,\"<=\"&E$2,unique_contracts!$AT:$AT,\">=\"&E$2)","v":0},{"$f":"SUMIFS(unique_contracts!BT:BT,unique_contracts!$AF:$AF,\"<>sell\",unique_contracts!$BR:$BR,\"=\"&$B9,unique_contracts!$AQ:$AQ,\"<=\"&F$2,unique_contracts!$AT:$AT,\">=\"&F$2)","v":0}]
[null,"Existing Wind Resources"]
[null,"Existing CAISO Wind",{"$f":"SUMIFS(unique_contracts!BQ:BQ,unique_contracts!$AF:$AF,\"<>sell\",unique_contracts!$BR:$BR,\"=\"&$B11,unique_contracts!$AQ:$AQ,\"<=\"&C$2,unique_contracts!$AT:$AT,\">=\"&C$2)","v":0},{"$f":"SUMIFS(unique_contracts!BR:BR,unique_contracts!$AF:$AF,\"<>sell\",unique_contracts!$BR:$BR,\"=\"&$B11,unique_contracts!$AQ:$AQ,\"<=\"&D$2,unique_contracts!$AT:$AT,\">=\"&D$2)","v":0},{"$f":"SUMIFS(unique_contracts!BS:BS,unique_contracts!$AF:$AF,\"<>sell\",unique_contracts!$BR:$BR,\"=\"&$B11,unique_contracts!$AQ:$AQ,\"<=\"&E$2,unique_contracts!$AT:$AT,\">=\"&E$2)","v":0},{"$f":"SUMIFS(unique_contracts!BT:BT,unique_contracts!$AF:$AF,\"<>sell\",unique_contracts!$BR:$BR,\"=\"&$B11,unique_contracts!$AQ:$AQ,\"<=\"&F$2,unique_contracts!$AT:$AT,\">=\"&F$2)","v":0}]
[null,"Existing SW Wind",{"$f":"SUMIFS(unique_contracts!BQ:BQ,unique_contracts!$AF:$AF,\"<>sell\",unique_contracts!$BR:$BR,\"=\"&$B12,unique_contracts!$AQ:$AQ,\"<=\"&C$2,unique_contracts!$AT:$AT,\">=\"&C$2)","v":0},{"$f":"SUMIFS(unique_contracts!BR:BR,unique_contracts!$AF:$AF,\"<>sell\",unique_contracts!$BR:$BR,\"=\"&$B12,unique_contracts!$AQ:$AQ,\"<=\"&D$2,unique_contracts!$AT:$AT,\">=\"&D$2)","v":0},{"$f":"SUMIFS(unique_contracts!BS:BS,unique_contracts!$AF:$AF,\"<>sell\",unique_contracts!$BR:$BR,\"=\"&$B12,unique_contracts!$AQ:$AQ,\"<=\"&E$2,unique_contracts!$AT:$AT,\">=\"&E$2)","v":0},{"$f":"SUMIFS(unique_contracts!BT:BT,unique_contracts!$AF:$AF,\"<>sell\",unique_contracts!$BR:$BR,\"=\"&$B12,unique_contracts!$AQ:$AQ,\"<=\"&F$2,unique_contracts!$AT:$AT,\">=\"&F$2)","v":0}]
[null,"Existing NW Wind",{"$f":"SUMIFS(unique_contracts!BQ:BQ,unique_contracts!$AF:$AF,\"<>sell\",unique_contracts!$BR:$BR,\"=\"&$B13,unique_contracts!$AQ:$AQ,\"<=\"&C$2,unique_contracts!$AT:$AT,\">=\"&C$2)","v":0},{"$f":"SUMIFS(unique_contracts!BR:BR,unique_contracts!$AF:$AF,\"<>sell\",unique_contracts!$BR:$BR,\"=\"&$B13,unique_contracts!$AQ:$AQ,\"<=\"&D$2,unique_contracts!$AT:$AT,\">=\"&D$2)","v":0},{"$f":"SUMIFS(unique_contracts!BS:BS,unique_contracts!$AF:$AF,\"<>sell\",unique_contracts!$BR:$BR,\"=\"&$B13,unique_contracts!$AQ:$AQ,\"<=\"&E$2,unique_contracts!$AT:$AT,\">=\"&E$2)","v":0},{"$f":"SUMIFS(unique_contracts!BT:BT,unique_contracts!$AF:$AF,\"<>sell\",unique_contracts!$BR:$BR,\"=\"&$B13,unique_contracts!$AQ:$AQ,\"<=\"&F$2,unique_contracts!$AT:$AT,\">=\"&F$2)","v":0}]
[null,"Candidate Wind Resources"]
[null,"Generic_CA_Wind ",{"$f":"SUMIFS(unique_contracts!BQ:BQ,unique_contracts!$AF:$AF,\"<>sell\",unique_contracts!$BR:$BR,\"=\"&$B15,unique_contracts!$AQ:$AQ,\"<=\"&C$2,unique_contracts!$AT:$AT,\">=\"&C$2)","v":0},{"$f":"SUMIFS(unique_contracts!BR:BR,unique_contracts!$AF:$AF,\"<>sell\",unique_contracts!$BR:$BR,\"=\"&$B15,unique_contracts!$AQ:$AQ,\"<=\"&D$2,unique_contracts!$AT:$AT,\">=\"&D$2)","v":0},{"$f":"SUMIFS(unique_contracts!BS:BS,unique_contracts!$AF:$AF,\"<>sell\",unique_contracts!$BR:$BR,\"=\"&$B15,unique_contracts!$AQ:$AQ,\"<=\"&E$2,unique_contracts!$AT:$AT,\">=\"&E$2)","v":0},{"$f":"SUMIFS(unique_contracts!BT:BT,unique_contracts!$AF:$AF,\"<>sell\",unique_contracts!$BR:$BR,\"=\"&$B15,unique_contracts!$AQ:$AQ,\"<=\"&F$2,unique_contracts!$AT:$AT,\">=\"&F$2)","v":0}]
[null,"Southern_CA_Desert_Southern_NV_Wind",{"$f":"SUMIFS(unique_contracts!BQ:BQ,unique_contracts!$AF:$AF,\"<>sell\",unique_contracts!$BR:$BR,\"=\"&$B16,unique_contracts!$AQ:$AQ,\"<=\"&C$2,unique_contracts!$AT:$AT,\">=\"&C$2)","v":0},{"$f":"SUMIFS(unique_contracts!BR:BR,unique_contracts!$AF:$AF,\"<>sell\",unique_contracts!$BR:$BR,\"=\"&$B16,unique_contracts!$AQ:$AQ,\"<=\"&D$2,unique_contracts!$AT:$AT,\">=\"&D$2)","v":0},{"$f":"SUMIFS(unique_contracts!BS:BS,unique_contracts!$AF:$AF,\"<>sell\",unique_contracts!$BR:$BR,\"=\"&$B16,unique_contracts!$AQ:$AQ,\"<=\"&E$2,unique_contracts!$AT:$AT,\">=\"&E$2)","v":0},{"$f":"SUMIFS(unique_contracts!BT:BT,unique_contracts!$AF:$AF,\"<>sell\",unique_contracts!$BR:$BR,\"=\"&$B16,unique_contracts!$AQ:$AQ,\"<=\"&F$2,unique_contracts!$AT:$AT,\">=\"&F$2)","v":0}]
[null,"Tehachapi_Wind",{"$f":"SUMIFS(unique_contracts!BQ:BQ,unique_contracts!$AF:$AF,\"<>sell\",unique_contracts!$BR:$BR,\"=\"&$B17,unique_contracts!$AQ:$AQ,\"<=\"&C$2,unique_contracts!$AT:$AT,\">=\"&C$2)","v":0},{"$f":"SUMIFS(unique_contracts!BR:BR,unique_contracts!$AF:$AF,\"<>sell\",unique_contracts!$BR:$BR,\"=\"&$B17,unique_contracts!$AQ:$AQ,\"<=\"&D$2,unique_contracts!$AT:$AT,\">=\"&D$2)","v":0},{"$f":"SUMIFS(unique_contracts!BS:BS,unique_contracts!$AF:$AF,\"<>sell\",unique_contracts!$BR:$BR,\"=\"&$B17,unique_contracts!$AQ:$AQ,\"<=\"&E$2,unique_contracts!$AT:$AT,\">=\"&E$2)","v":0},{"$f":"SUMIFS(unique_contracts!BT:BT,unique_contracts!$AF:$AF,\"<>sell\",unique_contracts!$BR:$BR,\"=\"&$B17,unique_contracts!$AQ:$AQ,\"<=\"&F$2,unique_contracts!$AT:$AT,\">=\"&F$2)","v":0}]
[null,"Humboldt_Wind",{"$f":"SUMIFS(unique_contracts!BQ:BQ,unique_contracts!$AF:$AF,\"<>sell\",unique_contracts!$BR:$BR,\"=\"&$B18,unique_contracts!$AQ:$AQ,\"<=\"&C$2,unique_contracts!$AT:$AT,\">=\"&C$2)","v":0},{"$f":"SUMIFS(unique_contracts!BR:BR,unique_contracts!$AF:$AF,\"<>sell\",unique_contracts!$BR:$BR,\"=\"&$B18,unique_contracts!$AQ:$AQ,\"<=\"&D$2,unique_contracts!$AT:$AT,\">=\"&D$2)","v":0},{"$f":"SUMIFS(unique_contracts!BS:BS,unique_contracts!$AF:$AF,\"<>sell\",unique_contracts!$BR:$BR,\"=\"&$B18,unique_contracts!$AQ:$AQ,\"<=\"&E$2,unique_contracts!$AT:$AT,\">=\"&E$2)","v":0},{"$f":"SUMIFS(unique_contracts!BT:BT,unique_contracts!$AF:$AF,\"<>sell\",unique_contracts!$BR:$BR,\"=\"&$B18,unique_contracts!$AQ:$AQ,\"<=\"&F$2,unique_contracts!$AT:$AT,\">=\"&F$2)","v":0}]
[null,"Southern_PGE_Wind",{"$f":"SUMIFS(unique_contracts!BQ:BQ,unique_contracts!$AF:$AF,\"<>sell\",unique_contracts!$BR:$BR,\"=\"&$B19,unique_contracts!$AQ:$AQ,\"<=\"&C$2,unique_contracts!$AT:$AT,\">=\"&C$2)","v":0},{"$f":"SUMIFS(unique_contracts!BR:BR,unique_contracts!$AF:$AF,\"<>sell\",unique_contracts!$BR:$BR,\"=\"&$B19,unique_contracts!$AQ:$AQ,\"<=\"&D$2,unique_contracts!$AT:$AT,\">=\"&D$2)","v":0},{"$f":"SUMIFS(unique_contracts!BS:BS,unique_contracts!$AF:$AF,\"<>sell\",unique_contracts!$BR:$BR,\"=\"&$B19,unique_contracts!$AQ:$AQ,\"<=\"&E$2,unique_contracts!$AT:$AT,\">=\"&E$2)","v":0},{"$f":"SUMIFS(unique_contracts!BT:BT,unique_contracts!$AF:$AF,\"<>sell\",unique_contracts!$BR:$BR,\"=\"&$B19,unique_contracts!$AQ:$AQ,\"<=\"&F$2,unique_contracts!$AT:$AT,\">=\"&F$2)","v":0}]
[null,"Northern_California_Wind",{"$f":"SUMIFS(unique_contracts!BQ:BQ,unique_contracts!$AF:$AF,\"<>sell\",unique_contracts!$BR:$BR,\"=\"&$B20,unique_contracts!$AQ:$AQ,\"<=\"&C$2,unique_contracts!$AT:$AT,\">=\"&C$2)","v":0},{"$f":"SUMIFS(unique_contracts!BR:BR,unique_contracts!$AF:$AF,\"<>sell\",unique_contracts!$BR:$BR,\"=\"&$B20,unique_contracts!$AQ:$AQ,\"<=\"&D$2,unique_contracts!$AT:$AT,\">=\"&D$2)","v":0},{"$f":"SUMIFS(unique_contracts!BS:BS,unique_contracts!$AF:$AF,\"<>sell\",unique_contracts!$BR:$BR,\"=\"&$B20,unique_contracts!$AQ:$AQ,\"<=\"&E$2,unique_contracts!$AT:$AT,\">=\"&E$2)","v":0},{"$f":"SUMIFS(unique_contracts!BT:BT,unique_contracts!$AF:$AF,\"<>sell\",unique_contracts!$BR:$BR,\"=\"&$B20,unique_contracts!$AQ:$AQ,\"<=\"&F$2,unique_contracts!$AT:$AT,\">=\"&F$2)","v":0}]
[null,"New_Mexico_Wind",{"$f":"SUMIFS(unique_contracts!BQ:BQ,unique_contracts!$AF:$AF,\"<>sell\",unique_contracts!$BR:$BR,\"=\"&$B21,unique_contracts!$AQ:$AQ,\"<=\"&C$2,unique_contracts!$AT:$AT,\">=\"&C$2)","v":0},{"$f":"SUMIFS(unique_contracts!BR:BR,unique_contracts!$AF:$AF,\"<>sell\",unique_contracts!$BR:$BR,\"=\"&$B21,unique_contracts!$AQ:$AQ,\"<=\"&D$2,unique_contracts!$AT:$AT,\">=\"&D$2)","v":0},{"$f":"SUMIFS(unique_contracts!BS:BS,unique_contracts!$AF:$AF,\"<>sell\",unique_contracts!$BR:$BR,\"=\"&$B21,unique_contracts!$AQ:$AQ,\"<=\"&E$2,unique_contracts!$AT:$AT,\">=\"&E$2)","v":0},{"$f":"SUMIFS(unique_contracts!BT:BT,unique_contracts!$AF:$AF,\"<>sell\",unique_contracts!$BR:$BR,\"=\"&$B21,unique_contracts!$AQ:$AQ,\"<=\"&F$2,unique_contracts!$AT:$AT,\">=\"&F$2)","v":0}]
[null,"Wyoming_Wind",{"$f":"SUMIFS(unique_contracts!BQ:BQ,unique_contracts!$AF:$AF,\"<>sell\",unique_contracts!$BR:$BR,\"=\"&$B22,unique_contracts!$AQ:$AQ,\"<=\"&C$2,unique_contracts!$AT:$AT,\">=\"&C$2)","v":0},{"$f":"SUMIFS(unique_contracts!BR:BR,unique_contracts!$AF:$AF,\"<>sell\",unique_contracts!$BR:$BR,\"=\"&$B22,unique_contracts!$AQ:$AQ,\"<=\"&D$2,unique_contracts!$AT:$AT,\">=\"&D$2)","v":0},{"$f":"SUMIFS(unique_contracts!BS:BS,unique_contracts!$AF:$AF,\"<>sell\",unique_contracts!$BR:$BR,\"=\"&$B22,unique_contracts!$AQ:$AQ,\"<=\"&E$2,unique_contracts!$AT:$AT,\">=\"&E$2)","v":0},{"$f":"SUMIFS(unique_contracts!BT:BT,unique_contracts!$AF:$AF,\"<>sell\",unique_contracts!$BR:$BR,\"=\"&$B22,unique_contracts!$AQ:$AQ,\"<=\"&F$2,unique_contracts!$AT:$AT,\">=\"&F$2)","v":0}]
[null,"Pacific_Northwest_Wind",{"$f":"SUMIFS(unique_contracts!BQ:BQ,unique_contracts!$AF:$AF,\"<>sell\",unique_contracts!$BR:$BR,\"=\"&$B23,unique_contracts!$AQ:$AQ,\"<=\"&C$2,unique_contracts!$AT:$AT,\">=\"&C$2)","v":0},{"$f":"SUMIFS(unique_contracts!BR:BR,unique_contracts!$AF:$AF,\"<>sell\",unique_contracts!$BR:$BR,\"=\"&$B23,unique_contracts!$AQ:$AQ,\"<=\"&D$2,unique_contracts!$AT:$AT,\">=\"&D$2)","v":0},{"$f":"SUMIFS(unique_contracts!BS:BS,unique_contracts!$AF:$AF,\"<>sell\",unique_contracts!$BR:$BR,\"=\"&$B23,unique_contracts!$AQ:$AQ,\"<=\"&E$2,unique_contracts!$AT:$AT,\">=\"&E$2)","v":0},{"$f":"SUMIFS(unique_contracts!BT:BT,unique_contracts!$AF:$AF,\"<>sell\",unique_contracts!$BR:$BR,\"=\"&$B23,unique_contracts!$AQ:$AQ,\"<=\"&F$2,unique_contracts!$AT:$AT,\">=\"&F$2)","v":0}]
[null,"Humboldt_Bay_Offshore_Wind",{"$f":"SUMIFS(unique_contracts!BQ:BQ,unique_contracts!$AF:$AF,\"<>sell\",unique_contracts!$BR:$BR,\"=\"&$B24,unique_contracts!$AQ:$AQ,\"<=\"&C$2,unique_contracts!$AT:$AT,\">=\"&C$2)","v":0},{"$f":"SUMIFS(unique_contracts!BR:BR,unique_contracts!$AF:$AF,\"<>sell\",unique_contracts!$BR:$BR,\"=\"&$B24,unique_contracts!$AQ:$AQ,\"<=\"&D$2,unique_contracts!$AT:$AT,\">=\"&D$2)","v":0},{"$f":"SUMIFS(unique_contracts!BS:BS,unique_contracts!$AF:$AF,\"<>sell\",unique_contracts!$BR:$BR,\"=\"&$B24,unique_contracts!$AQ:$AQ,\"<=\"&E$2,unique_contracts!$AT:$AT,\">=\"&E$2)","v":0},{"$f":"SUMIFS(unique_contracts!BT:BT,unique_contracts!$AF:$AF,\"<>sell\",unique_contracts!$BR:$BR,\"=\"&$B24,unique_contracts!$AQ:$AQ,\"<=\"&F$2,unique_contracts!$AT:$AT,\">=\"&F$2)","v":0}]
[null,"Morro_Bay_Offshore_Wind",{"$f":"SUMIFS(unique_contracts!BQ:BQ,unique_contracts!$AF:$AF,\"<>sell\",unique_contracts!$BR:$BR,\"=\"&$B25,unique_contracts!$AQ:$AQ,\"<=\"&C$2,unique_contracts!$AT:$AT,\">=\"&C$2)","v":0},{"$f":"SUMIFS(unique_contracts!BR:BR,unique_contracts!$AF:$AF,\"<>sell\",unique_contracts!$BR:$BR,\"=\"&$B25,unique_contracts!$AQ:$AQ,\"<=\"&D$2,unique_contracts!$AT:$AT,\">=\"&D$2)","v":0},{"$f":"SUMIFS(unique_contracts!BS:BS,unique_contracts!$AF:$AF,\"<>sell\",unique_contracts!$BR:$BR,\"=\"&$B25,unique_contracts!$AQ:$AQ,\"<=\"&E$2,unique_contracts!$AT:$AT,\">=\"&E$2)","v":0},{"$f":"SUMIFS(unique_contracts!BT:BT,unique_contracts!$AF:$AF,\"<>sell\",unique_contracts!$BR:$BR,\"=\"&$B25,unique_contracts!$AQ:$AQ,\"<=\"&F$2,unique_contracts!$AT:$AT,\">=\"&F$2)","v":0}]
[null,"Existing Solar Resources"]
[null,"Existing CAISO Solar",{"$f":"SUMIFS(unique_contracts!BQ:BQ,unique_contracts!$AF:$AF,\"<>sell\",unique_contracts!$BR:$BR,\"=\"&$B27,unique_contracts!$AQ:$AQ,\"<=\"&C$2,unique_contracts!$AT:$AT,\">=\"&C$2)","v":0},{"$f":"SUMIFS(unique_contracts!BR:BR,unique_contracts!$AF:$AF,\"<>sell\",unique_contracts!$BR:$BR,\"=\"&$B27,unique_contracts!$AQ:$AQ,\"<=\"&D$2,unique_contracts!$AT:$AT,\">=\"&D$2)","v":0},{"$f":"SUMIFS(unique_contracts!BS:BS,unique_contracts!$AF:$AF,\"<>sell\",unique_contracts!$BR:$BR,\"=\"&$B27,unique_contracts!$AQ:$AQ,\"<=\"&E$2,unique_contracts!$AT:$AT,\">=\"&E$2)","v":0},{"$f":"SUMIFS(unique_contracts!BT:BT,unique_contracts!$AF:$AF,\"<>sell\",unique_contracts!$BR:$BR,\"=\"&$B27,unique_contracts!$AQ:$AQ,\"<=\"&F$2,unique_contracts!$AT:$AT,\">=\"&F$2)","v":0}]
[null,"Existing SW Solar",{"$f":"SUMIFS(unique_contracts!BQ:BQ,unique_contracts!$AF:$AF,\"<>sell\",unique_contracts!$BR:$BR,\"=\"&$B28,unique_contracts!$AQ:$AQ,\"<=\"&C$2,unique_contracts!$AT:$AT,\">=\"&C$2)","v":0},{"$f":"SUMIFS(unique_contracts!BR:BR,unique_contracts!$AF:$AF,\"<>sell\",unique_contracts!$BR:$BR,\"=\"&$B28,unique_contracts!$AQ:$AQ,\"<=\"&D$2,unique_contracts!$AT:$AT,\">=\"&D$2)","v":0},{"$f":"SUMIFS(unique_contracts!BS:BS,unique_contracts!$AF:$AF,\"<>sell\",unique_contracts!$BR:$BR,\"=\"&$B28,unique_contracts!$AQ:$AQ,\"<=\"&E$2,unique_contracts!$AT:$AT,\">=\"&E$2)","v":0},{"$f":"SUMIFS(unique_contracts!BT:BT,unique_contracts!$AF:$AF,\"<>sell\",unique_contracts!$BR:$BR,\"=\"&$B28,unique_contracts!$AQ:$AQ,\"<=\"&F$2,unique_contracts!$AT:$AT,\">=\"&F$2)","v":0}]
[null,"Existing IID Solar",{"$f":"SUMIFS(unique_contracts!BQ:BQ,unique_contracts!$AF:$AF,\"<>sell\",unique_contracts!$BR:$BR,\"=\"&$B29,unique_contracts!$AQ:$AQ,\"<=\"&C$2,unique_contracts!$AT:$AT,\">=\"&C$2)","v":0},{"$f":"SUMIFS(unique_contracts!BR:BR,unique_contracts!$AF:$AF,\"<>sell\",unique_contracts!$BR:$BR,\"=\"&$B29,unique_contracts!$AQ:$AQ,\"<=\"&D$2,unique_contracts!$AT:$AT,\">=\"&D$2)","v":0},{"$f":"SUMIFS(unique_contracts!BS:BS,unique_contracts!$AF:$AF,\"<>sell\",unique_contracts!$BR:$BR,\"=\"&$B29,unique_contracts!$AQ:$AQ,\"<=\"&E$2,unique_contracts!$AT:$AT,\">=\"&E$2)","v":0},{"$f":"SUMIFS(unique_contracts!BT:BT,unique_contracts!$AF:$AF,\"<>sell\",unique_contracts!$BR:$BR,\"=\"&$B29,unique_contracts!$AQ:$AQ,\"<=\"&F$2,unique_contracts!$AT:$AT,\">=\"&F$2)","v":0}]
[null,"Candidate Solar Resources"]
[null,"Distributed_Solar [Incremental to IEPR Forecast]",{"$f":"SUMIFS(unique_contracts!BQ:BQ,unique_contracts!$AF:$AF,\"<>sell\",unique_contracts!$BR:$BR,\"=\"&$B31,unique_contracts!$AQ:$AQ,\"<=\"&C$2,unique_contracts!$AT:$AT,\">=\"&C$2)","v":0},{"$f":"SUMIFS(unique_contracts!BR:BR,unique_contracts!$AF:$AF,\"<>sell\",unique_contracts!$BR:$BR,\"=\"&$B31,unique_contracts!$AQ:$AQ,\"<=\"&D$2,unique_contracts!$AT:$AT,\">=\"&D$2)","v":0},{"$f":"SUMIFS(unique_contracts!BS:BS,unique_contracts!$AF:$AF,\"<>sell\",unique_contracts!$BR:$BR,\"=\"&$B31,unique_contracts!$AQ:$AQ,\"<=\"&E$2,unique_contracts!$AT:$AT,\">=\"&E$2)","v":0},{"$f":"SUMIFS(unique_contracts!BT:BT,unique_contracts!$AF:$AF,\"<>sell\",unique_contracts!$BR:$BR,\"=\"&$B31,unique_contracts!$AQ:$AQ,\"<=\"&F$2,unique_contracts!$AT:$AT,\">=\"&F$2)","v":0}]
[null,"Generic_CA_Solar ",{"$f":"SUMIFS(unique_contracts!BQ:BQ,unique_contracts!$AF:$AF,\"<>sell\",unique_contracts!$BR:$BR,\"=\"&$B32,unique_contracts!$AQ:$AQ,\"<=\"&C$2,unique_contracts!$AT:$AT,\">=\"&C$2)","v":0},{"$f":"SUMIFS(unique_contracts!BR:BR,unique_contracts!$AF:$AF,\"<>sell\",unique_contracts!$BR:$BR,\"=\"&$B32,unique_contracts!$AQ:$AQ,\"<=\"&D$2,unique_contracts!$AT:$AT,\">=\"&D$2)","v":0},{"$f":"SUMIFS(unique_contracts!BS:BS,unique_contracts!$AF:$AF,\"<>sell\",unique_contracts!$BR:$BR,\"=\"&$B32,unique_contracts!$AQ:$AQ,\"<=\"&E$2,unique_contracts!$AT:$AT,\">=\"&E$2)","v":0},{"$f":"SUMIFS(unique_contracts!BT:BT,unique_contracts!$AF:$AF,\"<>sell\",unique_contracts!$BR:$BR,\"=\"&$B32,unique_contracts!$AQ:$AQ,\"<=\"&F$2,unique_contracts!$AT:$AT,\">=\"&F$2)","v":0}]
[null,"Southeastern_CA_Desert_Southern_NV_Solar",{"$f":"SUMIFS(unique_contracts!BQ:BQ,unique_contracts!$AF:$AF,\"<>sell\",unique_contracts!$BR:$BR,\"=\"&$B33,unique_contracts!$AQ:$AQ,\"<=\"&C$2,unique_contracts!$AT:$AT,\">=\"&C$2)","v":0},{"$f":"SUMIFS(unique_contracts!BR:BR,unique_contracts!$AF:$AF,\"<>sell\",unique_contracts!$BR:$BR,\"=\"&$B33,unique_contracts!$AQ:$AQ,\"<=\"&D$2,unique_contracts!$AT:$AT,\">=\"&D$2)","v":0},{"$f":"SUMIFS(unique_contracts!BS:BS,unique_contracts!$AF:$AF,\"<>sell\",unique_contracts!$BR:$BR,\"=\"&$B33,unique_contracts!$AQ:$AQ,\"<=\"&E$2,unique_contracts!$AT:$AT,\">=\"&E$2)","v":0},{"$f":"SUMIFS(unique_contracts!BT:BT,unique_contracts!$AF:$AF,\"<>sell\",unique_contracts!$BR:$BR,\"=\"&$B33,unique_contracts!$AQ:$AQ,\"<=\"&F$2,unique_contracts!$AT:$AT,\">=\"&F$2)","v":0}]
[null,"Riverside_Solar",{"$f":"SUMIFS(unique_contracts!BQ:BQ,unique_contracts!$AF:$AF,\"<>sell\",unique_contracts!$BR:$BR,\"=\"&$B34,unique_contracts!$AQ:$AQ,\"<=\"&C$2,unique_contracts!$AT:$AT,\">=\"&C$2)","v":0},{"$f":"SUMIFS(unique_contracts!BR:BR,unique_contracts!$AF:$AF,\"<>sell\",unique_contracts!$BR:$BR,\"=\"&$B34,unique_contracts!$AQ:$AQ,\"<=\"&D$2,unique_contracts!$AT:$AT,\">=\"&D$2)","v":0},{"$f":"SUMIFS(unique_contracts!BS:BS,unique_contracts!$AF:$AF,\"<>sell\",unique_contracts!$BR:$BR,\"=\"&$B34,unique_contracts!$AQ:$AQ,\"<=\"&E$2,unique_contracts!$AT:$AT,\">=\"&E$2)","v":0},{"$f":"SUMIFS(unique_contracts!BT:BT,unique_contracts!$AF:$AF,\"<>sell\",unique_contracts!$BR:$BR,\"=\"&$B34,unique_contracts!$AQ:$AQ,\"<=\"&F$2,unique_contracts!$AT:$AT,\">=\"&F$2)","v":0}]
[null,"Greater_Los_Angeles_Solar",{"$f":"SUMIFS(unique_contracts!BQ:BQ,unique_contracts!$AF:$AF,\"<>sell\",unique_contracts!$BR:$BR,\"=\"&$B35,unique_contracts!$AQ:$AQ,\"<=\"&C$2,unique_contracts!$AT:$AT,\">=\"&C$2)","v":0},{"$f":"SUMIFS(unique_contracts!BR:BR,unique_contracts!$AF:$AF,\"<>sell\",unique_contracts!$BR:$BR,\"=\"&$B35,unique_contracts!$AQ:$AQ,\"<=\"&D$2,unique_contracts!$AT:$AT,\">=\"&D$2)","v":0},{"$f":"SUMIFS(unique_contracts!BS:BS,unique_contracts!$AF:$AF,\"<>sell\",unique_contracts!$BR:$BR,\"=\"&$B35,unique_contracts!$AQ:$AQ,\"<=\"&E$2,unique_contracts!$AT:$AT,\">=\"&E$2)","v":0},{"$f":"SUMIFS(unique_contracts!BT:BT,unique_contracts!$AF:$AF,\"<>sell\",unique_contracts!$BR:$BR,\"=\"&$B35,unique_contracts!$AQ:$AQ,\"<=\"&F$2,unique_contracts!$AT:$AT,\">=\"&F$2)","v":0}]
[null,"Greater_Kramer_Solar",{"$f":"SUMIFS(unique_contracts!BQ:BQ,unique_contracts!$AF:$AF,\"<>sell\",unique_contracts!$BR:$BR,\"=\"&$B36,unique_contracts!$AQ:$AQ,\"<=\"&C$2,unique_contracts!$AT:$AT,\">=\"&C$2)","v":0},{"$f":"SUMIFS(unique_contracts!BR:BR,unique_contracts!$AF:$AF,\"<>sell\",unique_contracts!$BR:$BR,\"=\"&$B36,unique_contracts!$AQ:$AQ,\"<=\"&D$2,unique_contracts!$AT:$AT,\">=\"&D$2)","v":0},{"$f":"SUMIFS(unique_contracts!BS:BS,unique_contracts!$AF:$AF,\"<>sell\",unique_contracts!$BR:$BR,\"=\"&$B36,unique_contracts!$AQ:$AQ,\"<=\"&E$2,unique_contracts!$AT:$AT,\">=\"&E$2)","v":0},{"$f":"SUMIFS(unique_contracts!BT:BT,unique_contracts!$AF:$AF,\"<>sell\",unique_contracts!$BR:$BR,\"=\"&$B36,unique_contracts!$AQ:$AQ,\"<=\"&F$2,unique_contracts!$AT:$AT,\">=\"&F$2)","v":0}]
[null,"Tehachapi_Solar",{"$f":"SUMIFS(unique_contracts!BQ:BQ,unique_contracts!$AF:$AF,\"<>sell\",unique_contracts!$BR:$BR,\"=\"&$B37,unique_contracts!$AQ:$AQ,\"<=\"&C$2,unique_contracts!$AT:$AT,\">=\"&C$2)","v":0},{"$f":"SUMIFS(unique_contracts!BR:BR,unique_contracts!$AF:$AF,\"<>sell\",unique_contracts!$BR:$BR,\"=\"&$B37,unique_contracts!$AQ:$AQ,\"<=\"&D$2,unique_contracts!$AT:$AT,\">=\"&D$2)","v":0},{"$f":"SUMIFS(unique_contracts!BS:BS,unique_contracts!$AF:$AF,\"<>sell\",unique_contracts!$BR:$BR,\"=\"&$B37,unique_contracts!$AQ:$AQ,\"<=\"&E$2,unique_contracts!$AT:$AT,\">=\"&E$2)","v":0},{"$f":"SUMIFS(unique_contracts!BT:BT,unique_contracts!$AF:$AF,\"<>sell\",unique_contracts!$BR:$BR,\"=\"&$B37,unique_contracts!$AQ:$AQ,\"<=\"&F$2,unique_contracts!$AT:$AT,\">=\"&F$2)","v":0}]
[null,"Southern_PGE_Solar",{"$f":"SUMIFS(unique_contracts!BQ:BQ,unique_contracts!$AF:$AF,\"<>sell\",unique_contracts!$BR:$BR,\"=\"&$B38,unique_contracts!$AQ:$AQ,\"<=\"&C$2,unique_contracts!$AT:$AT,\">=\"&C$2)","v":0},{"$f":"SUMIFS(unique_contracts!BR:BR,unique_contracts!$AF:$AF,\"<>sell\",unique_contracts!$BR:$BR,\"=\"&$B38,unique_contracts!$AQ:$AQ,\"<=\"&D$2,unique_contracts!$AT:$AT,\">=\"&D$2)","v":0},{"$f":"SUMIFS(unique_contracts!BS:BS,unique_contracts!$AF:$AF,\"<>sell\",unique_contracts!$BR:$BR,\"=\"&$B38,unique_contracts!$AQ:$AQ,\"<=\"&E$2,unique_contracts!$AT:$AT,\">=\"&E$2)","v":0},{"$f":"SUMIFS(unique_contracts!BT:BT,unique_contracts!$AF:$AF,\"<>sell\",unique_contracts!$BR:$BR,\"=\"&$B38,unique_contracts!$AQ:$AQ,\"<=\"&F$2,unique_contracts!$AT:$AT,\">=\"&F$2)","v":0}]
[null,"Northern_California_Solar",{"$f":"SUMIFS(unique_contracts!BQ:BQ,unique_contracts!$AF:$AF,\"<>sell\",unique_contracts!$BR:$BR,\"=\"&$B39,unique_contracts!$AQ:$AQ,\"<=\"&C$2,unique_contracts!$AT:$AT,\">=\"&C$2)","v":0},{"$f":"SUMIFS(unique_contracts!BR:BR,unique_contracts!$AF:$AF,\"<>sell\",unique_contracts!$BR:$BR,\"=\"&$B39,unique_contracts!$AQ:$AQ,\"<=\"&D$2,unique_contracts!$AT:$AT,\">=\"&D$2)","v":0},{"$f":"SUMIFS(unique_contracts!BS:BS,unique_contracts!$AF:$AF,\"<>sell\",unique_contracts!$BR:$BR,\"=\"&$B39,unique_contracts!$AQ:$AQ,\"<=\"&E$2,unique_contracts!$AT:$AT,\">=\"&E$2)","v":0},{"$f":"SUMIFS(unique_contracts!BT:BT,unique_contracts!$AF:$AF,\"<>sell\",unique_contracts!$BR:$BR,\"=\"&$B39,unique_contracts!$AQ:$AQ,\"<=\"&F$2,unique_contracts!$AT:$AT,\">=\"&F$2)","v":0}]
[null,"Hybrid"]
[null,"Solar-battery hybrid",{"$f":"SUMIFS(unique_contracts!BQ:BQ,unique_contracts!$AF:$AF,\"<>sell\",unique_contracts!$BR:$BR,\"=\"&$B41,unique_contracts!$AQ:$AQ,\"<=\"&C$2,unique_contracts!$AT:$AT,\">=\"&C$2)","v":0},{"$f":"SUMIFS(unique_contracts!BR:BR,unique_contracts!$AF:$AF,\"<>sell\",unique_contracts!$BR:$BR,\"=\"&$B41,unique_contracts!$AQ:$AQ,\"<=\"&D$2,unique_contracts!$AT:$AT,\">=\"&D$2)","v":0},{"$f":"SUMIFS(unique_contracts!BS:BS,unique_contracts!$AF:$AF,\"<>sell\",unique_contracts!$BR:$BR,\"=\"&$B41,unique_contracts!$AQ:$AQ,\"<=\"&E$2,unique_contracts!$AT:$AT,\">=\"&E$2)","v":0},{"$f":"SUMIFS(unique_contracts!BT:BT,unique_contracts!$AF:$AF,\"<>sell\",unique_contracts!$BR:$BR,\"=\"&$B41,unique_contracts!$AQ:$AQ,\"<=\"&F$2,unique_contracts!$AT:$AT,\">=\"&F$2)","v":0}]
[null,"Storage & DR",{"$f":"SUMIFS(unique_contracts!BQ:BQ,unique_contracts!$AF:$AF,\"<>sell\",unique_contracts!$BR:$BR,\"=\"&$B42,unique_contracts!$AQ:$AQ,\"<=\"&C$2,unique_contracts!$AT:$AT,\">=\"&C$2)","v":0},{"$f":"SUMIFS(unique_contracts!BR:BR,unique_contracts!$AF:$AF,\"<>sell\",unique_contracts!$BR:$BR,\"=\"&$B42,unique_contracts!$AQ:$AQ,\"<=\"&D$2,unique_contracts!$AT:$AT,\">=\"&D$2)","v":0},{"$f":"SUMIFS(unique_contracts!BS:BS,unique_contracts!$AF:$AF,\"<>sell\",unique_contracts!$BR:$BR,\"=\"&$B42,unique_contracts!$AQ:$AQ,\"<=\"&E$2,unique_contracts!$AT:$AT,\">=\"&E$2)","v":0},{"$f":"SUMIFS(unique_contracts!BT:BT,unique_contracts!$AF:$AF,\"<>sell\",unique_contracts!$BR:$BR,\"=\"&$B42,unique_contracts!$AQ:$AQ,\"<=\"&F$2,unique_contracts!$AT:$AT,\">=\"&F$2)","v":0}]
[null,"Shed DR",{"$f":"SUMIFS(unique_contracts!BQ:BQ,unique_contracts!$AF:$AF,\"<>sell\",unique_contracts!$BR:$BR,\"=\"&$B43,unique_contracts!$AQ:$AQ,\"<=\"&C$2,unique_contracts!$AT:$AT,\">=\"&C$2)","v":0},{"$f":"SUMIFS(unique_contracts!BR:BR,unique_contracts!$AF:$AF,\"<>sell\",unique_contracts!$BR:$BR,\"=\"&$B43,unique_contracts!$AQ:$AQ,\"<=\"&D$2,unique_contracts!$AT:$AT,\">=\"&D$2)","v":0},{"$f":"SUMIFS(unique_contracts!BS:BS,unique_contracts!$AF:$AF,\"<>sell\",unique_contracts!$BR:$BR,\"=\"&$B43,unique_contracts!$AQ:$AQ,\"<=\"&E$2,unique_contracts!$AT:$AT,\">=\"&E$2)","v":0},{"$f":"SUMIFS(unique_contracts!BT:BT,unique_contracts!$AF:$AF,\"<>sell\",unique_contracts!$BR:$BR,\"=\"&$B43,unique_contracts!$AQ:$AQ,\"<=\"&F$2,unique_contracts!$AT:$AT,\">=\"&F$2)","v":0}]
[null,"Pumped Storage",{"$f":"SUMIFS(unique_contracts!BQ:BQ,unique_contracts!$AF:$AF,\"<>sell\",unique_contracts!$BR:$BR,\"=\"&$B44,unique_contracts!$AQ:$AQ,\"<=\"&C$2,unique_contracts!$AT:$AT,\">=\"&C$2)","v":0},{"$f":"SUMIFS(unique_contracts!BR:BR,unique_contracts!$AF:$AF,\"<>sell\",unique_contracts!$BR:$BR,\"=\"&$B44,unique_contracts!$AQ:$AQ,\"<=\"&D$2,unique_contracts!$AT:$AT,\">=\"&D$2)","v":0},{"$f":"SUMIFS(unique_contracts!BS:BS,unique_contracts!$AF:$AF,\"<>sell\",unique_contracts!$BR:$BR,\"=\"&$B44,unique_contracts!$AQ:$AQ,\"<=\"&E$2,unique_contracts!$AT:$AT,\">=\"&E$2)","v":0},{"$f":"SUMIFS(unique_contracts!BT:BT,unique_contracts!$AF:$AF,\"<>sell\",unique_contracts!$BR:$BR,\"=\"&$B44,unique_contracts!$AQ:$AQ,\"<=\"&F$2,unique_contracts!$AT:$AT,\">=\"&F$2)","v":0}]
[null,"Battery Storage",{"$f":"SUMIFS(unique_contracts!BQ:BQ,unique_contracts!$AF:$AF,\"<>sell\",unique_contracts!$BR:$BR,\"=\"&$B45,unique_contracts!$AQ:$AQ,\"<=\"&C$2,unique_contracts!$AT:$AT,\">=\"&C$2)","v":0},{"$f":"SUMIFS(unique_contracts!BR:BR,unique_contracts!$AF:$AF,\"<>sell\",unique_contracts!$BR:$BR,\"=\"&$B45,unique_contracts!$AQ:$AQ,\"<=\"&D$2,unique_contracts!$AT:$AT,\">=\"&D$2)","v":0},{"$f":"SUMIFS(unique_contracts!BS:BS,unique_contracts!$AF:$AF,\"<>sell\",unique_contracts!$BR:$BR,\"=\"&$B45,unique_contracts!$AQ:$AQ,\"<=\"&E$2,unique_contracts!$AT:$AT,\">=\"&E$2)","v":0},{"$f":"SUMIFS(unique_contracts!BT:BT,unique_contracts!$AF:$AF,\"<>sell\",unique_contracts!$BR:$BR,\"=\"&$B45,unique_contracts!$AQ:$AQ,\"<=\"&F$2,unique_contracts!$AT:$AT,\">=\"&F$2)","v":0}]
[null,"User-Specified Profies",{"$f":"SUMIFS(unique_contracts!BQ:BQ,unique_contracts!$AF:$AF,\"<>sell\",unique_contracts!$BR:$BR,\"=\"&$B46,unique_contracts!$AQ:$AQ,\"<=\"&C$2,unique_contracts!$AT:$AT,\">=\"&C$2)","v":0},{"$f":"SUMIFS(unique_contracts!BR:BR,unique_contracts!$AF:$AF,\"<>sell\",unique_contracts!$BR:$BR,\"=\"&$B46,unique_contracts!$AQ:$AQ,\"<=\"&D$2,unique_contracts!$AT:$AT,\">=\"&D$2)","v":0},{"$f":"SUMIFS(unique_contracts!BS:BS,unique_contracts!$AF:$AF,\"<>sell\",unique_contracts!$BR:$BR,\"=\"&$B46,unique_contracts!$AQ:$AQ,\"<=\"&E$2,unique_contracts!$AT:$AT,\">=\"&E$2)","v":0},{"$f":"SUMIFS(unique_contracts!BT:BT,unique_contracts!$AF:$AF,\"<>sell\",unique_contracts!$BR:$BR,\"=\"&$B46,unique_contracts!$AQ:$AQ,\"<=\"&F$2,unique_contracts!$AT:$AT,\">=\"&F$2)","v":0}]
[null,"RPS Resource",{"$f":"SUMIFS(unique_contracts!BQ:BQ,unique_contracts!$AF:$AF,\"<>sell\",unique_contracts!$BR:$BR,\"=\"&$B47,unique_contracts!$AQ:$AQ,\"<=\"&C$2,unique_contracts!$AT:$AT,\">=\"&C$2)","v":0},{"$f":"SUMIFS(unique_contracts!BR:BR,unique_contracts!$AF:$AF,\"<>sell\",unique_contracts!$BR:$BR,\"=\"&$B47,unique_contracts!$AQ:$AQ,\"<=\"&D$2,unique_contracts!$AT:$AT,\">=\"&D$2)","v":0},{"$f":"SUMIFS(unique_contracts!BS:BS,unique_contracts!$AF:$AF,\"<>sell\",unique_contracts!$BR:$BR,\"=\"&$B47,unique_contracts!$AQ:$AQ,\"<=\"&E$2,unique_contracts!$AT:$AT,\">=\"&E$2)","v":0},{"$f":"SUMIFS(unique_contracts!BT:BT,unique_contracts!$AF:$AF,\"<>sell\",unique_contracts!$BR:$BR,\"=\"&$B47,unique_contracts!$AQ:$AQ,\"<=\"&F$2,unique_contracts!$AT:$AT,\">=\"&F$2)","v":0}]
[null,"GHG-free non-RPS Resource",{"$f":"SUMIFS(unique_contracts!BQ:BQ,unique_contracts!$AF:$AF,\"<>sell\",unique_contracts!$BR:$BR,\"=\"&$B48,unique_contracts!$AQ:$AQ,\"<=\"&C$2,unique_contracts!$AT:$AT,\">=\"&C$2)","v":0},{"$f":"SUMIFS(unique_contracts!BR:BR,unique_contracts!$AF:$AF,\"<>sell\",unique_contracts!$BR:$BR,\"=\"&$B48,unique_contracts!$AQ:$AQ,\"<=\"&D$2,unique_contracts!$AT:$AT,\">=\"&D$2)","v":0},{"$f":"SUMIFS(unique_contracts!BS:BS,unique_contracts!$AF:$AF,\"<>sell\",unique_contracts!$BR:$BR,\"=\"&$B48,unique_contracts!$AQ:$AQ,\"<=\"&E$2,unique_contracts!$AT:$AT,\">=\"&E$2)","v":0},{"$f":"SUMIFS(unique_contracts!BT:BT,unique_contracts!$AF:$AF,\"<>sell\",unique_contracts!$BR:$BR,\"=\"&$B48,unique_contracts!$AQ:$AQ,\"<=\"&F$2,unique_contracts!$AT:$AT,\">=\"&F$2)","v":0}]
[null,"Coal"]
[null,"Coal",{"$f":"SUMIFS(unique_contracts!BQ:BQ,unique_contracts!$AF:$AF,\"<>sell\",unique_contracts!$BR:$BR,\"=\"&$B50,unique_contracts!$AQ:$AQ,\"<=\"&C$2,unique_contracts!$AT:$AT,\">=\"&C$2)","v":0},{"$f":"SUMIFS(unique_contracts!BR:BR,unique_contracts!$AF:$AF,\"<>sell\",unique_contracts!$BR:$BR,\"=\"&$B50,unique_contracts!$AQ:$AQ,\"<=\"&D$2,unique_contracts!$AT:$AT,\">=\"&D$2)","v":0},{"$f":"SUMIFS(unique_contracts!BS:BS,unique_contracts!$AF:$AF,\"<>sell\",unique_contracts!$BR:$BR,\"=\"&$B50,unique_contracts!$AQ:$AQ,\"<=\"&E$2,unique_contracts!$AT:$AT,\">=\"&E$2)","v":0},{"$f":"SUMIFS(unique_contracts!BT:BT,unique_contracts!$AF:$AF,\"<>sell\",unique_contracts!$BR:$BR,\"=\"&$B50,unique_contracts!$AQ:$AQ,\"<=\"&F$2,unique_contracts!$AT:$AT,\">=\"&F$2)","v":0}]
[]
[null,"Unspecified CSP Category (invalid entry)"]
[null,"Unspecified",{"$f":"SUMIFS(unique_contracts!BQ:BQ,unique_contracts!$AF:$AF,\"<>sell\",unique_contracts!$BR:$BR,\"=\"&\"\",unique_contracts!$AQ:$AQ,\"<=\"&C$2,unique_contracts!$AT:$AT,\">=\"&C$2)","v":0},{"$f":"SUMIFS(unique_contracts!BR:BR,unique_contracts!$AF:$AF,\"<>sell\",unique_contracts!$BR:$BR,\"=\"&\"\",unique_contracts!$AQ:$AQ,\"<=\"&D$2,unique_contracts!$AT:$AT,\">=\"&D$2)","v":0},{"$f":"SUMIFS(unique_contracts!BS:BS,unique_contracts!$AF:$AF,\"<>sell\",unique_contracts!$BR:$BR,\"=\"&\"\",unique_contracts!$AQ:$AQ,\"<=\"&E$2,unique_contracts!$AT:$AT,\">=\"&E$2)","v":0},{"$f":"SUMIFS(unique_contracts!BT:BT,unique_contracts!$AF:$AF,\"<>sell\",unique_contracts!$BR:$BR,\"=\"&\"\",unique_contracts!$AQ:$AQ,\"<=\"&F$2,unique_contracts!$AT:$AT,\">=\"&F$2)","v":0}]

{"sheet":"Reliability","index":8,"n_rows":211,"n_cols":19,"rows_kept":211,"cut":false,"hidden":false,"merged":[]}
[]
[null,null,30,"MMT"]
[]
[]
[null,null,"Reliability Need"]
[null,null,null,null,2021,2022,2023,2024,2025,2026,2027,2028,2029,2030,2031,2032,2033,2034,2035]
[null,null,"Modified Peak (MW)"]
[null,null,"PRM (%)"]
[null,null,"Reliability Need (MW)",null,{"$f":"E7*(1+E8)","v":0},{"$f":"F7*(1+F8)","v":0},0,0,0,0,0,0,0,0,0,0,0,0,0]
[]
[]
[null,null,"BTM PV"]
[null,null,null,null,2021,2022,2023,2024,2025,2026,2027,2028,2029,2030,2031,2032,2033,2034,2035]
[null,null,"Installed Capacity (MW)"]
[]
[]
[null,null,"ELCC (%)"]
[null,null,"Resource Type",null,2021,2022,2023,2024,2025,2026,2027,2028,2029,2030,2031,2032,2033,2034,2035]
[null,null,"in_state_wind",null,{"$f":"IF($C$2=30,misc!W3,misc!AN3)","v":0},{"$f":"IF($C$2=30,misc!X3,misc!AO3)","v":0},{"$f":"IF($C$2=30,misc!Y3,misc!AP3)","v":0},{"$f":"IF($C$2=30,misc!Z3,misc!AQ3)","v":0},{"$f":"IF($C$2=30,misc!AA3,misc!AR3)","v":0},{"$f":"IF($C$2=30,misc!AB3,misc!AS3)","v":0},{"$f":"IF($C$2=30,misc!AC3,misc!AT3)","v":0},{"$f":"IF($C$2=30,misc!AD3,misc!AU3)","v":0},{"$f":"IF($C$2=30,misc!AE3,misc!AV3)","v":0},{"$f":"IF($C$2=30,misc!AF3,misc!AW3)","v":0},{"$f":"IF($C$2=30,misc!AG3,misc!AX3)","v":0},{"$f":"IF($C$2=30,misc!AH3,misc!AY3)","v":0},{"$f":"IF($C$2=30,misc!AI3,misc!AZ3)","v":0},{"$f":"IF($C$2=30,misc!AJ3,misc!BA3)","v":0},{"$f":"IF($C$2=30,misc!AK3,misc!BB3)","v":0}]
[null,null,"out_of_state_wind",null,{"$f":"IF($C$2=30,misc!W4,misc!AN4)","v":0},{"$f":"IF($C$2=30,misc!X4,misc!AO4)","v":0},{"$f":"IF($C$2=30,misc!Y4,misc!AP4)","v":0},{"$f":"IF($C$2=30,misc!Z4,misc!AQ4)","v":0},{"$f":"IF($C$2=30,misc!AA4,misc!AR4)","v":0},{"$f":"IF($C$2=30,misc!AB4,misc!AS4)","v":0},{"$f":"IF($C$2=30,misc!AC4,misc!AT4)","v":0},{"$f":"IF($C$2=30,misc!AD4,misc!AU4)","v":0},{"$f":"IF($C$2=30,misc!AE4,misc!AV4)","v":0},{"$f":"IF($C$2=30,misc!AF4,misc!AW4)","v":0},{"$f":"IF($C$2=30,misc!AG4,misc!AX4)","v":0},{"$f":"IF($C$2=30,misc!AH4,misc!AY4)","v":0},{"$f":"IF($C$2=30,misc!AI4,misc!AZ4)","v":0},{"$f":"IF($C$2=30,misc!AJ4,misc!BA4)","v":0},{"$f":"IF($C$2=30,misc!AK4,misc!BB4)","v":0}]
[null,null,"offshore_wind",null,{"$f":"IF($C$2=30,misc!W5,misc!AN5)","v":0},{"$f":"IF($C$2=30,misc!X5,misc!AO5)","v":0},{"$f":"IF($C$2=30,misc!Y5,misc!AP5)","v":0},{"$f":"IF($C$2=30,misc!Z5,misc!AQ5)","v":0},{"$f":"IF($C$2=30,misc!AA5,misc!AR5)","v":0},{"$f":"IF($C$2=30,misc!AB5,misc!AS5)","v":0},{"$f":"IF($C$2=30,misc!AC5,misc!AT5)","v":0},{"$f":"IF($C$2=30,misc!AD5,misc!AU5)","v":0},{"$f":"IF($C$2=30,misc!AE5,misc!AV5)","v":0},{"$f":"IF($C$2=30,misc!AF5,misc!AW5)","v":0},{"$f":"IF($C$2=30,misc!AG5,misc!AX5)","v":0},{"$f":"IF($C$2=30,misc!AH5,misc!AY5)","v":0},{"$f":"IF($C$2=30,misc!AI5,misc!AZ5)","v":0},{"$f":"IF($C$2=30,misc!AJ5,misc!BA5)","v":0},{"$f":"IF($C$2=30,misc!AK5,misc!BB5)","v":0}]
[null,null,"utility_pv",null,{"$f":"IF($C$2=30,misc!W6,misc!AN6)","v":0},{"$f":"IF($C$2=30,misc!X6,misc!AO6)","v":0},{"$f":"IF($C$2=30,misc!Y6,misc!AP6)","v":0},{"$f":"IF($C$2=30,misc!Z6,misc!AQ6)","v":0},{"$f":"IF($C$2=30,misc!AA6,misc!AR6)","v":0},{"$f":"IF($C$2=30,misc!AB6,misc!AS6)","v":0},{"$f":"IF($C$2=30,misc!AC6,misc!AT6)","v":0},{"$f":"IF($C$2=30,misc!AD6,misc!AU6)","v":0},{"$f":"IF($C$2=30,misc!AE6,misc!AV6)","v":0},{"$f":"IF($C$2=30,misc!AF6,misc!AW6)","v":0},{"$f":"IF($C$2=30,misc!AG6,misc!AX6)","v":0},{"$f":"IF($C$2=30,misc!AH6,misc!AY6)","v":0},{"$f":"IF($C$2=30,misc!AI6,misc!AZ6)","v":0},{"$f":"IF($C$2=30,misc!AJ6,misc!BA6)","v":0},{"$f":"IF($C$2=30,misc!AK6,misc!BB6)","v":0}]
[null,null,"btm_pv",null,{"$f":"IF($C$2=30,misc!W7,misc!AN7)","v":0},{"$f":"IF($C$2=30,misc!X7,misc!AO7)","v":0},{"$f":"IF($C$2=30,misc!Y7,misc!AP7)","v":0},{"$f":"IF($C$2=30,misc!Z7,misc!AQ7)","v":0},{"$f":"IF($C$2=30,misc!AA7,misc!AR7)","v":0},{"$f":"IF($C$2=30,misc!AB7,misc!AS7)","v":0},{"$f":"IF($C$2=30,misc!AC7,misc!AT7)","v":0},{"$f":"IF($C$2=30,misc!AD7,misc!AU7)","v":0},{"$f":"IF($C$2=30,misc!AE7,misc!AV7)","v":0},{"$f":"IF($C$2=30,misc!AF7,misc!AW7)","v":0},{"$f":"IF($C$2=30,misc!AG7,misc!AX7)","v":0},{"$f":"IF($C$2=30,misc!AH7,misc!AY7)","v":0},{"$f":"IF($C$2=30,misc!AI7,misc!AZ7)","v":0},{"$f":"IF($C$2=30,misc!AJ7,misc!BA7)","v":0},{"$f":"IF($C$2=30,misc!AK7,misc!BB7)","v":0}]
[null,null,"4hr_batteries",null,{"$f":"IF($C$2=30,misc!W8,misc!AN8)","v":0},{"$f":"IF($C$2=30,misc!X8,misc!AO8)","v":0},{"$f":"IF($C$2=30,misc!Y8,misc!AP8)","v":0},{"$f":"IF($C$2=30,misc!Z8,misc!AQ8)","v":0},{"$f":"IF($C$2=30,misc!AA8,misc!AR8)","v":0},{"$f":"IF($C$2=30,misc!AB8,misc!AS8)","v":0},{"$f":"IF($C$2=30,misc!AC8,misc!AT8)","v":0},{"$f":"IF($C$2=30,misc!AD8,misc!AU8)","v":0},{"$f":"IF($C$2=30,misc!AE8,misc!AV8)","v":0},{"$f":"IF($C$2=30,misc!AF8,misc!AW8)","v":0},{"$f":"IF($C$2=30,misc!AG8,misc!AX8)","v":0},{"$f":"IF($C$2=30,misc!AH8,misc!AY8)","v":0},{"$f":"IF($C$2=30,misc!AI8,misc!AZ8)","v":0},{"$f":"IF($C$2=30,misc!AJ8,misc!BA8)","v":0},{"$f":"IF($C$2=30,misc!AK8,misc!BB8)","v":0}]
[null,null,"8hr_batteries",null,{"$f":"IF($C$2=30,misc!W9,misc!AN9)","v":0},{"$f":"IF($C$2=30,misc!X9,misc!AO9)","v":0},{"$f":"IF($C$2=30,misc!Y9,misc!AP9)","v":0},{"$f":"IF($C$2=30,misc!Z9,misc!AQ9)","v":0},{"$f":"IF($C$2=30,misc!AA9,misc!AR9)","v":0},{"$f":"IF($C$2=30,misc!AB9,misc!AS9)","v":0},{"$f":"IF($C$2=30,misc!AC9,misc!AT9)","v":0},{"$f":"IF($C$2=30,misc!AD9,misc!AU9)","v":0},{"$f":"IF($C$2=30,misc!AE9,misc!AV9)","v":0},{"$f":"IF($C$2=30,misc!AF9,misc!AW9)","v":0},{"$f":"IF($C$2=30,misc!AG9,misc!AX9)","v":0},{"$f":"IF($C$2=30,misc!AH9,misc!AY9)","v":0},{"$f":"IF($C$2=30,misc!AI9,misc!AZ9)","v":0},{"$f":"IF($C$2=30,misc!AJ9,misc!BA9)","v":0},{"$f":"IF($C$2=30,misc!AK9,misc!BB9)","v":0}]
[null,null,"demand_response",null,{"$f":"IF($C$2=30,misc!W10,misc!AN10)","v":0},{"$f":"IF($C$2=30,misc!X10,misc!AO10)","v":0},{"$f":"IF($C$2=30,misc!Y10,misc!AP10)","v":0},{"$f":"IF($C$2=30,misc!Z10,misc!AQ10)","v":0},{"$f":"IF($C$2=30,misc!AA10,misc!AR10)","v":0},{"$f":"IF($C$2=30,misc!AB10,misc!AS10)","v":0},{"$f":"IF($C$2=30,misc!AC10,misc!AT10)","v":0},{"$f":"IF($C$2=30,misc!AD10,misc!AU10)","v":0},{"$f":"IF($C$2=30,misc!AE10,misc!AV10)","v":0},{"$f":"IF($C$2=30,misc!AF10,misc!AW10)","v":0},{"$f":"IF($C$2=30,misc!AG10,misc!AX10)","v":0},{"$f":"IF($C$2=30,misc!AH10,misc!AY10)","v":0},{"$f":"IF($C$2=30,misc!AI10,misc!AZ10)","v":0},{"$f":"IF($C$2=30,misc!AJ10,misc!BA10)","v":0},{"$f":"IF($C$2=30,misc!AK10,misc!BB10)","v":0}]
[null,null,"12hr_pumped_storage",null,{"$f":"IF($C$2=30,misc!W11,misc!AN11)","v":0},{"$f":"IF($C$2=30,misc!X11,misc!AO11)","v":0},{"$f":"IF($C$2=30,misc!Y11,misc!AP11)","v":0},{"$f":"IF($C$2=30,misc!Z11,misc!AQ11)","v":0},{"$f":"IF($C$2=30,misc!AA11,misc!AR11)","v":0},{"$f":"IF($C$2=30,misc!AB11,misc!AS11)","v":0},{"$f":"IF($C$2=30,misc!AC11,misc!AT11)","v":0},{"$f":"IF($C$2=30,misc!AD11,misc!AU11)","v":0},{"$f":"IF($C$2=30,misc!AE11,misc!AV11)","v":0},{"$f":"IF($C$2=30,misc!AF11,misc!AW11)","v":0},{"$f":"IF($C$2=30,misc!AG11,misc!AX11)","v":0},{"$f":"IF($C$2=30,misc!AH11,misc!AY11)","v":0},{"$f":"IF($C$2=30,misc!AI11,misc!AZ11)","v":0},{"$f":"IF($C$2=30,misc!AJ11,misc!BA11)","v":0},{"$f":"IF($C$2=30,misc!AK11,misc!BB11)","v":0}]
[null,null,"small_hydro",null,{"$f":"IF($C$2=30,misc!W12,misc!AN12)","v":0},{"$f":"IF($C$2=30,misc!X12,misc!AO12)","v":0},{"$f":"IF($C$2=30,misc!Y12,misc!AP12)","v":0},{"$f":"IF($C$2=30,misc!Z12,misc!AQ12)","v":0},{"$f":"IF($C$2=30,misc!AA12,misc!AR12)","v":0},{"$f":"IF($C$2=30,misc!AB12,misc!AS12)","v":0},{"$f":"IF($C$2=30,misc!AC12,misc!AT12)","v":0},{"$f":"IF($C$2=30,misc!AD12,misc!AU12)","v":0},{"$f":"IF($C$2=30,misc!AE12,misc!AV12)","v":0},{"$f":"IF($C$2=30,misc!AF12,misc!AW12)","v":0},{"$f":"IF($C$2=30,misc!AG12,misc!AX12)","v":0},{"$f":"IF($C$2=30,misc!AH12,misc!AY12)","v":0},{"$f":"IF($C$2=30,misc!AI12,misc!AZ12)","v":0},{"$f":"IF($C$2=30,misc!AJ12,misc!BA12)","v":0},{"$f":"IF($C$2=30,misc!AK12,misc!BB12)","v":0}]
[null,null,"hydro",null,{"$f":"IF($C$2=30,misc!W13,misc!AN13)","v":0},{"$f":"IF($C$2=30,misc!X13,misc!AO13)","v":0},{"$f":"IF($C$2=30,misc!Y13,misc!AP13)","v":0},{"$f":"IF($C$2=30,misc!Z13,misc!AQ13)","v":0},{"$f":"IF($C$2=30,misc!AA13,misc!AR13)","v":0},{"$f":"IF($C$2=30,misc!AB13,misc!AS13)","v":0},{"$f":"IF($C$2=30,misc!AC13,misc!AT13)","v":0},{"$f":"IF($C$2=30,misc!AD13,misc!AU13)","v":0},{"$f":"IF($C$2=30,misc!AE13,misc!AV13)","v":0},{"$f":"IF($C$2=30,misc!AF13,misc!AW13)","v":0},{"$f":"IF($C$2=30,misc!AG13,misc!AX13)","v":0},{"$f":"IF($C$2=30,misc!AH13,misc!AY13)","v":0},{"$f":"IF($C$2=30,misc!AI13,misc!AZ13)","v":0},{"$f":"IF($C$2=30,misc!AJ13,misc!BA13)","v":0},{"$f":"IF($C$2=30,misc!AK13,misc!BB13)","v":0}]
[null,null,"steam",null,{"$f":"IF($C$2=30,misc!W14,misc!AN14)","v":0},{"$f":"IF($C$2=30,misc!X14,misc!AO14)","v":0},{"$f":"IF($C$2=30,misc!Y14,misc!AP14)","v":0},{"$f":"IF($C$2=30,misc!Z14,misc!AQ14)","v":0},{"$f":"IF($C$2=30,misc!AA14,misc!AR14)","v":0},{"$f":"IF($C$2=30,misc!AB14,misc!AS14)","v":0},{"$f":"IF($C$2=30,misc!AC14,misc!AT14)","v":0},{"$f":"IF($C$2=30,misc!AD14,misc!AU14)","v":0},{"$f":"IF($C$2=30,misc!AE14,misc!AV14)","v":0},{"$f":"IF($C$2=30,misc!AF14,misc!AW14)","v":0},{"$f":"IF($C$2=30,misc!AG14,misc!AX14)","v":0},{"$f":"IF($C$2=30,misc!AH14,misc!AY14)","v":0},{"$f":"IF($C$2=30,misc!AI14,misc!AZ14)","v":0},{"$f":"IF($C$2=30,misc!AJ14,misc!BA14)","v":0},{"$f":"IF($C$2=30,misc!AK14,misc!BB14)","v":0}]
[null,null,"geothermal",null,{"$f":"IF($C$2=30,misc!W15,misc!AN15)","v":0},{"$f":"IF($C$2=30,misc!X15,misc!AO15)","v":0},{"$f":"IF($C$2=30,misc!Y15,misc!AP15)","v":0},{"$f":"IF($C$2=30,misc!Z15,misc!AQ15)","v":0},{"$f":"IF($C$2=30,misc!AA15,misc!AR15)","v":0},{"$f":"IF($C$2=30,misc!AB15,misc!AS15)","v":0},{"$f":"IF($C$2=30,misc!AC15,misc!AT15)","v":0},{"$f":"IF($C$2=30,misc!AD15,misc!AU15)","v":0},{"$f":"IF($C$2=30,misc!AE15,misc!AV15)","v":0},{"$f":"IF($C$2=30,misc!AF15,misc!AW15)","v":0},{"$f":"IF($C$2=30,misc!AG15,misc!AX15)","v":0},{"$f":"IF($C$2=30,misc!AH15,misc!AY15)","v":0},{"$f":"IF($C$2=30,misc!AI15,misc!AZ15)","v":0},{"$f":"IF($C$2=30,misc!AJ15,misc!BA15)","v":0},{"$f":"IF($C$2=30,misc!AK15,misc!BB15)","v":0}]
[null,null,"biomass_wood",null,{"$f":"IF($C$2=30,misc!W16,misc!AN16)","v":0},{"$f":"IF($C$2=30,misc!X16,misc!AO16)","v":0},{"$f":"IF($C$2=30,misc!Y16,misc!AP16)","v":0},{"$f":"IF($C$2=30,misc!Z16,misc!AQ16)","v":0},{"$f":"IF($C$2=30,misc!AA16,misc!AR16)","v":0},{"$f":"IF($C$2=30,misc!AB16,misc!AS16)","v":0},{"$f":"IF($C$2=30,misc!AC16,misc!AT16)","v":0},{"$f":"IF($C$2=30,misc!AD16,misc!AU16)","v":0},{"$f":"IF($C$2=30,misc!AE16,misc!AV16)","v":0},{"$f":"IF($C$2=30,misc!AF16,misc!AW16)","v":0},{"$f":"IF($C$2=30,misc!AG16,misc!AX16)","v":0},{"$f":"IF($C$2=30,misc!AH16,misc!AY16)","v":0},{"$f":"IF($C$2=30,misc!AI16,misc!AZ16)","v":0},{"$f":"IF($C$2=30,misc!AJ16,misc!BA16)","v":0},{"$f":"IF($C$2=30,misc!AK16,misc!BB16)","v":0}]
[null,null,"biogas",null,{"$f":"IF($C$2=30,misc!W17,misc!AN17)","v":0},{"$f":"IF($C$2=30,misc!X17,misc!AO17)","v":0},{"$f":"IF($C$2=30,misc!Y17,misc!AP17)","v":0},{"$f":"IF($C$2=30,misc!Z17,misc!AQ17)","v":0},{"$f":"IF($C$2=30,misc!AA17,misc!AR17)","v":0},{"$f":"IF($C$2=30,misc!AB17,misc!AS17)","v":0},{"$f":"IF($C$2=30,misc!AC17,misc!AT17)","v":0},{"$f":"IF($C$2=30,misc!AD17,misc!AU17)","v":0},{"$f":"IF($C$2=30,misc!AE17,misc!AV17)","v":0},{"$f":"IF($C$2=30,misc!AF17,misc!AW17)","v":0},{"$f":"IF($C$2=30,misc!AG17,misc!AX17)","v":0},{"$f":"IF($C$2=30,misc!AH17,misc!AY17)","v":0},{"$f":"IF($C$2=30,misc!AI17,misc!AZ17)","v":0},{"$f":"IF($C$2=30,misc!AJ17,misc!BA17)","v":0},{"$f":"IF($C$2=30,misc!AK17,misc!BB17)","v":0}]
[null,null,"gas_cc",null,{"$f":"IF($C$2=30,misc!W18,misc!AN18)","v":0},{"$f":"IF($C$2=30,misc!X18,misc!AO18)","v":0},{"$f":"IF($C$2=30,misc!Y18,misc!AP18)","v":0},{"$f":"IF($C$2=30,misc!Z18,misc!AQ18)","v":0},{"$f":"IF($C$2=30,misc!AA18,misc!AR18)","v":0},{"$f":"IF($C$2=30,misc!AB18,misc!AS18)","v":0},{"$f":"IF($C$2=30,misc!AC18,misc!AT18)","v":0},{"$f":"IF($C$2=30,misc!AD18,misc!AU18)","v":0},{"$f":"IF($C$2=30,misc!AE18,misc!AV18)","v":0},{"$f":"IF($C$2=30,misc!AF18,misc!AW18)","v":0},{"$f":"IF($C$2=30,misc!AG18,misc!AX18)","v":0},{"$f":"IF($C$2=30,misc!AH18,misc!AY18)","v":0},{"$f":"IF($C$2=30,misc!AI18,misc!AZ18)","v":0},{"$f":"IF($C$2=30,misc!AJ18,misc!BA18)","v":0},{"$f":"IF($C$2=30,misc!AK18,misc!BB18)","v":0}]
[null,null,"gas_ct",null,{"$f":"IF($C$2=30,misc!W19,misc!AN19)","v":0},{"$f":"IF($C$2=30,misc!X19,misc!AO19)","v":0},{"$f":"IF($C$2=30,misc!Y19,misc!AP19)","v":0},{"$f":"IF($C$2=30,misc!Z19,misc!AQ19)","v":0},{"$f":"IF($C$2=30,misc!AA19,misc!AR19)","v":0},{"$f":"IF($C$2=30,misc!AB19,misc!AS19)","v":0},{"$f":"IF($C$2=30,misc!AC19,misc!AT19)","v":0},{"$f":"IF($C$2=30,misc!AD19,misc!AU19)","v":0},{"$f":"IF($C$2=30,misc!AE19,misc!AV19)","v":0},{"$f":"IF($C$2=30,misc!AF19,misc!AW19)","v":0},{"$f":"IF($C$2=30,misc!AG19,misc!AX19)","v":0},{"$f":"IF($C$2=30,misc!AH19,misc!AY19)","v":0},{"$f":"IF($C$2=30,misc!AI19,misc!AZ19)","v":0},{"$f":"IF($C$2=30,misc!AJ19,misc!BA19)","v":0},{"$f":"IF($C$2=30,misc!AK19,misc!BB19)","v":0}]
[null,null,"ice",null,{"$f":"IF($C$2=30,misc!W20,misc!AN20)","v":0},{"$f":"IF($C$2=30,misc!X20,misc!AO20)","v":0},{"$f":"IF($C$2=30,misc!Y20,misc!AP20)","v":0},{"$f":"IF($C$2=30,misc!Z20,misc!AQ20)","v":0},{"$f":"IF($C$2=30,misc!AA20,misc!AR20)","v":0},{"$f":"IF($C$2=30,misc!AB20,misc!AS20)","v":0},{"$f":"IF($C$2=30,misc!AC20,misc!AT20)","v":0},{"$f":"IF($C$2=30,misc!AD20,misc!AU20)","v":0},{"$f":"IF($C$2=30,misc!AE20,misc!AV20)","v":0},{"$f":"IF($C$2=30,misc!AF20,misc!AW20)","v":0},{"$f":"IF($C$2=30,misc!AG20,misc!AX20)","v":0},{"$f":"IF($C$2=30,misc!AH20,misc!AY20)","v":0},{"$f":"IF($C$2=30,misc!AI20,misc!AZ20)","v":0},{"$f":"IF($C$2=30,misc!AJ20,misc!BA20)","v":0},{"$f":"IF($C$2=30,misc!AK20,misc!BB20)","v":0}]
[null,null,"nuclear",null,{"$f":"IF($C$2=30,misc!W21,misc!AN21)","v":0},{"$f":"IF($C$2=30,misc!X21,misc!AO21)","v":0},{"$f":"IF($C$2=30,misc!Y21,misc!AP21)","v":0},{"$f":"IF($C$2=30,misc!Z21,misc!AQ21)","v":0},{"$f":"IF($C$2=30,misc!AA21,misc!AR21)","v":0},{"$f":"IF($C$2=30,misc!AB21,misc!AS21)","v":0},{"$f":"IF($C$2=30,misc!AC21,misc!AT21)","v":0},{"$f":"IF($C$2=30,misc!AD21,misc!AU21)","v":0},{"$f":"IF($C$2=30,misc!AE21,misc!AV21)","v":0},{"$f":"IF($C$2=30,misc!AF21,misc!AW21)","v":0},{"$f":"IF($C$2=30,misc!AG21,misc!AX21)","v":0},{"$f":"IF($C$2=30,misc!AH21,misc!AY21)","v":0},{"$f":"IF($C$2=30,misc!AI21,misc!AZ21)","v":0},{"$f":"IF($C$2=30,misc!AJ21,misc!BA21)","v":0},{"$f":"IF($C$2=30,misc!AK21,misc!BB21)","v":0}]
[null,null,"coal",null,{"$f":"IF($C$2=30,misc!W22,misc!AN22)","v":0},{"$f":"IF($C$2=30,misc!X22,misc!AO22)","v":0},{"$f":"IF($C$2=30,misc!Y22,misc!AP22)","v":0},{"$f":"IF($C$2=30,misc!Z22,misc!AQ22)","v":0},{"$f":"IF($C$2=30,misc!AA22,misc!AR22)","v":0},{"$f":"IF($C$2=30,misc!AB22,misc!AS22)","v":0},{"$f":"IF($C$2=30,misc!AC22,misc!AT22)","v":0},{"$f":"IF($C$2=30,misc!AD22,misc!AU22)","v":0},{"$f":"IF($C$2=30,misc!AE22,misc!AV22)","v":0},{"$f":"IF($C$2=30,misc!AF22,misc!AW22)","v":0},{"$f":"IF($C$2=30,misc!AG22,misc!AX22)","v":0},{"$f":"IF($C$2=30,misc!AH22,misc!AY22)","v":0},{"$f":"IF($C$2=30,misc!AI22,misc!AZ22)","v":0},{"$f":"IF($C$2=30,misc!AJ22,misc!BA22)","v":0},{"$f":"IF($C$2=30,misc!AK22,misc!BB22)","v":0}]
[null,null,"cogen",null,{"$f":"IF($C$2=30,misc!W23,misc!AN23)","v":0},{"$f":"IF($C$2=30,misc!X23,misc!AO23)","v":0},{"$f":"IF($C$2=30,misc!Y23,misc!AP23)","v":0},{"$f":"IF($C$2=30,misc!Z23,misc!AQ23)","v":0},{"$f":"IF($C$2=30,misc!AA23,misc!AR23)","v":0},{"$f":"IF($C$2=30,misc!AB23,misc!AS23)","v":0},{"$f":"IF($C$2=30,misc!AC23,misc!AT23)","v":0},{"$f":"IF($C$2=30,misc!AD23,misc!AU23)","v":0},{"$f":"IF($C$2=30,misc!AE23,misc!AV23)","v":0},{"$f":"IF($C$2=30,misc!AF23,misc!AW23)","v":0},{"$f":"IF($C$2=30,misc!AG23,misc!AX23)","v":0},{"$f":"IF($C$2=30,misc!AH23,misc!AY23)","v":0},{"$f":"IF($C$2=30,misc!AI23,misc!AZ23)","v":0},{"$f":"IF($C$2=30,misc!AJ23,misc!BA23)","v":0},{"$f":"IF($C$2=30,misc!AK23,misc!BB23)","v":0}]
[null,null,"unspecified_import",null,{"$f":"IF($C$2=30,misc!W24,misc!AN24)","v":0},{"$f":"IF($C$2=30,misc!X24,misc!AO24)","v":0},{"$f":"IF($C$2=30,misc!Y24,misc!AP24)","v":0},{"$f":"IF($C$2=30,misc!Z24,misc!AQ24)","v":0},{"$f":"IF($C$2=30,misc!AA24,misc!AR24)","v":0},{"$f":"IF($C$2=30,misc!AB24,misc!AS24)","v":0},{"$f":"IF($C$2=30,misc!AC24,misc!AT24)","v":0},{"$f":"IF($C$2=30,misc!AD24,misc!AU24)","v":0},{"$f":"IF($C$2=30,misc!AE24,misc!AV24)","v":0},{"$f":"IF($C$2=30,misc!AF24,misc!AW24)","v":0},{"$f":"IF($C$2=30,misc!AG24,misc!AX24)","v":0},{"$f":"IF($C$2=30,misc!AH24,misc!AY24)","v":0},{"$f":"IF($C$2=30,misc!AI24,misc!AZ24)","v":0},{"$f":"IF($C$2=30,misc!AJ24,misc!BA24)","v":0},{"$f":"IF($C$2=30,misc!AK24,misc!BB24)","v":0}]
[]
[]
[]
[null,null,"Contract ELCC (MW)"]
[null,null,"Resource Type","Conrtact Status",2021,2022,2023,2024,2025,2026,2027,2028,2029,2030,2031,2032,2033,2034,2035]
[null,null,"hybrid","Online",{"$f":"SUMIFS(unique_contracts!CH:CH,unique_contracts!$CB:$CB,$C46,unique_contracts!$D:$D,$D46)","v":0},{"$f":"SUMIFS(unique_contracts!CI:CI,unique_contracts!$CB:$CB,$C46,unique_contracts!$D:$D,$D46)","v":0},{"$f":"SUMIFS(unique_contracts!CJ:CJ,unique_contracts!$CB:$CB,$C46,unique_contracts!$D:$D,$D46)","v":0},{"$f":"SUMIFS(unique_contracts!CK:CK,unique_contracts!$CB:$CB,$C46,unique_contracts!$D:$D,$D46)","v":0},{"$f":"SUMIFS(unique_contracts!CL:CL,unique_contracts!$CB:$CB,$C46,unique_contracts!$D:$D,$D46)","v":0},{"$f":"SUMIFS(unique_contracts!CM:CM,unique_contracts!$CB:$CB,$C46,unique_contracts!$D:$D,$D46)","v":0},{"$f":"SUMIFS(unique_contracts!CN:CN,unique_contracts!$CB:$CB,$C46,unique_contracts!$D:$D,$D46)","v":0},{"$f":"SUMIFS(unique_contracts!CO:CO,unique_contracts!$CB:$CB,$C46,unique_contracts!$D:$D,$D46)","v":0},{"$f":"SUMIFS(unique_contracts!CP:CP,unique_contracts!$CB:$CB,$C46,unique_contracts!$D:$D,$D46)","v":0},{"$f":"SUMIFS(unique_contracts!CQ:CQ,unique_contracts!$CB:$CB,$C46,unique_contracts!$D:$D,$D46)","v":0},{"$f":"SUMIFS(unique_contracts!CR:CR,unique_contracts!$CB:$CB,$C46,unique_contracts!$D:$D,$D46)","v":0},{"$f":"SUMIFS(unique_contracts!CS:CS,unique_contracts!$CB:$CB,$C46,unique_contracts!$D:$D,$D46)","v":0},{"$f":"SUMIFS(unique_contracts!CT:CT,unique_contracts!$CB:$CB,$C46,unique_contracts!$D:$D,$D46)","v":0},{"$f":"SUMIFS(unique_contracts!CU:CU,unique_contracts!$CB:$CB,$C46,unique_contracts!$D:$D,$D46)","v":0},{"$f":"SUMIFS(unique_contracts!CV:CV,unique_contracts!$CB:$CB,$C46,unique_contracts!$D:$D,$D46)","v":0}]
[null,null,"in_state_wind","Online",{"$f":"SUMIFS(unique_contracts!CH:CH,unique_contracts!$CB:$CB,$C47,unique_contracts!$D:$D,$D47)","v":0},{"$f":"SUMIFS(unique_contracts!CI:CI,unique_contracts!$CB:$CB,$C47,unique_contracts!$D:$D,$D47)","v":0},{"$f":"SUMIFS(unique_contracts!CJ:CJ,unique_contracts!$CB:$CB,$C47,unique_contracts!$D:$D,$D47)","v":0},{"$f":"SUMIFS(unique_contracts!CK:CK,unique_contracts!$CB:$CB,$C47,unique_contracts!$D:$D,$D47)","v":0},{"$f":"SUMIFS(unique_contracts!CL:CL,unique_contracts!$CB:$CB,$C47,unique_contracts!$D:$D,$D47)","v":0},{"$f":"SUMIFS(unique_contracts!CM:CM,unique_contracts!$CB:$CB,$C47,unique_contracts!$D:$D,$D47)","v":0},{"$f":"SUMIFS(unique_contracts!CN:CN,unique_contracts!$CB:$CB,$C47,unique_contracts!$D:$D,$D47)","v":0},{"$f":"SUMIFS(unique_contracts!CO:CO,unique_contracts!$CB:$CB,$C47,unique_contracts!$D:$D,$D47)","v":0},{"$f":"SUMIFS(unique_contracts!CP:CP,unique_contracts!$CB:$CB,$C47,unique_contracts!$D:$D,$D47)","v":0},{"$f":"SUMIFS(unique_contracts!CQ:CQ,unique_contracts!$CB:$CB,$C47,unique_contracts!$D:$D,$D47)","v":0},{"$f":"SUMIFS(unique_contracts!CR:CR,unique_contracts!$CB:$CB,$C47,unique_contracts!$D:$D,$D47)","v":0},{"$f":"SUMIFS(unique_contracts!CS:CS,unique_contracts!$CB:$CB,$C47,unique_contracts!$D:$D,$D47)","v":0},{"$f":"SUMIFS(unique_contracts!CT:CT,unique_contracts!$CB:$CB,$C47,unique_contracts!$D:$D,$D47)","v":0},{"$f":"SUMIFS(unique_contracts!CU:CU,unique_contracts!$CB:$CB,$C47,unique_contracts!$D:$D,$D47)","v":0},{"$f":"SUMIFS(unique_contracts!CV:CV,unique_contracts!$CB:$CB,$C47,unique_contracts!$D:$D,$D47)","v":0}]
[null,null,"out_of_state_wind","Online",{"$f":"SUMIFS(unique_contracts!CH:CH,unique_contracts!$CB:$CB,$C48,unique_contracts!$D:$D,$D48)","v":0},{"$f":"SUMIFS(unique_contracts!CI:CI,unique_contracts!$CB:$CB,$C48,unique_contracts!$D:$D,$D48)","v":0},{"$f":"SUMIFS(unique_contracts!CJ:CJ,unique_contracts!$CB:$CB,$C48,unique_contracts!$D:$D,$D48)","v":0},{"$f":"SUMIFS(unique_contracts!CK:CK,unique_contracts!$CB:$CB,$C48,unique_contracts!$D:$D,$D48)","v":0},{"$f":"SUMIFS(unique_contracts!CL:CL,unique_contracts!$CB:$CB,$C48,unique_contracts!$D:$D,$D48)","v":0},{"$f":"SUMIFS(unique_contracts!CM:CM,unique_contracts!$CB:$CB,$C48,unique_contracts!$D:$D,$D48)","v":0},{"$f":"SUMIFS(unique_contracts!CN:CN,unique_contracts!$CB:$CB,$C48,unique_contracts!$D:$D,$D48)","v":0},{"$f":"SUMIFS(unique_contracts!CO:CO,unique_contracts!$CB:$CB,$C48,unique_contracts!$D:$D,$D48)","v":0},{"$f":"SUMIFS(unique_contracts!CP:CP,unique_contracts!$CB:$CB,$C48,unique_contracts!$D:$D,$D48)","v":0},{"$f":"SUMIFS(unique_contracts!CQ:CQ,unique_contracts!$CB:$CB,$C48,unique_contracts!$D:$D,$D48)","v":0},{"$f":"SUMIFS(unique_contracts!CR:CR,unique_contracts!$CB:$CB,$C48,unique_contracts!$D:$D,$D48)","v":0},{"$f":"SUMIFS(unique_contracts!CS:CS,unique_contracts!$CB:$CB,$C48,unique_contracts!$D:$D,$D48)","v":0},{"$f":"SUMIFS(unique_contracts!CT:CT,unique_contracts!$CB:$CB,$C48,unique_contracts!$D:$D,$D48)","v":0},{"$f":"SUMIFS(unique_contracts!CU:CU,unique_contracts!$CB:$CB,$C48,unique_contracts!$D:$D,$D48)","v":0},{"$f":"SUMIFS(unique_contracts!CV:CV,unique_contracts!$CB:$CB,$C48,unique_contracts!$D:$D,$D48)","v":0}]
[null,null,"offshore_wind","Online",{"$f":"SUMIFS(unique_contracts!CH:CH,unique_contracts!$CB:$CB,$C49,unique_contracts!$D:$D,$D49)","v":0},{"$f":"SUMIFS(unique_contracts!CI:CI,unique_contracts!$CB:$CB,$C49,unique_contracts!$D:$D,$D49)","v":0},{"$f":"SUMIFS(unique_contracts!CJ:CJ,unique_contracts!$CB:$CB,$C49,unique_contracts!$D:$D,$D49)","v":0},{"$f":"SUMIFS(unique_contracts!CK:CK,unique_contracts!$CB:$CB,$C49,unique_contracts!$D:$D,$D49)","v":0},{"$f":"SUMIFS(unique_contracts!CL:CL,unique_contracts!$CB:$CB,$C49,unique_contracts!$D:$D,$D49)","v":0},{"$f":"SUMIFS(unique_contracts!CM:CM,unique_contracts!$CB:$CB,$C49,unique_contracts!$D:$D,$D49)","v":0},{"$f":"SUMIFS(unique_contracts!CN:CN,unique_contracts!$CB:$CB,$C49,unique_contracts!$D:$D,$D49)","v":0},{"$f":"SUMIFS(unique_contracts!CO:CO,unique_contracts!$CB:$CB,$C49,unique_contracts!$D:$D,$D49)","v":0},{"$f":"SUMIFS(unique_contracts!CP:CP,unique_contracts!$CB:$CB,$C49,unique_contracts!$D:$D,$D49)","v":0},{"$f":"SUMIFS(unique_contracts!CQ:CQ,unique_contracts!$CB:$CB,$C49,unique_contracts!$D:$D,$D49)","v":0},{"$f":"SUMIFS(unique_contracts!CR:CR,unique_contracts!$CB:$CB,$C49,unique_contracts!$D:$D,$D49)","v":0},{"$f":"SUMIFS(unique_contracts!CS:CS,unique_contracts!$CB:$CB,$C49,unique_contracts!$D:$D,$D49)","v":0},{"$f":"SUMIFS(unique_contracts!CT:CT,unique_contracts!$CB:$CB,$C49,unique_contracts!$D:$D,$D49)","v":0},{"$f":"SUMIFS(unique_contracts!CU:CU,unique_contracts!$CB:$CB,$C49,unique_contracts!$D:$D,$D49)","v":0},{"$f":"SUMIFS(unique_contracts!CV:CV,unique_contracts!$CB:$CB,$C49,unique_contracts!$D:$D,$D49)","v":0}]
[null,null,"utility_pv","Online",{"$f":"SUMIFS(unique_contracts!CH:CH,unique_contracts!$CB:$CB,$C50,unique_contracts!$D:$D,$D50)","v":0},{"$f":"SUMIFS(unique_contracts!CI:CI,unique_contracts!$CB:$CB,$C50,unique_contracts!$D:$D,$D50)","v":0},{"$f":"SUMIFS(unique_contracts!CJ:CJ,unique_contracts!$CB:$CB,$C50,unique_contracts!$D:$D,$D50)","v":0},{"$f":"SUMIFS(unique_contracts!CK:CK,unique_contracts!$CB:$CB,$C50,unique_contracts!$D:$D,$D50)","v":0},{"$f":"SUMIFS(unique_contracts!CL:CL,unique_contracts!$CB:$CB,$C50,unique_contracts!$D:$D,$D50)","v":0},{"$f":"SUMIFS(unique_contracts!CM:CM,unique_contracts!$CB:$CB,$C50,unique_contracts!$D:$D,$D50)","v":0},{"$f":"SUMIFS(unique_contracts!CN:CN,unique_contracts!$CB:$CB,$C50,unique_contracts!$D:$D,$D50)","v":0},{"$f":"SUMIFS(unique_contracts!CO:CO,unique_contracts!$CB:$CB,$C50,unique_contracts!$D:$D,$D50)","v":0},{"$f":"SUMIFS(unique_contracts!CP:CP,unique_contracts!$CB:$CB,$C50,unique_contracts!$D:$D,$D50)","v":0},{"$f":"SUMIFS(unique_contracts!CQ:CQ,unique_contracts!$CB:$CB,$C50,unique_contracts!$D:$D,$D50)","v":0},{"$f":"SUMIFS(unique_contracts!CR:CR,unique_contracts!$CB:$CB,$C50,unique_contracts!$D:$D,$D50)","v":0},{"$f":"SUMIFS(unique_contracts!CS:CS,unique_contracts!$CB:$CB,$C50,unique_contracts!$D:$D,$D50)","v":0},{"$f":"SUMIFS(unique_contracts!CT:CT,unique_contracts!$CB:$CB,$C50,unique_contracts!$D:$D,$D50)","v":0},{"$f":"SUMIFS(unique_contracts!CU:CU,unique_contracts!$CB:$CB,$C50,unique_contracts!$D:$D,$D50)","v":0},{"$f":"SUMIFS(unique_contracts!CV:CV,unique_contracts!$CB:$CB,$C50,unique_contracts!$D:$D,$D50)","v":0}]
[null,null,"btm_pv","Online",{"$f":"SUMIFS(unique_contracts!CH:CH,unique_contracts!$CB:$CB,$C51,unique_contracts!$D:$D,$D51)","v":0},{"$f":"SUMIFS(unique_contracts!CI:CI,unique_contracts!$CB:$CB,$C51,unique_contracts!$D:$D,$D51)","v":0},{"$f":"SUMIFS(unique_contracts!CJ:CJ,unique_contracts!$CB:$CB,$C51,unique_contracts!$D:$D,$D51)","v":0},{"$f":"SUMIFS(unique_contracts!CK:CK,unique_contracts!$CB:$CB,$C51,unique_contracts!$D:$D,$D51)","v":0},{"$f":"SUMIFS(unique_contracts!CL:CL,unique_contracts!$CB:$CB,$C51,unique_contracts!$D:$D,$D51)","v":0},{"$f":"SUMIFS(unique_contracts!CM:CM,unique_contracts!$CB:$CB,$C51,unique_contracts!$D:$D,$D51)","v":0},{"$f":"SUMIFS(unique_contracts!CN:CN,unique_contracts!$CB:$CB,$C51,unique_contracts!$D:$D,$D51)","v":0},{"$f":"SUMIFS(unique_contracts!CO:CO,unique_contracts!$CB:$CB,$C51,unique_contracts!$D:$D,$D51)","v":0},{"$f":"SUMIFS(unique_contracts!CP:CP,unique_contracts!$CB:$CB,$C51,unique_contracts!$D:$D,$D51)","v":0},{"$f":"SUMIFS(unique_contracts!CQ:CQ,unique_contracts!$CB:$CB,$C51,unique_contracts!$D:$D,$D51)","v":0},{"$f":"SUMIFS(unique_contracts!CR:CR,unique_contracts!$CB:$CB,$C51,unique_contracts!$D:$D,$D51)","v":0},{"$f":"SUMIFS(unique_contracts!CS:CS,unique_contracts!$CB:$CB,$C51,unique_contracts!$D:$D,$D51)","v":0},{"$f":"SUMIFS(unique_contracts!CT:CT,unique_contracts!$CB:$CB,$C51,unique_contracts!$D:$D,$D51)","v":0},{"$f":"SUMIFS(unique_contracts!CU:CU,unique_contracts!$CB:$CB,$C51,unique_contracts!$D:$D,$D51)","v":0},{"$f":"SUMIFS(unique_contracts!CV:CV,unique_contracts!$CB:$CB,$C51,unique_contracts!$D:$D,$D51)","v":0}]
[null,null,"4hr_batteries","Online",{"$f":"SUMIFS(unique_contracts!CH:CH,unique_contracts!$CB:$CB,$C52,unique_contracts!$D:$D,$D52)","v":0},{"$f":"SUMIFS(unique_contracts!CI:CI,unique_contracts!$CB:$CB,$C52,unique_contracts!$D:$D,$D52)","v":0},{"$f":"SUMIFS(unique_contracts!CJ:CJ,unique_contracts!$CB:$CB,$C52,unique_contracts!$D:$D,$D52)","v":0},{"$f":"SUMIFS(unique_contracts!CK:CK,unique_contracts!$CB:$CB,$C52,unique_contracts!$D:$D,$D52)","v":0},{"$f":"SUMIFS(unique_contracts!CL:CL,unique_contracts!$CB:$CB,$C52,unique_contracts!$D:$D,$D52)","v":0},{"$f":"SUMIFS(unique_contracts!CM:CM,unique_contracts!$CB:$CB,$C52,unique_contracts!$D:$D,$D52)","v":0},{"$f":"SUMIFS(unique_contracts!CN:CN,unique_contracts!$CB:$CB,$C52,unique_contracts!$D:$D,$D52)","v":0},{"$f":"SUMIFS(unique_contracts!CO:CO,unique_contracts!$CB:$CB,$C52,unique_contracts!$D:$D,$D52)","v":0},{"$f":"SUMIFS(unique_contracts!CP:CP,unique_contracts!$CB:$CB,$C52,unique_contracts!$D:$D,$D52)","v":0},{"$f":"SUMIFS(unique_contracts!CQ:CQ,unique_contracts!$CB:$CB,$C52,unique_contracts!$D:$D,$D52)","v":0},{"$f":"SUMIFS(unique_contracts!CR:CR,unique_contracts!$CB:$CB,$C52,unique_contracts!$D:$D,$D52)","v":0},{"$f":"SUMIFS(unique_contracts!CS:CS,unique_contracts!$CB:$CB,$C52,unique_contracts!$D:$D,$D52)","v":0},{"$f":"SUMIFS(unique_contracts!CT:CT,unique_contracts!$CB:$CB,$C52,unique_contracts!$D:$D,$D52)","v":0},{"$f":"SUMIFS(unique_contracts!CU:CU,unique_contracts!$CB:$CB,$C52,unique_contracts!$D:$D,$D52)","v":0},{"$f":"SUMIFS(unique_contracts!CV:CV,unique_contracts!$CB:$CB,$C52,unique_contracts!$D:$D,$D52)","v":0}]
[null,null,"8hr_batteries","Online",{"$f":"SUMIFS(unique_contracts!CH:CH,unique_contracts!$CB:$CB,$C53,unique_contracts!$D:$D,$D53)","v":0},{"$f":"SUMIFS(unique_contracts!CI:CI,unique_contracts!$CB:$CB,$C53,unique_contracts!$D:$D,$D53)","v":0},{"$f":"SUMIFS(unique_contracts!CJ:CJ,unique_contracts!$CB:$CB,$C53,unique_contracts!$D:$D,$D53)","v":0},{"$f":"SUMIFS(unique_contracts!CK:CK,unique_contracts!$CB:$CB,$C53,unique_contracts!$D:$D,$D53)","v":0},{"$f":"SUMIFS(unique_contracts!CL:CL,unique_contracts!$CB:$CB,$C53,unique_contracts!$D:$D,$D53)","v":0},{"$f":"SUMIFS(unique_contracts!CM:CM,unique_contracts!$CB:$CB,$C53,unique_contracts!$D:$D,$D53)","v":0},{"$f":"SUMIFS(unique_contracts!CN:CN,unique_contracts!$CB:$CB,$C53,unique_contracts!$D:$D,$D53)","v":0},{"$f":"SUMIFS(unique_contracts!CO:CO,unique_contracts!$CB:$CB,$C53,unique_contracts!$D:$D,$D53)","v":0},{"$f":"SUMIFS(unique_contracts!CP:CP,unique_contracts!$CB:$CB,$C53,unique_contracts!$D:$D,$D53)","v":0},{"$f":"SUMIFS(unique_contracts!CQ:CQ,unique_contracts!$CB:$CB,$C53,unique_contracts!$D:$D,$D53)","v":0},{"$f":"SUMIFS(unique_contracts!CR:CR,unique_contracts!$CB:$CB,$C53,unique_contracts!$D:$D,$D53)","v":0},{"$f":"SUMIFS(unique_contracts!CS:CS,unique_contracts!$CB:$CB,$C53,unique_contracts!$D:$D,$D53)","v":0},{"$f":"SUMIFS(unique_contracts!CT:CT,unique_contracts!$CB:$CB,$C53,unique_contracts!$D:$D,$D53)","v":0},{"$f":"SUMIFS(unique_contracts!CU:CU,unique_contracts!$CB:$CB,$C53,unique_contracts!$D:$D,$D53)","v":0},{"$f":"SUMIFS(unique_contracts!CV:CV,unique_contracts!$CB:$CB,$C53,unique_contracts!$D:$D,$D53)","v":0}]
[null,null,"demand_response","Online",{"$f":"SUMIFS(unique_contracts!CH:CH,unique_contracts!$CB:$CB,$C54,unique_contracts!$D:$D,$D54)","v":0},{"$f":"SUMIFS(unique_contracts!CI:CI,unique_contracts!$CB:$CB,$C54,unique_contracts!$D:$D,$D54)","v":0},{"$f":"SUMIFS(unique_contracts!CJ:CJ,unique_contracts!$CB:$CB,$C54,unique_contracts!$D:$D,$D54)","v":0},{"$f":"SUMIFS(unique_contracts!CK:CK,unique_contracts!$CB:$CB,$C54,unique_contracts!$D:$D,$D54)","v":0},{"$f":"SUMIFS(unique_contracts!CL:CL,unique_contracts!$CB:$CB,$C54,unique_contracts!$D:$D,$D54)","v":0},{"$f":"SUMIFS(unique_contracts!CM:CM,unique_contracts!$CB:$CB,$C54,unique_contracts!$D:$D,$D54)","v":0},{"$f":"SUMIFS(unique_contracts!CN:CN,unique_contracts!$CB:$CB,$C54,unique_contracts!$D:$D,$D54)","v":0},{"$f":"SUMIFS(unique_contracts!CO:CO,unique_contracts!$CB:$CB,$C54,unique_contracts!$D:$D,$D54)","v":0},{"$f":"SUMIFS(unique_contracts!CP:CP,unique_contracts!$CB:$CB,$C54,unique_contracts!$D:$D,$D54)","v":0},{"$f":"SUMIFS(unique_contracts!CQ:CQ,unique_contracts!$CB:$CB,$C54,unique_contracts!$D:$D,$D54)","v":0},{"$f":"SUMIFS(unique_contracts!CR:CR,unique_contracts!$CB:$CB,$C54,unique_contracts!$D:$D,$D54)","v":0},{"$f":"SUMIFS(unique_contracts!CS:CS,unique_contracts!$CB:$CB,$C54,unique_contracts!$D:$D,$D54)","v":0},{"$f":"SUMIFS(unique_contracts!CT:CT,unique_contracts!$CB:$CB,$C54,unique_contracts!$D:$D,$D54)","v":0},{"$f":"SUMIFS(unique_contracts!CU:CU,unique_contracts!$CB:$CB,$C54,unique_contracts!$D:$D,$D54)","v":0},{"$f":"SUMIFS(unique_contracts!CV:CV,unique_contracts!$CB:$CB,$C54,unique_contracts!$D:$D,$D54)","v":0}]
[null,null,"12hr_pumped_storage","Online",{"$f":"SUMIFS(unique_contracts!CH:CH,unique_contracts!$CB:$CB,$C55,unique_contracts!$D:$D,$D55)","v":0},{"$f":"SUMIFS(unique_contracts!CI:CI,unique_contracts!$CB:$CB,$C55,unique_contracts!$D:$D,$D55)","v":0},{"$f":"SUMIFS(unique_contracts!CJ:CJ,unique_contracts!$CB:$CB,$C55,unique_contracts!$D:$D,$D55)","v":0},{"$f":"SUMIFS(unique_contracts!CK:CK,unique_contracts!$CB:$CB,$C55,unique_contracts!$D:$D,$D55)","v":0},{"$f":"SUMIFS(unique_contracts!CL:CL,unique_contracts!$CB:$CB,$C55,unique_contracts!$D:$D,$D55)","v":0},{"$f":"SUMIFS(unique_contracts!CM:CM,unique_contracts!$CB:$CB,$C55,unique_contracts!$D:$D,$D55)","v":0},{"$f":"SUMIFS(unique_contracts!CN:CN,unique_contracts!$CB:$CB,$C55,unique_contracts!$D:$D,$D55)","v":0},{"$f":"SUMIFS(unique_contracts!CO:CO,unique_contracts!$CB:$CB,$C55,unique_contracts!$D:$D,$D55)","v":0},{"$f":"SUMIFS(unique_contracts!CP:CP,unique_contracts!$CB:$CB,$C55,unique_contracts!$D:$D,$D55)","v":0},{"$f":"SUMIFS(unique_contracts!CQ:CQ,unique_contracts!$CB:$CB,$C55,unique_contracts!$D:$D,$D55)","v":0},{"$f":"SUMIFS(unique_contracts!CR:CR,unique_contracts!$CB:$CB,$C55,unique_contracts!$D:$D,$D55)","v":0},{"$f":"SUMIFS(unique_contracts!CS:CS,unique_contracts!$CB:$CB,$C55,unique_contracts!$D:$D,$D55)","v":0},{"$f":"SUMIFS(unique_contracts!CT:CT,unique_contracts!$CB:$CB,$C55,unique_contracts!$D:$D,$D55)","v":0},{"$f":"SUMIFS(unique_contracts!CU:CU,unique_contracts!$CB:$CB,$C55,unique_contracts!$D:$D,$D55)","v":0},{"$f":"SUMIFS(unique_contracts!CV:CV,unique_contracts!$CB:$CB,$C55,unique_contracts!$D:$D,$D55)","v":0}]
[null,null,"small_hydro","Online",{"$f":"SUMIFS(unique_contracts!CH:CH,unique_contracts!$CB:$CB,$C56,unique_contracts!$D:$D,$D56)","v":0},{"$f":"SUMIFS(unique_contracts!CI:CI,unique_contracts!$CB:$CB,$C56,unique_contracts!$D:$D,$D56)","v":0},{"$f":"SUMIFS(unique_contracts!CJ:CJ,unique_contracts!$CB:$CB,$C56,unique_contracts!$D:$D,$D56)","v":0},{"$f":"SUMIFS(unique_contracts!CK:CK,unique_contracts!$CB:$CB,$C56,unique_contracts!$D:$D,$D56)","v":0},{"$f":"SUMIFS(unique_contracts!CL:CL,unique_contracts!$CB:$CB,$C56,unique_contracts!$D:$D,$D56)","v":0},{"$f":"SUMIFS(unique_contracts!CM:CM,unique_contracts!$CB:$CB,$C56,unique_contracts!$D:$D,$D56)","v":0},{"$f":"SUMIFS(unique_contracts!CN:CN,unique_contracts!$CB:$CB,$C56,unique_contracts!$D:$D,$D56)","v":0},{"$f":"SUMIFS(unique_contracts!CO:CO,unique_contracts!$CB:$CB,$C56,unique_contracts!$D:$D,$D56)","v":0},{"$f":"SUMIFS(unique_contracts!CP:CP,unique_contracts!$CB:$CB,$C56,unique_contracts!$D:$D,$D56)","v":0},{"$f":"SUMIFS(unique_contracts!CQ:CQ,unique_contracts!$CB:$CB,$C56,unique_contracts!$D:$D,$D56)","v":0},{"$f":"SUMIFS(unique_contracts!CR:CR,unique_contracts!$CB:$CB,$C56,unique_contracts!$D:$D,$D56)","v":0},{"$f":"SUMIFS(unique_contracts!CS:CS,unique_contracts!$CB:$CB,$C56,unique_contracts!$D:$D,$D56)","v":0},{"$f":"SUMIFS(unique_contracts!CT:CT,unique_contracts!$CB:$CB,$C56,unique_contracts!$D:$D,$D56)","v":0},{"$f":"SUMIFS(unique_contracts!CU:CU,unique_contracts!$CB:$CB,$C56,unique_contracts!$D:$D,$D56)","v":0},{"$f":"SUMIFS(unique_contracts!CV:CV,unique_contracts!$CB:$CB,$C56,unique_contracts!$D:$D,$D56)","v":0}]
[null,null,"hydro","Online",{"$f":"SUMIFS(unique_contracts!CH:CH,unique_contracts!$CB:$CB,$C57,unique_contracts!$D:$D,$D57)","v":0},{"$f":"SUMIFS(unique_contracts!CI:CI,unique_contracts!$CB:$CB,$C57,unique_contracts!$D:$D,$D57)","v":0},{"$f":"SUMIFS(unique_contracts!CJ:CJ,unique_contracts!$CB:$CB,$C57,unique_contracts!$D:$D,$D57)","v":0},{"$f":"SUMIFS(unique_contracts!CK:CK,unique_contracts!$CB:$CB,$C57,unique_contracts!$D:$D,$D57)","v":0},{"$f":"SUMIFS(unique_contracts!CL:CL,unique_contracts!$CB:$CB,$C57,unique_contracts!$D:$D,$D57)","v":0},{"$f":"SUMIFS(unique_contracts!CM:CM,unique_contracts!$CB:$CB,$C57,unique_contracts!$D:$D,$D57)","v":0},{"$f":"SUMIFS(unique_contracts!CN:CN,unique_contracts!$CB:$CB,$C57,unique_contracts!$D:$D,$D57)","v":0},{"$f":"SUMIFS(unique_contracts!CO:CO,unique_contracts!$CB:$CB,$C57,unique_contracts!$D:$D,$D57)","v":0},{"$f":"SUMIFS(unique_contracts!CP:CP,unique_contracts!$CB:$CB,$C57,unique_contracts!$D:$D,$D57)","v":0},{"$f":"SUMIFS(unique_contracts!CQ:CQ,unique_contracts!$CB:$CB,$C57,unique_contracts!$D:$D,$D57)","v":0},{"$f":"SUMIFS(unique_contracts!CR:CR,unique_contracts!$CB:$CB,$C57,unique_contracts!$D:$D,$D57)","v":0},{"$f":"SUMIFS(unique_contracts!CS:CS,unique_contracts!$CB:$CB,$C57,unique_contracts!$D:$D,$D57)","v":0},{"$f":"SUMIFS(unique_contracts!CT:CT,unique_contracts!$CB:$CB,$C57,unique_contracts!$D:$D,$D57)","v":0},{"$f":"SUMIFS(unique_contracts!CU:CU,unique_contracts!$CB:$CB,$C57,unique_contracts!$D:$D,$D57)","v":0},{"$f":"SUMIFS(unique_contracts!CV:CV,unique_contracts!$CB:$CB,$C57,unique_contracts!$D:$D,$D57)","v":0}]
[null,null,"steam","Online",{"$f":"SUMIFS(unique_contracts!CH:CH,unique_contracts!$CB:$CB,$C58,unique_contracts!$D:$D,$D58)","v":0},{"$f":"SUMIFS(unique_contracts!CI:CI,unique_contracts!$CB:$CB,$C58,unique_contracts!$D:$D,$D58)","v":0},{"$f":"SUMIFS(unique_contracts!CJ:CJ,unique_contracts!$CB:$CB,$C58,unique_contracts!$D:$D,$D58)","v":0},{"$f":"SUMIFS(unique_contracts!CK:CK,unique_contracts!$CB:$CB,$C58,unique_contracts!$D:$D,$D58)","v":0},{"$f":"SUMIFS(unique_contracts!CL:CL,unique_contracts!$CB:$CB,$C58,unique_contracts!$D:$D,$D58)","v":0},{"$f":"SUMIFS(unique_contracts!CM:CM,unique_contracts!$CB:$CB,$C58,unique_contracts!$D:$D,$D58)","v":0},{"$f":"SUMIFS(unique_contracts!CN:CN,unique_contracts!$CB:$CB,$C58,unique_contracts!$D:$D,$D58)","v":0},{"$f":"SUMIFS(unique_contracts!CO:CO,unique_contracts!$CB:$CB,$C58,unique_contracts!$D:$D,$D58)","v":0},{"$f":"SUMIFS(unique_contracts!CP:CP,unique_contracts!$CB:$CB,$C58,unique_contracts!$D:$D,$D58)","v":0},{"$f":"SUMIFS(unique_contracts!CQ:CQ,unique_contracts!$CB:$CB,$C58,unique_contracts!$D:$D,$D58)","v":0},{"$f":"SUMIFS(unique_contracts!CR:CR,unique_contracts!$CB:$CB,$C58,unique_contracts!$D:$D,$D58)","v":0},{"$f":"SUMIFS(unique_contracts!CS:CS,unique_contracts!$CB:$CB,$C58,unique_contracts!$D:$D,$D58)","v":0},{"$f":"SUMIFS(unique_contracts!CT:CT,unique_contracts!$CB:$CB,$C58,unique_contracts!$D:$D,$D58)","v":0},{"$f":"SUMIFS(unique_contracts!CU:CU,unique_contracts!$CB:$CB,$C58,unique_contracts!$D:$D,$D58)","v":0},{"$f":"SUMIFS(unique_contracts!CV:CV,unique_contracts!$CB:$CB,$C58,unique_contracts!$D:$D,$D58)","v":0}]
[null,null,"geothermal","Online",{"$f":"SUMIFS(unique_contracts!CH:CH,unique_contracts!$CB:$CB,$C59,unique_contracts!$D:$D,$D59)","v":0},{"$f":"SUMIFS(unique_contracts!CI:CI,unique_contracts!$CB:$CB,$C59,unique_contracts!$D:$D,$D59)","v":0},{"$f":"SUMIFS(unique_contracts!CJ:CJ,unique_contracts!$CB:$CB,$C59,unique_contracts!$D:$D,$D59)","v":0},{"$f":"SUMIFS(unique_contracts!CK:CK,unique_contracts!$CB:$CB,$C59,unique_contracts!$D:$D,$D59)","v":0},{"$f":"SUMIFS(unique_contracts!CL:CL,unique_contracts!$CB:$CB,$C59,unique_contracts!$D:$D,$D59)","v":0},{"$f":"SUMIFS(unique_contracts!CM:CM,unique_contracts!$CB:$CB,$C59,unique_contracts!$D:$D,$D59)","v":0},{"$f":"SUMIFS(unique_contracts!CN:CN,unique_contracts!$CB:$CB,$C59,unique_contracts!$D:$D,$D59)","v":0},{"$f":"SUMIFS(unique_contracts!CO:CO,unique_contracts!$CB:$CB,$C59,unique_contracts!$D:$D,$D59)","v":0},{"$f":"SUMIFS(unique_contracts!CP:CP,unique_contracts!$CB:$CB,$C59,unique_contracts!$D:$D,$D59)","v":0},{"$f":"SUMIFS(unique_contracts!CQ:CQ,unique_contracts!$CB:$CB,$C59,unique_contracts!$D:$D,$D59)","v":0},{"$f":"SUMIFS(unique_contracts!CR:CR,unique_contracts!$CB:$CB,$C59,unique_contracts!$D:$D,$D59)","v":0},{"$f":"SUMIFS(unique_contracts!CS:CS,unique_contracts!$CB:$CB,$C59,unique_contracts!$D:$D,$D59)","v":0},{"$f":"SUMIFS(unique_contracts!CT:CT,unique_contracts!$CB:$CB,$C59,unique_contracts!$D:$D,$D59)","v":0},{"$f":"SUMIFS(unique_contracts!CU:CU,unique_contracts!$CB:$CB,$C59,unique_contracts!$D:$D,$D59)","v":0},{"$f":"SUMIFS(unique_contracts!CV:CV,unique_contracts!$CB:$CB,$C59,unique_contracts!$D:$D,$D59)","v":0}]
[null,null,"biomass_wood","Online",{"$f":"SUMIFS(unique_contracts!CH:CH,unique_contracts!$CB:$CB,$C60,unique_contracts!$D:$D,$D60)","v":0},{"$f":"SUMIFS(unique_contracts!CI:CI,unique_contracts!$CB:$CB,$C60,unique_contracts!$D:$D,$D60)","v":0},{"$f":"SUMIFS(unique_contracts!CJ:CJ,unique_contracts!$CB:$CB,$C60,unique_contracts!$D:$D,$D60)","v":0},{"$f":"SUMIFS(unique_contracts!CK:CK,unique_contracts!$CB:$CB,$C60,unique_contracts!$D:$D,$D60)","v":0},{"$f":"SUMIFS(unique_contracts!CL:CL,unique_contracts!$CB:$CB,$C60,unique_contracts!$D:$D,$D60)","v":0},{"$f":"SUMIFS(unique_contracts!CM:CM,unique_contracts!$CB:$CB,$C60,unique_contracts!$D:$D,$D60)","v":0},{"$f":"SUMIFS(unique_contracts!CN:CN,unique_contracts!$CB:$CB,$C60,unique_contracts!$D:$D,$D60)","v":0},{"$f":"SUMIFS(unique_contracts!CO:CO,unique_contracts!$CB:$CB,$C60,unique_contracts!$D:$D,$D60)","v":0},{"$f":"SUMIFS(unique_contracts!CP:CP,unique_contracts!$CB:$CB,$C60,unique_contracts!$D:$D,$D60)","v":0},{"$f":"SUMIFS(unique_contracts!CQ:CQ,unique_contracts!$CB:$CB,$C60,unique_contracts!$D:$D,$D60)","v":0},{"$f":"SUMIFS(unique_contracts!CR:CR,unique_contracts!$CB:$CB,$C60,unique_contracts!$D:$D,$D60)","v":0},{"$f":"SUMIFS(unique_contracts!CS:CS,unique_contracts!$CB:$CB,$C60,unique_contracts!$D:$D,$D60)","v":0},{"$f":"SUMIFS(unique_contracts!CT:CT,unique_contracts!$CB:$CB,$C60,unique_contracts!$D:$D,$D60)","v":0},{"$f":"SUMIFS(unique_contracts!CU:CU,unique_contracts!$CB:$CB,$C60,unique_contracts!$D:$D,$D60)","v":0},{"$f":"SUMIFS(unique_contracts!CV:CV,unique_contracts!$CB:$CB,$C60,unique_contracts!$D:$D,$D60)","v":0}]
[null,null,"biogas","Online",{"$f":"SUMIFS(unique_contracts!CH:CH,unique_contracts!$CB:$CB,$C61,unique_contracts!$D:$D,$D61)","v":0},{"$f":"SUMIFS(unique_contracts!CI:CI,unique_contracts!$CB:$CB,$C61,unique_contracts!$D:$D,$D61)","v":0},{"$f":"SUMIFS(unique_contracts!CJ:CJ,unique_contracts!$CB:$CB,$C61,unique_contracts!$D:$D,$D61)","v":0},{"$f":"SUMIFS(unique_contracts!CK:CK,unique_contracts!$CB:$CB,$C61,unique_contracts!$D:$D,$D61)","v":0},{"$f":"SUMIFS(unique_contracts!CL:CL,unique_contracts!$CB:$CB,$C61,unique_contracts!$D:$D,$D61)","v":0},{"$f":"SUMIFS(unique_contracts!CM:CM,unique_contracts!$CB:$CB,$C61,unique_contracts!$D:$D,$D61)","v":0},{"$f":"SUMIFS(unique_contracts!CN:CN,unique_contracts!$CB:$CB,$C61,unique_contracts!$D:$D,$D61)","v":0},{"$f":"SUMIFS(unique_contracts!CO:CO,unique_contracts!$CB:$CB,$C61,unique_contracts!$D:$D,$D61)","v":0},{"$f":"SUMIFS(unique_contracts!CP:CP,unique_contracts!$CB:$CB,$C61,unique_contracts!$D:$D,$D61)","v":0},{"$f":"SUMIFS(unique_contracts!CQ:CQ,unique_contracts!$CB:$CB,$C61,unique_contracts!$D:$D,$D61)","v":0},{"$f":"SUMIFS(unique_contracts!CR:CR,unique_contracts!$CB:$CB,$C61,unique_contracts!$D:$D,$D61)","v":0},{"$f":"SUMIFS(unique_contracts!CS:CS,unique_contracts!$CB:$CB,$C61,unique_contracts!$D:$D,$D61)","v":0},{"$f":"SUMIFS(unique_contracts!CT:CT,unique_contracts!$CB:$CB,$C61,unique_contracts!$D:$D,$D61)","v":0},{"$f":"SUMIFS(unique_contracts!CU:CU,unique_contracts!$CB:$CB,$C61,unique_contracts!$D:$D,$D61)","v":0},{"$f":"SUMIFS(unique_contracts!CV:CV,unique_contracts!$CB:$CB,$C61,unique_contracts!$D:$D,$D61)","v":0}]
[null,null,"gas_cc","Online",{"$f":"SUMIFS(unique_contracts!CH:CH,unique_contracts!$CB:$CB,$C62,unique_contracts!$D:$D,$D62)","v":0},{"$f":"SUMIFS(unique_contracts!CI:CI,unique_contracts!$CB:$CB,$C62,unique_contracts!$D:$D,$D62)","v":0},{"$f":"SUMIFS(unique_contracts!CJ:CJ,unique_contracts!$CB:$CB,$C62,unique_contracts!$D:$D,$D62)","v":0},{"$f":"SUMIFS(unique_contracts!CK:CK,unique_contracts!$CB:$CB,$C62,unique_contracts!$D:$D,$D62)","v":0},{"$f":"SUMIFS(unique_contracts!CL:CL,unique_contracts!$CB:$CB,$C62,unique_contracts!$D:$D,$D62)","v":0},{"$f":"SUMIFS(unique_contracts!CM:CM,unique_contracts!$CB:$CB,$C62,unique_contracts!$D:$D,$D62)","v":0},{"$f":"SUMIFS(unique_contracts!CN:CN,unique_contracts!$CB:$CB,$C62,unique_contracts!$D:$D,$D62)","v":0},{"$f":"SUMIFS(unique_contracts!CO:CO,unique_contracts!$CB:$CB,$C62,unique_contracts!$D:$D,$D62)","v":0},{"$f":"SUMIFS(unique_contracts!CP:CP,unique_contracts!$CB:$CB,$C62,unique_contracts!$D:$D,$D62)","v":0},{"$f":"SUMIFS(unique_contracts!CQ:CQ,unique_contracts!$CB:$CB,$C62,unique_contracts!$D:$D,$D62)","v":0},{"$f":"SUMIFS(unique_contracts!CR:CR,unique_contracts!$CB:$CB,$C62,unique_contracts!$D:$D,$D62)","v":0},{"$f":"SUMIFS(unique_contracts!CS:CS,unique_contracts!$CB:$CB,$C62,unique_contracts!$D:$D,$D62)","v":0},{"$f":"SUMIFS(unique_contracts!CT:CT,unique_contracts!$CB:$CB,$C62,unique_contracts!$D:$D,$D62)","v":0},{"$f":"SUMIFS(unique_contracts!CU:CU,unique_contracts!$CB:$CB,$C62,unique_contracts!$D:$D,$D62)","v":0},{"$f":"SUMIFS(unique_contracts!CV:CV,unique_contracts!$CB:$CB,$C62,unique_contracts!$D:$D,$D62)","v":0}]
[null,null,"gas_ct","Online",{"$f":"SUMIFS(unique_contracts!CH:CH,unique_contracts!$CB:$CB,$C63,unique_contracts!$D:$D,$D63)","v":0},{"$f":"SUMIFS(unique_contracts!CI:CI,unique_contracts!$CB:$CB,$C63,unique_contracts!$D:$D,$D63)","v":0},{"$f":"SUMIFS(unique_contracts!CJ:CJ,unique_contracts!$CB:$CB,$C63,unique_contracts!$D:$D,$D63)","v":0},{"$f":"SUMIFS(unique_contracts!CK:CK,unique_contracts!$CB:$CB,$C63,unique_contracts!$D:$D,$D63)","v":0},{"$f":"SUMIFS(unique_contracts!CL:CL,unique_contracts!$CB:$CB,$C63,unique_contracts!$D:$D,$D63)","v":0},{"$f":"SUMIFS(unique_contracts!CM:CM,unique_contracts!$CB:$CB,$C63,unique_contracts!$D:$D,$D63)","v":0},{"$f":"SUMIFS(unique_contracts!CN:CN,unique_contracts!$CB:$CB,$C63,unique_contracts!$D:$D,$D63)","v":0},{"$f":"SUMIFS(unique_contracts!CO:CO,unique_contracts!$CB:$CB,$C63,unique_contracts!$D:$D,$D63)","v":0},{"$f":"SUMIFS(unique_contracts!CP:CP,unique_contracts!$CB:$CB,$C63,unique_contracts!$D:$D,$D63)","v":0},{"$f":"SUMIFS(unique_contracts!CQ:CQ,unique_contracts!$CB:$CB,$C63,unique_contracts!$D:$D,$D63)","v":0},{"$f":"SUMIFS(unique_contracts!CR:CR,unique_contracts!$CB:$CB,$C63,unique_contracts!$D:$D,$D63)","v":0},{"$f":"SUMIFS(unique_contracts!CS:CS,unique_contracts!$CB:$CB,$C63,unique_contracts!$D:$D,$D63)","v":0},{"$f":"SUMIFS(unique_contracts!CT:CT,unique_contracts!$CB:$CB,$C63,unique_contracts!$D:$D,$D63)","v":0},{"$f":"SUMIFS(unique_contracts!CU:CU,unique_contracts!$CB:$CB,$C63,unique_contracts!$D:$D,$D63)","v":0},{"$f":"SUMIFS(unique_contracts!CV:CV,unique_contracts!$CB:$CB,$C63,unique_contracts!$D:$D,$D63)","v":0}]
[null,null,"ice","Online",{"$f":"SUMIFS(unique_contracts!CH:CH,unique_contracts!$CB:$CB,$C64,unique_contracts!$D:$D,$D64)","v":0},{"$f":"SUMIFS(unique_contracts!CI:CI,unique_contracts!$CB:$CB,$C64,unique_contracts!$D:$D,$D64)","v":0},{"$f":"SUMIFS(unique_contracts!CJ:CJ,unique_contracts!$CB:$CB,$C64,unique_contracts!$D:$D,$D64)","v":0},{"$f":"SUMIFS(unique_contracts!CK:CK,unique_contracts!$CB:$CB,$C64,unique_contracts!$D:$D,$D64)","v":0},{"$f":"SUMIFS(unique_contracts!CL:CL,unique_contracts!$CB:$CB,$C64,unique_contracts!$D:$D,$D64)","v":0},{"$f":"SUMIFS(unique_contracts!CM:CM,unique_contracts!$CB:$CB,$C64,unique_contracts!$D:$D,$D64)","v":0},{"$f":"SUMIFS(unique_contracts!CN:CN,unique_contracts!$CB:$CB,$C64,unique_contracts!$D:$D,$D64)","v":0},{"$f":"SUMIFS(unique_contracts!CO:CO,unique_contracts!$CB:$CB,$C64,unique_contracts!$D:$D,$D64)","v":0},{"$f":"SUMIFS(unique_contracts!CP:CP,unique_contracts!$CB:$CB,$C64,unique_contracts!$D:$D,$D64)","v":0},{"$f":"SUMIFS(unique_contracts!CQ:CQ,unique_contracts!$CB:$CB,$C64,unique_contracts!$D:$D,$D64)","v":0},{"$f":"SUMIFS(unique_contracts!CR:CR,unique_contracts!$CB:$CB,$C64,unique_contracts!$D:$D,$D64)","v":0},{"$f":"SUMIFS(unique_contracts!CS:CS,unique_contracts!$CB:$CB,$C64,unique_contracts!$D:$D,$D64)","v":0},{"$f":"SUMIFS(unique_contracts!CT:CT,unique_contracts!$CB:$CB,$C64,unique_contracts!$D:$D,$D64)","v":0},{"$f":"SUMIFS(unique_contracts!CU:CU,unique_contracts!$CB:$CB,$C64,unique_contracts!$D:$D,$D64)","v":0},{"$f":"SUMIFS(unique_contracts!CV:CV,unique_contracts!$CB:$CB,$C64,unique_contracts!$D:$D,$D64)","v":0}]
[null,null,"nuclear","Online",{"$f":"SUMIFS(unique_contracts!CH:CH,unique_contracts!$CB:$CB,$C65,unique_contracts!$D:$D,$D65)","v":0},{"$f":"SUMIFS(unique_contracts!CI:CI,unique_contracts!$CB:$CB,$C65,unique_contracts!$D:$D,$D65)","v":0},{"$f":"SUMIFS(unique_contracts!CJ:CJ,unique_contracts!$CB:$CB,$C65,unique_contracts!$D:$D,$D65)","v":0},{"$f":"SUMIFS(unique_contracts!CK:CK,unique_contracts!$CB:$CB,$C65,unique_contracts!$D:$D,$D65)","v":0},{"$f":"SUMIFS(unique_contracts!CL:CL,unique_contracts!$CB:$CB,$C65,unique_contracts!$D:$D,$D65)","v":0},{"$f":"SUMIFS(unique_contracts!CM:CM,unique_contracts!$CB:$CB,$C65,unique_contracts!$D:$D,$D65)","v":0},{"$f":"SUMIFS(unique_contracts!CN:CN,unique_contracts!$CB:$CB,$C65,unique_contracts!$D:$D,$D65)","v":0},{"$f":"SUMIFS(unique_contracts!CO:CO,unique_contracts!$CB:$CB,$C65,unique_contracts!$D:$D,$D65)","v":0},{"$f":"SUMIFS(unique_contracts!CP:CP,unique_contracts!$CB:$CB,$C65,unique_contracts!$D:$D,$D65)","v":0},{"$f":"SUMIFS(unique_contracts!CQ:CQ,unique_contracts!$CB:$CB,$C65,unique_contracts!$D:$D,$D65)","v":0},{"$f":"SUMIFS(unique_contracts!CR:CR,unique_contracts!$CB:$CB,$C65,unique_contracts!$D:$D,$D65)","v":0},{"$f":"SUMIFS(unique_contracts!CS:CS,unique_contracts!$CB:$CB,$C65,unique_contracts!$D:$D,$D65)","v":0},{"$f":"SUMIFS(unique_contracts!CT:CT,unique_contracts!$CB:$CB,$C65,unique_contracts!$D:$D,$D65)","v":0},{"$f":"SUMIFS(unique_contracts!CU:CU,unique_contracts!$CB:$CB,$C65,unique_contracts!$D:$D,$D65)","v":0},{"$f":"SUMIFS(unique_contracts!CV:CV,unique_contracts!$CB:$CB,$C65,unique_contracts!$D:$D,$D65)","v":0}]
[null,null,"coal","Online",{"$f":"SUMIFS(unique_contracts!CH:CH,unique_contracts!$CB:$CB,$C66,unique_contracts!$D:$D,$D66)","v":0},{"$f":"SUMIFS(unique_contracts!CI:CI,unique_contracts!$CB:$CB,$C66,unique_contracts!$D:$D,$D66)","v":0},{"$f":"SUMIFS(unique_contracts!CJ:CJ,unique_contracts!$CB:$CB,$C66,unique_contracts!$D:$D,$D66)","v":0},{"$f":"SUMIFS(unique_contracts!CK:CK,unique_contracts!$CB:$CB,$C66,unique_contracts!$D:$D,$D66)","v":0},{"$f":"SUMIFS(unique_contracts!CL:CL,unique_contracts!$CB:$CB,$C66,unique_contracts!$D:$D,$D66)","v":0},{"$f":"SUMIFS(unique_contracts!CM:CM,unique_contracts!$CB:$CB,$C66,unique_contracts!$D:$D,$D66)","v":0},{"$f":"SUMIFS(unique_contracts!CN:CN,unique_contracts!$CB:$CB,$C66,unique_contracts!$D:$D,$D66)","v":0},{"$f":"SUMIFS(unique_contracts!CO:CO,unique_contracts!$CB:$CB,$C66,unique_contracts!$D:$D,$D66)","v":0},{"$f":"SUMIFS(unique_contracts!CP:CP,unique_contracts!$CB:$CB,$C66,unique_contracts!$D:$D,$D66)","v":0},{"$f":"SUMIFS(unique_contracts!CQ:CQ,unique_contracts!$CB:$CB,$C66,unique_contracts!$D:$D,$D66)","v":0},{"$f":"SUMIFS(unique_contracts!CR:CR,unique_contracts!$CB:$CB,$C66,unique_contracts!$D:$D,$D66)","v":0},{"$f":"SUMIFS(unique_contracts!CS:CS,unique_contracts!$CB:$CB,$C66,unique_contracts!$D:$D,$D66)","v":0},{"$f":"SUMIFS(unique_contracts!CT:CT,unique_contracts!$CB:$CB,$C66,unique_contracts!$D:$D,$D66)","v":0},{"$f":"SUMIFS(unique_contracts!CU:CU,unique_contracts!$CB:$CB,$C66,unique_contracts!$D:$D,$D66)","v":0},{"$f":"SUMIFS(unique_contracts!CV:CV,unique_contracts!$CB:$CB,$C66,unique_contracts!$D:$D,$D66)","v":0}]
[null,null,"cogen","Online",{"$f":"SUMIFS(unique_contracts!CH:CH,unique_contracts!$CB:$CB,$C67,unique_contracts!$D:$D,$D67)","v":0},{"$f":"SUMIFS(unique_contracts!CI:CI,unique_contracts!$CB:$CB,$C67,unique_contracts!$D:$D,$D67)","v":0},{"$f":"SUMIFS(unique_contracts!CJ:CJ,unique_contracts!$CB:$CB,$C67,unique_contracts!$D:$D,$D67)","v":0},{"$f":"SUMIFS(unique_contracts!CK:CK,unique_contracts!$CB:$CB,$C67,unique_contracts!$D:$D,$D67)","v":0},{"$f":"SUMIFS(unique_contracts!CL:CL,unique_contracts!$CB:$CB,$C67,unique_contracts!$D:$D,$D67)","v":0},{"$f":"SUMIFS(unique_contracts!CM:CM,unique_contracts!$CB:$CB,$C67,unique_contracts!$D:$D,$D67)","v":0},{"$f":"SUMIFS(unique_contracts!CN:CN,unique_contracts!$CB:$CB,$C67,unique_contracts!$D:$D,$D67)","v":0},{"$f":"SUMIFS(unique_contracts!CO:CO,unique_contracts!$CB:$CB,$C67,unique_contracts!$D:$D,$D67)","v":0},{"$f":"SUMIFS(unique_contracts!CP:CP,unique_contracts!$CB:$CB,$C67,unique_contracts!$D:$D,$D67)","v":0},{"$f":"SUMIFS(unique_contracts!CQ:CQ,unique_contracts!$CB:$CB,$C67,unique_contracts!$D:$D,$D67)","v":0},{"$f":"SUMIFS(unique_contracts!CR:CR,unique_contracts!$CB:$CB,$C67,unique_contracts!$D:$D,$D67)","v":0},{"$f":"SUMIFS(unique_contracts!CS:CS,unique_contracts!$CB:$CB,$C67,unique_contracts!$D:$D,$D67)","v":0},{"$f":"SUMIFS(unique_contracts!CT:CT,unique_contracts!$CB:$CB,$C67,unique_contracts!$D:$D,$D67)","v":0},{"$f":"SUMIFS(unique_contracts!CU:CU,unique_contracts!$CB:$CB,$C67,unique_contracts!$D:$D,$D67)","v":0},{"$f":"SUMIFS(unique_contracts!CV:CV,unique_contracts!$CB:$CB,$C67,unique_contracts!$D:$D,$D67)","v":0}]
[null,null,"unspecified_import","Online",{"$f":"SUMIFS(unique_contracts!CH:CH,unique_contracts!$CB:$CB,$C68,unique_contracts!$D:$D,$D68)","v":0},{"$f":"SUMIFS(unique_contracts!CI:CI,unique_contracts!$CB:$CB,$C68,unique_contracts!$D:$D,$D68)","v":0},{"$f":"SUMIFS(unique_contracts!CJ:CJ,unique_contracts!$CB:$CB,$C68,unique_contracts!$D:$D,$D68)","v":0},{"$f":"SUMIFS(unique_contracts!CK:CK,unique_contracts!$CB:$CB,$C68,unique_contracts!$D:$D,$D68)","v":0},{"$f":"SUMIFS(unique_contracts!CL:CL,unique_contracts!$CB:$CB,$C68,unique_contracts!$D:$D,$D68)","v":0},{"$f":"SUMIFS(unique_contracts!CM:CM,unique_contracts!$CB:$CB,$C68,unique_contracts!$D:$D,$D68)","v":0},{"$f":"SUMIFS(unique_contracts!CN:CN,unique_contracts!$CB:$CB,$C68,unique_contracts!$D:$D,$D68)","v":0},{"$f":"SUMIFS(unique_contracts!CO:CO,unique_contracts!$CB:$CB,$C68,unique_contracts!$D:$D,$D68)","v":0},{"$f":"SUMIFS(unique_contracts!CP:CP,unique_contracts!$CB:$CB,$C68,unique_contracts!$D:$D,$D68)","v":0},{"$f":"SUMIFS(unique_contracts!CQ:CQ,unique_contracts!$CB:$CB,$C68,unique_contracts!$D:$D,$D68)","v":0},{"$f":"SUMIFS(unique_contracts!CR:CR,unique_contracts!$CB:$CB,$C68,unique_contracts!$D:$D,$D68)","v":0},{"$f":"SUMIFS(unique_contracts!CS:CS,unique_contracts!$CB:$CB,$C68,unique_contracts!$D:$D,$D68)","v":0},{"$f":"SUMIFS(unique_contracts!CT:CT,unique_contracts!$CB:$CB,$C68,unique_contracts!$D:$D,$D68)","v":0},{"$f":"SUMIFS(unique_contracts!CU:CU,unique_contracts!$CB:$CB,$C68,unique_contracts!$D:$D,$D68)","v":0},{"$f":"SUMIFS(unique_contracts!CV:CV,unique_contracts!$CB:$CB,$C68,unique_contracts!$D:$D,$D68)","v":0}]
[null,null,"hybrid","Development",{"$f":"SUMIFS(unique_contracts!CH:CH,unique_contracts!$CB:$CB,$C69,unique_contracts!$D:$D,$D69)","v":0},{"$f":"SUMIFS(unique_contracts!CI:CI,unique_contracts!$CB:$CB,$C69,unique_contracts!$D:$D,$D69)","v":0},{"$f":"SUMIFS(unique_contracts!CJ:CJ,unique_contracts!$CB:$CB,$C69,unique_contracts!$D:$D,$D69)","v":0},{"$f":"SUMIFS(unique_contracts!CK:CK,unique_contracts!$CB:$CB,$C69,unique_contracts!$D:$D,$D69)","v":0},{"$f":"SUMIFS(unique_contracts!CL:CL,unique_contracts!$CB:$CB,$C69,unique_contracts!$D:$D,$D69)","v":0},{"$f":"SUMIFS(unique_contracts!CM:CM,unique_contracts!$CB:$CB,$C69,unique_contracts!$D:$D,$D69)","v":0},{"$f":"SUMIFS(unique_contracts!CN:CN,unique_contracts!$CB:$CB,$C69,unique_contracts!$D:$D,$D69)","v":0},{"$f":"SUMIFS(unique_contracts!CO:CO,unique_contracts!$CB:$CB,$C69,unique_contracts!$D:$D,$D69)","v":0},{"$f":"SUMIFS(unique_contracts!CP:CP,unique_contracts!$CB:$CB,$C69,unique_contracts!$D:$D,$D69)","v":0},{"$f":"SUMIFS(unique_contracts!CQ:CQ,unique_contracts!$CB:$CB,$C69,unique_contracts!$D:$D,$D69)","v":0},{"$f":"SUMIFS(unique_contracts!CR:CR,unique_contracts!$CB:$CB,$C69,unique_contracts!$D:$D,$D69)","v":0},{"$f":"SUMIFS(unique_contracts!CS:CS,unique_contracts!$CB:$CB,$C69,unique_contracts!$D:$D,$D69)","v":0},{"$f":"SUMIFS(unique_contracts!CT:CT,unique_contracts!$CB:$CB,$C69,unique_contracts!$D:$D,$D69)","v":0},{"$f":"SUMIFS(unique_contracts!CU:CU,unique_contracts!$CB:$CB,$C69,unique_contracts!$D:$D,$D69)","v":0},{"$f":"SUMIFS(unique_contracts!CV:CV,unique_contracts!$CB:$CB,$C69,unique_contracts!$D:$D,$D69)","v":0}]
[null,null,"in_state_wind","Development",{"$f":"SUMIFS(unique_contracts!CH:CH,unique_contracts!$CB:$CB,$C70,unique_contracts!$D:$D,$D70)","v":0},{"$f":"SUMIFS(unique_contracts!CI:CI,unique_contracts!$CB:$CB,$C70,unique_contracts!$D:$D,$D70)","v":0},{"$f":"SUMIFS(unique_contracts!CJ:CJ,unique_contracts!$CB:$CB,$C70,unique_contracts!$D:$D,$D70)","v":0},{"$f":"SUMIFS(unique_contracts!CK:CK,unique_contracts!$CB:$CB,$C70,unique_contracts!$D:$D,$D70)","v":0},{"$f":"SUMIFS(unique_contracts!CL:CL,unique_contracts!$CB:$CB,$C70,unique_contracts!$D:$D,$D70)","v":0},{"$f":"SUMIFS(unique_contracts!CM:CM,unique_contracts!$CB:$CB,$C70,unique_contracts!$D:$D,$D70)","v":0},{"$f":"SUMIFS(unique_contracts!CN:CN,unique_contracts!$CB:$CB,$C70,unique_contracts!$D:$D,$D70)","v":0},{"$f":"SUMIFS(unique_contracts!CO:CO,unique_contracts!$CB:$CB,$C70,unique_contracts!$D:$D,$D70)","v":0},{"$f":"SUMIFS(unique_contracts!CP:CP,unique_contracts!$CB:$CB,$C70,unique_contracts!$D:$D,$D70)","v":0},{"$f":"SUMIFS(unique_contracts!CQ:CQ,unique_contracts!$CB:$CB,$C70,unique_contracts!$D:$D,$D70)","v":0},{"$f":"SUMIFS(unique_contracts!CR:CR,unique_contracts!$CB:$CB,$C70,unique_contracts!$D:$D,$D70)","v":0},{"$f":"SUMIFS(unique_contracts!CS:CS,unique_contracts!$CB:$CB,$C70,unique_contracts!$D:$D,$D70)","v":0},{"$f":"SUMIFS(unique_contracts!CT:CT,unique_contracts!$CB:$CB,$C70,unique_contracts!$D:$D,$D70)","v":0},{"$f":"SUMIFS(unique_contracts!CU:CU,unique_contracts!$CB:$CB,$C70,unique_contracts!$D:$D,$D70)","v":0},{"$f":"SUMIFS(unique_contracts!CV:CV,unique_contracts!$CB:$CB,$C70,unique_contracts!$D:$D,$D70)","v":0}]
[null,null,"out_of_state_wind","Development",{"$f":"SUMIFS(unique_contracts!CH:CH,unique_contracts!$CB:$CB,$C71,unique_contracts!$D:$D,$D71)","v":0},{"$f":"SUMIFS(unique_contracts!CI:CI,unique_contracts!$CB:$CB,$C71,unique_contracts!$D:$D,$D71)","v":0},{"$f":"SUMIFS(unique_contracts!CJ:CJ,unique_contracts!$CB:$CB,$C71,unique_contracts!$D:$D,$D71)","v":0},{"$f":"SUMIFS(unique_contracts!CK:CK,unique_contracts!$CB:$CB,$C71,unique_contracts!$D:$D,$D71)","v":0},{"$f":"SUMIFS(unique_contracts!CL:CL,unique_contracts!$CB:$CB,$C71,unique_contracts!$D:$D,$D71)","v":0},{"$f":"SUMIFS(unique_contracts!CM:CM,unique_contracts!$CB:$CB,$C71,unique_contracts!$D:$D,$D71)","v":0},{"$f":"SUMIFS(unique_contracts!CN:CN,unique_contracts!$CB:$CB,$C71,unique_contracts!$D:$D,$D71)","v":0},{"$f":"SUMIFS(unique_contracts!CO:CO,unique_contracts!$CB:$CB,$C71,unique_contracts!$D:$D,$D71)","v":0},{"$f":"SUMIFS(unique_contracts!CP:CP,unique_contracts!$CB:$CB,$C71,unique_contracts!$D:$D,$D71)","v":0},{"$f":"SUMIFS(unique_contracts!CQ:CQ,unique_contracts!$CB:$CB,$C71,unique_contracts!$D:$D,$D71)","v":0},{"$f":"SUMIFS(unique_contracts!CR:CR,unique_contracts!$CB:$CB,$C71,unique_contracts!$D:$D,$D71)","v":0},{"$f":"SUMIFS(unique_contracts!CS:CS,unique_contracts!$CB:$CB,$C71,unique_contracts!$D:$D,$D71)","v":0},{"$f":"SUMIFS(unique_contracts!CT:CT,unique_contracts!$CB:$CB,$C71,unique_contracts!$D:$D,$D71)","v":0},{"$f":"SUMIFS(unique_contracts!CU:CU,unique_contracts!$CB:$CB,$C71,unique_contracts!$D:$D,$D71)","v":0},{"$f":"SUMIFS(unique_contracts!CV:CV,unique_contracts!$CB:$CB,$C71,unique_contracts!$D:$D,$D71)","v":0}]
[null,null,"offshore_wind","Development",{"$f":"SUMIFS(unique_contracts!CH:CH,unique_contracts!$CB:$CB,$C72,unique_contracts!$D:$D,$D72)","v":0},{"$f":"SUMIFS(unique_contracts!CI:CI,unique_contracts!$CB:$CB,$C72,unique_contracts!$D:$D,$D72)","v":0},{"$f":"SUMIFS(unique_contracts!CJ:CJ,unique_contracts!$CB:$CB,$C72,unique_contracts!$D:$D,$D72)","v":0},{"$f":"SUMIFS(unique_contracts!CK:CK,unique_contracts!$CB:$CB,$C72,unique_contracts!$D:$D,$D72)","v":0},{"$f":"SUMIFS(unique_contracts!CL:CL,unique_contracts!$CB:$CB,$C72,unique_contracts!$D:$D,$D72)","v":0},{"$f":"SUMIFS(unique_contracts!CM:CM,unique_contracts!$CB:$CB,$C72,unique_contracts!$D:$D,$D72)","v":0},{"$f":"SUMIFS(unique_contracts!CN:CN,unique_contracts!$CB:$CB,$C72,unique_contracts!$D:$D,$D72)","v":0},{"$f":"SUMIFS(unique_contracts!CO:CO,unique_contracts!$CB:$CB,$C72,unique_contracts!$D:$D,$D72)","v":0},{"$f":"SUMIFS(unique_contracts!CP:CP,unique_contracts!$CB:$CB,$C72,unique_contracts!$D:$D,$D72)","v":0},{"$f":"SUMIFS(unique_contracts!CQ:CQ,unique_contracts!$CB:$CB,$C72,unique_contracts!$D:$D,$D72)","v":0},{"$f":"SUMIFS(unique_contracts!CR:CR,unique_contracts!$CB:$CB,$C72,unique_contracts!$D:$D,$D72)","v":0},{"$f":"SUMIFS(unique_contracts!CS:CS,unique_contracts!$CB:$CB,$C72,unique_contracts!$D:$D,$D72)","v":0},{"$f":"SUMIFS(unique_contracts!CT:CT,unique_contracts!$CB:$CB,$C72,unique_contracts!$D:$D,$D72)","v":0},{"$f":"SUMIFS(unique_contracts!CU:CU,unique_contracts!$CB:$CB,$C72,unique_contracts!$D:$D,$D72)","v":0},{"$f":"SUMIFS(unique_contracts!CV:CV,unique_contracts!$CB:$CB,$C72,unique_contracts!$D:$D,$D72)","v":0}]
[null,null,"utility_pv","Development",{"$f":"SUMIFS(unique_contracts!CH:CH,unique_contracts!$CB:$CB,$C73,unique_contracts!$D:$D,$D73)","v":0},{"$f":"SUMIFS(unique_contracts!CI:CI,unique_contracts!$CB:$CB,$C73,unique_contracts!$D:$D,$D73)","v":0},{"$f":"SUMIFS(unique_contracts!CJ:CJ,unique_contracts!$CB:$CB,$C73,unique_contracts!$D:$D,$D73)","v":0},{"$f":"SUMIFS(unique_contracts!CK:CK,unique_contracts!$CB:$CB,$C73,unique_contracts!$D:$D,$D73)","v":0},{"$f":"SUMIFS(unique_contracts!CL:CL,unique_contracts!$CB:$CB,$C73,unique_contracts!$D:$D,$D73)","v":0},{"$f":"SUMIFS(unique_contracts!CM:CM,unique_contracts!$CB:$CB,$C73,unique_contracts!$D:$D,$D73)","v":0},{"$f":"SUMIFS(unique_contracts!CN:CN,unique_contracts!$CB:$CB,$C73,unique_contracts!$D:$D,$D73)","v":0},{"$f":"SUMIFS(unique_contracts!CO:CO,unique_contracts!$CB:$CB,$C73,unique_contracts!$D:$D,$D73)","v":0},{"$f":"SUMIFS(unique_contracts!CP:CP,unique_contracts!$CB:$CB,$C73,unique_contracts!$D:$D,$D73)","v":0},{"$f":"SUMIFS(unique_contracts!CQ:CQ,unique_contracts!$CB:$CB,$C73,unique_contracts!$D:$D,$D73)","v":0},{"$f":"SUMIFS(unique_contracts!CR:CR,unique_contracts!$CB:$CB,$C73,unique_contracts!$D:$D,$D73)","v":0},{"$f":"SUMIFS(unique_contracts!CS:CS,unique_contracts!$CB:$CB,$C73,unique_contracts!$D:$D,$D73)","v":0},{"$f":"SUMIFS(unique_contracts!CT:CT,unique_contracts!$CB:$CB,$C73,unique_contracts!$D:$D,$D73)","v":0},{"$f":"SUMIFS(unique_contracts!CU:CU,unique_contracts!$CB:$CB,$C73,unique_contracts!$D:$D,$D73)","v":0},{"$f":"SUMIFS(unique_contracts!CV:CV,unique_contracts!$CB:$CB,$C73,unique_contracts!$D:$D,$D73)","v":0}]
[null,null,"btm_pv","Development",{"$f":"SUMIFS(unique_contracts!CH:CH,unique_contracts!$CB:$CB,$C74,unique_contracts!$D:$D,$D74)","v":0},{"$f":"SUMIFS(unique_contracts!CI:CI,unique_contracts!$CB:$CB,$C74,unique_contracts!$D:$D,$D74)","v":0},{"$f":"SUMIFS(unique_contracts!CJ:CJ,unique_contracts!$CB:$CB,$C74,unique_contracts!$D:$D,$D74)","v":0},{"$f":"SUMIFS(unique_contracts!CK:CK,unique_contracts!$CB:$CB,$C74,unique_contracts!$D:$D,$D74)","v":0},{"$f":"SUMIFS(unique_contracts!CL:CL,unique_contracts!$CB:$CB,$C74,unique_contracts!$D:$D,$D74)","v":0},{"$f":"SUMIFS(unique_contracts!CM:CM,unique_contracts!$CB:$CB,$C74,unique_contracts!$D:$D,$D74)","v":0},{"$f":"SUMIFS(unique_contracts!CN:CN,unique_contracts!$CB:$CB,$C74,unique_contracts!$D:$D,$D74)","v":0},{"$f":"SUMIFS(unique_contracts!CO:CO,unique_contracts!$CB:$CB,$C74,unique_contracts!$D:$D,$D74)","v":0},{"$f":"SUMIFS(unique_contracts!CP:CP,unique_contracts!$CB:$CB,$C74,unique_contracts!$D:$D,$D74)","v":0},{"$f":"SUMIFS(unique_contracts!CQ:CQ,unique_contracts!$CB:$CB,$C74,unique_contracts!$D:$D,$D74)","v":0},{"$f":"SUMIFS(unique_contracts!CR:CR,unique_contracts!$CB:$CB,$C74,unique_contracts!$D:$D,$D74)","v":0},{"$f":"SUMIFS(unique_contracts!CS:CS,unique_contracts!$CB:$CB,$C74,unique_contracts!$D:$D,$D74)","v":0},{"$f":"SUMIFS(unique_contracts!CT:CT,unique_contracts!$CB:$CB,$C74,unique_contracts!$D:$D,$D74)","v":0},{"$f":"SUMIFS(unique_contracts!CU:CU,unique_contracts!$CB:$CB,$C74,unique_contracts!$D:$D,$D74)","v":0},{"$f":"SUMIFS(unique_contracts!CV:CV,unique_contracts!$CB:$CB,$C74,unique_contracts!$D:$D,$D74)","v":0}]
[null,null,"4hr_batteries","Development",{"$f":"SUMIFS(unique_contracts!CH:CH,unique_contracts!$CB:$CB,$C75,unique_contracts!$D:$D,$D75)","v":0},{"$f":"SUMIFS(unique_contracts!CI:CI,unique_contracts!$CB:$CB,$C75,unique_contracts!$D:$D,$D75)","v":0},{"$f":"SUMIFS(unique_contracts!CJ:CJ,unique_contracts!$CB:$CB,$C75,unique_contracts!$D:$D,$D75)","v":0},{"$f":"SUMIFS(unique_contracts!CK:CK,unique_contracts!$CB:$CB,$C75,unique_contracts!$D:$D,$D75)","v":0},{"$f":"SUMIFS(unique_contracts!CL:CL,unique_contracts!$CB:$CB,$C75,unique_contracts!$D:$D,$D75)","v":0},{"$f":"SUMIFS(unique_contracts!CM:CM,unique_contracts!$CB:$CB,$C75,unique_contracts!$D:$D,$D75)","v":0},{"$f":"SUMIFS(unique_contracts!CN:CN,unique_contracts!$CB:$CB,$C75,unique_contracts!$D:$D,$D75)","v":0},{"$f":"SUMIFS(unique_contracts!CO:CO,unique_contracts!$CB:$CB,$C75,unique_contracts!$D:$D,$D75)","v":0},{"$f":"SUMIFS(unique_contracts!CP:CP,unique_contracts!$CB:$CB,$C75,unique_contracts!$D:$D,$D75)","v":0},{"$f":"SUMIFS(unique_contracts!CQ:CQ,unique_contracts!$CB:$CB,$C75,unique_contracts!$D:$D,$D75)","v":0},{"$f":"SUMIFS(unique_contracts!CR:CR,unique_contracts!$CB:$CB,$C75,unique_contracts!$D:$D,$D75)","v":0},{"$f":"SUMIFS(unique_contracts!CS:CS,unique_contracts!$CB:$CB,$C75,unique_contracts!$D:$D,$D75)","v":0},{"$f":"SUMIFS(unique_contracts!CT:CT,unique_contracts!$CB:$CB,$C75,unique_contracts!$D:$D,$D75)","v":0},{"$f":"SUMIFS(unique_contracts!CU:CU,unique_contracts!$CB:$CB,$C75,unique_contracts!$D:$D,$D75)","v":0},{"$f":"SUMIFS(unique_contracts!CV:CV,unique_contracts!$CB:$CB,$C75,unique_contracts!$D:$D,$D75)","v":0}]
[null,null,"8hr_batteries","Development",{"$f":"SUMIFS(unique_contracts!CH:CH,unique_contracts!$CB:$CB,$C76,unique_contracts!$D:$D,$D76)","v":0},{"$f":"SUMIFS(unique_contracts!CI:CI,unique_contracts!$CB:$CB,$C76,unique_contracts!$D:$D,$D76)","v":0},{"$f":"SUMIFS(unique_contracts!CJ:CJ,unique_contracts!$CB:$CB,$C76,unique_contracts!$D:$D,$D76)","v":0},{"$f":"SUMIFS(unique_contracts!CK:CK,unique_contracts!$CB:$CB,$C76,unique_contracts!$D:$D,$D76)","v":0},{"$f":"SUMIFS(unique_contracts!CL:CL,unique_contracts!$CB:$CB,$C76,unique_contracts!$D:$D,$D76)","v":0},{"$f":"SUMIFS(unique_contracts!CM:CM,unique_contracts!$CB:$CB,$C76,unique_contracts!$D:$D,$D76)","v":0},{"$f":"SUMIFS(unique_contracts!CN:CN,unique_contracts!$CB:$CB,$C76,unique_contracts!$D:$D,$D76)","v":0},{"$f":"SUMIFS(unique_contracts!CO:CO,unique_contracts!$CB:$CB,$C76,unique_contracts!$D:$D,$D76)","v":0},{"$f":"SUMIFS(unique_contracts!CP:CP,unique_contracts!$CB:$CB,$C76,unique_contracts!$D:$D,$D76)","v":0},{"$f":"SUMIFS(unique_contracts!CQ:CQ,unique_contracts!$CB:$CB,$C76,unique_contracts!$D:$D,$D76)","v":0},{"$f":"SUMIFS(unique_contracts!CR:CR,unique_contracts!$CB:$CB,$C76,unique_contracts!$D:$D,$D76)","v":0},{"$f":"SUMIFS(unique_contracts!CS:CS,unique_contracts!$CB:$CB,$C76,unique_contracts!$D:$D,$D76)","v":0},{"$f":"SUMIFS(unique_contracts!CT:CT,unique_contracts!$CB:$CB,$C76,unique_contracts!$D:$D,$D76)","v":0},{"$f":"SUMIFS(unique_contracts!CU:CU,unique_contracts!$CB:$CB,$C76,unique_contracts!$D:$D,$D76)","v":0},{"$f":"SUMIFS(unique_contracts!CV:CV,unique_contracts!$CB:$CB,$C76,unique_contracts!$D:$D,$D76)","v":0}]
[null,null,"demand_response","Development",{"$f":"SUMIFS(unique_contracts!CH:CH,unique_contracts!$CB:$CB,$C77,unique_contracts!$D:$D,$D77)","v":0},{"$f":"SUMIFS(unique_contracts!CI:CI,unique_contracts!$CB:$CB,$C77,unique_contracts!$D:$D,$D77)","v":0},{"$f":"SUMIFS(unique_contracts!CJ:CJ,unique_contracts!$CB:$CB,$C77,unique_contracts!$D:$D,$D77)","v":0},{"$f":"SUMIFS(unique_contracts!CK:CK,unique_contracts!$CB:$CB,$C77,unique_contracts!$D:$D,$D77)","v":0},{"$f":"SUMIFS(unique_contracts!CL:CL,unique_contracts!$CB:$CB,$C77,unique_contracts!$D:$D,$D77)","v":0},{"$f":"SUMIFS(unique_contracts!CM:CM,unique_contracts!$CB:$CB,$C77,unique_contracts!$D:$D,$D77)","v":0},{"$f":"SUMIFS(unique_contracts!CN:CN,unique_contracts!$CB:$CB,$C77,unique_contracts!$D:$D,$D77)","v":0},{"$f":"SUMIFS(unique_contracts!CO:CO,unique_contracts!$CB:$CB,$C77,unique_contracts!$D:$D,$D77)","v":0},{"$f":"SUMIFS(unique_contracts!CP:CP,unique_contracts!$CB:$CB,$C77,unique_contracts!$D:$D,$D77)","v":0},{"$f":"SUMIFS(unique_contracts!CQ:CQ,unique_contracts!$CB:$CB,$C77,unique_contracts!$D:$D,$D77)","v":0},{"$f":"SUMIFS(unique_contracts!CR:CR,unique_contracts!$CB:$CB,$C77,unique_contracts!$D:$D,$D77)","v":0},{"$f":"SUMIFS(unique_contracts!CS:CS,unique_contracts!$CB:$CB,$C77,unique_contracts!$D:$D,$D77)","v":0},{"$f":"SUMIFS(unique_contracts!CT:CT,unique_contracts!$CB:$CB,$C77,unique_contracts!$D:$D,$D77)","v":0},{"$f":"SUMIFS(unique_contracts!CU:CU,unique_contracts!$CB:$CB,$C77,unique_contracts!$D:$D,$D77)","v":0},{"$f":"SUMIFS(unique_contracts!CV:CV,unique_contracts!$CB:$CB,$C77,unique_contracts!$D:$D,$D77)","v":0}]
[null,null,"12hr_pumped_storage","Development",{"$f":"SUMIFS(unique_contracts!CH:CH,unique_contracts!$CB:$CB,$C78,unique_contracts!$D:$D,$D78)","v":0},{"$f":"SUMIFS(unique_contracts!CI:CI,unique_contracts!$CB:$CB,$C78,unique_contracts!$D:$D,$D78)","v":0},{"$f":"SUMIFS(unique_contracts!CJ:CJ,unique_contracts!$CB:$CB,$C78,unique_contracts!$D:$D,$D78)","v":0},{"$f":"SUMIFS(unique_contracts!CK:CK,unique_contracts!$CB:$CB,$C78,unique_contracts!$D:$D,$D78)","v":0},{"$f":"SUMIFS(unique_contracts!CL:CL,unique_contracts!$CB:$CB,$C78,unique_contracts!$D:$D,$D78)","v":0},{"$f":"SUMIFS(unique_contracts!CM:CM,unique_contracts!$CB:$CB,$C78,unique_contracts!$D:$D,$D78)","v":0},{"$f":"SUMIFS(unique_contracts!CN:CN,unique_contracts!$CB:$CB,$C78,unique_contracts!$D:$D,$D78)","v":0},{"$f":"SUMIFS(unique_contracts!CO:CO,unique_contracts!$CB:$CB,$C78,unique_contracts!$D:$D,$D78)","v":0},{"$f":"SUMIFS(unique_contracts!CP:CP,unique_contracts!$CB:$CB,$C78,unique_contracts!$D:$D,$D78)","v":0},{"$f":"SUMIFS(unique_contracts!CQ:CQ,unique_contracts!$CB:$CB,$C78,unique_contracts!$D:$D,$D78)","v":0},{"$f":"SUMIFS(unique_contracts!CR:CR,unique_contracts!$CB:$CB,$C78,unique_contracts!$D:$D,$D78)","v":0},{"$f":"SUMIFS(unique_contracts!CS:CS,unique_contracts!$CB:$CB,$C78,unique_contracts!$D:$D,$D78)","v":0},{"$f":"SUMIFS(unique_contracts!CT:CT,unique_contracts!$CB:$CB,$C78,unique_contracts!$D:$D,$D78)","v":0},{"$f":"SUMIFS(unique_contracts!CU:CU,unique_contracts!$CB:$CB,$C78,unique_contracts!$D:$D,$D78)","v":0},{"$f":"SUMIFS(unique_contracts!CV:CV,unique_contracts!$CB:$CB,$C78,unique_contracts!$D:$D,$D78)","v":0}]
[null,null,"small_hydro","Development",{"$f":"SUMIFS(unique_contracts!CH:CH,unique_contracts!$CB:$CB,$C79,unique_contracts!$D:$D,$D79)","v":0},{"$f":"SUMIFS(unique_contracts!CI:CI,unique_contracts!$CB:$CB,$C79,unique_contracts!$D:$D,$D79)","v":0},{"$f":"SUMIFS(unique_contracts!CJ:CJ,unique_contracts!$CB:$CB,$C79,unique_contracts!$D:$D,$D79)","v":0},{"$f":"SUMIFS(unique_contracts!CK:CK,unique_contracts!$CB:$CB,$C79,unique_contracts!$D:$D,$D79)","v":0},{"$f":"SUMIFS(unique_contracts!CL:CL,unique_contracts!$CB:$CB,$C79,unique_contracts!$D:$D,$D79)","v":0},{"$f":"SUMIFS(unique_contracts!CM:CM,unique_contracts!$CB:$CB,$C79,unique_contracts!$D:$D,$D79)","v":0},{"$f":"SUMIFS(unique_contracts!CN:CN,unique_contracts!$CB:$CB,$C79,unique_contracts!$D:$D,$D79)","v":0},{"$f":"SUMIFS(unique_contracts!CO:CO,unique_contracts!$CB:$CB,$C79,unique_contracts!$D:$D,$D79)","v":0},{"$f":"SUMIFS(unique_contracts!CP:CP,unique_contracts!$CB:$CB,$C79,unique_contracts!$D:$D,$D79)","v":0},{"$f":"SUMIFS(unique_contracts!CQ:CQ,unique_contracts!$CB:$CB,$C79,unique_contracts!$D:$D,$D79)","v":0},{"$f":"SUMIFS(unique_contracts!CR:CR,unique_contracts!$CB:$CB,$C79,unique_contracts!$D:$D,$D79)","v":0},{"$f":"SUMIFS(unique_contracts!CS:CS,unique_contracts!$CB:$CB,$C79,unique_contracts!$D:$D,$D79)","v":0},{"$f":"SUMIFS(unique_contracts!CT:CT,unique_contracts!$CB:$CB,$C79,unique_contracts!$D:$D,$D79)","v":0},{"$f":"SUMIFS(unique_contracts!CU:CU,unique_contracts!$CB:$CB,$C79,unique_contracts!$D:$D,$D79)","v":0},{"$f":"SUMIFS(unique_contracts!CV:CV,unique_contracts!$CB:$CB,$C79,unique_contracts!$D:$D,$D79)","v":0}]
[null,null,"hydro","Development",{"$f":"SUMIFS(unique_contracts!CH:CH,unique_contracts!$CB:$CB,$C80,unique_contracts!$D:$D,$D80)","v":0},{"$f":"SUMIFS(unique_contracts!CI:CI,unique_contracts!$CB:$CB,$C80,unique_contracts!$D:$D,$D80)","v":0},{"$f":"SUMIFS(unique_contracts!CJ:CJ,unique_contracts!$CB:$CB,$C80,unique_contracts!$D:$D,$D80)","v":0},{"$f":"SUMIFS(unique_contracts!CK:CK,unique_contracts!$CB:$CB,$C80,unique_contracts!$D:$D,$D80)","v":0},{"$f":"SUMIFS(unique_contracts!CL:CL,unique_contracts!$CB:$CB,$C80,unique_contracts!$D:$D,$D80)","v":0},{"$f":"SUMIFS(unique_contracts!CM:CM,unique_contracts!$CB:$CB,$C80,unique_contracts!$D:$D,$D80)","v":0},{"$f":"SUMIFS(unique_contracts!CN:CN,unique_contracts!$CB:$CB,$C80,unique_contracts!$D:$D,$D80)","v":0},{"$f":"SUMIFS(unique_contracts!CO:CO,unique_contracts!$CB:$CB,$C80,unique_contracts!$D:$D,$D80)","v":0},{"$f":"SUMIFS(unique_contracts!CP:CP,unique_contracts!$CB:$CB,$C80,unique_contracts!$D:$D,$D80)","v":0},{"$f":"SUMIFS(unique_contracts!CQ:CQ,unique_contracts!$CB:$CB,$C80,unique_contracts!$D:$D,$D80)","v":0},{"$f":"SUMIFS(unique_contracts!CR:CR,unique_contracts!$CB:$CB,$C80,unique_contracts!$D:$D,$D80)","v":0},{"$f":"SUMIFS(unique_contracts!CS:CS,unique_contracts!$CB:$CB,$C80,unique_contracts!$D:$D,$D80)","v":0},{"$f":"SUMIFS(unique_contracts!CT:CT,unique_contracts!$CB:$CB,$C80,unique_contracts!$D:$D,$D80)","v":0},{"$f":"SUMIFS(unique_contracts!CU:CU,unique_contracts!$CB:$CB,$C80,unique_contracts!$D:$D,$D80)","v":0},{"$f":"SUMIFS(unique_contracts!CV:CV,unique_contracts!$CB:$CB,$C80,unique_contracts!$D:$D,$D80)","v":0}]
[null,null,"steam","Development",{"$f":"SUMIFS(unique_contracts!CH:CH,unique_contracts!$CB:$CB,$C81,unique_contracts!$D:$D,$D81)","v":0},{"$f":"SUMIFS(unique_contracts!CI:CI,unique_contracts!$CB:$CB,$C81,unique_contracts!$D:$D,$D81)","v":0},{"$f":"SUMIFS(unique_contracts!CJ:CJ,unique_contracts!$CB:$CB,$C81,unique_contracts!$D:$D,$D81)","v":0},{"$f":"SUMIFS(unique_contracts!CK:CK,unique_contracts!$CB:$CB,$C81,unique_contracts!$D:$D,$D81)","v":0},{"$f":"SUMIFS(unique_contracts!CL:CL,unique_contracts!$CB:$CB,$C81,unique_contracts!$D:$D,$D81)","v":0},{"$f":"SUMIFS(unique_contracts!CM:CM,unique_contracts!$CB:$CB,$C81,unique_contracts!$D:$D,$D81)","v":0},{"$f":"SUMIFS(unique_contracts!CN:CN,unique_contracts!$CB:$CB,$C81,unique_contracts!$D:$D,$D81)","v":0},{"$f":"SUMIFS(unique_contracts!CO:CO,unique_contracts!$CB:$CB,$C81,unique_contracts!$D:$D,$D81)","v":0},{"$f":"SUMIFS(unique_contracts!CP:CP,unique_contracts!$CB:$CB,$C81,unique_contracts!$D:$D,$D81)","v":0},{"$f":"SUMIFS(unique_contracts!CQ:CQ,unique_contracts!$CB:$CB,$C81,unique_contracts!$D:$D,$D81)","v":0},{"$f":"SUMIFS(unique_contracts!CR:CR,unique_contracts!$CB:$CB,$C81,unique_contracts!$D:$D,$D81)","v":0},{"$f":"SUMIFS(unique_contracts!CS:CS,unique_contracts!$CB:$CB,$C81,unique_contracts!$D:$D,$D81)","v":0},{"$f":"SUMIFS(unique_contracts!CT:CT,unique_contracts!$CB:$CB,$C81,unique_contracts!$D:$D,$D81)","v":0},{"$f":"SUMIFS(unique_contracts!CU:CU,unique_contracts!$CB:$CB,$C81,unique_contracts!$D:$D,$D81)","v":0},{"$f":"SUMIFS(unique_contracts!CV:CV,unique_contracts!$CB:$CB,$C81,unique_contracts!$D:$D,$D81)","v":0}]
[null,null,"geothermal","Development",{"$f":"SUMIFS(unique_contracts!CH:CH,unique_contracts!$CB:$CB,$C82,unique_contracts!$D:$D,$D82)","v":0},{"$f":"SUMIFS(unique_contracts!CI:CI,unique_contracts!$CB:$CB,$C82,unique_contracts!$D:$D,$D82)","v":0},{"$f":"SUMIFS(unique_contracts!CJ:CJ,unique_contracts!$CB:$CB,$C82,unique_contracts!$D:$D,$D82)","v":0},{"$f":"SUMIFS(unique_contracts!CK:CK,unique_contracts!$CB:$CB,$C82,unique_contracts!$D:$D,$D82)","v":0},{"$f":"SUMIFS(unique_contracts!CL:CL,unique_contracts!$CB:$CB,$C82,unique_contracts!$D:$D,$D82)","v":0},{"$f":"SUMIFS(unique_contracts!CM:CM,unique_contracts!$CB:$CB,$C82,unique_contracts!$D:$D,$D82)","v":0},{"$f":"SUMIFS(unique_contracts!CN:CN,unique_contracts!$CB:$CB,$C82,unique_contracts!$D:$D,$D82)","v":0},{"$f":"SUMIFS(unique_contracts!CO:CO,unique_contracts!$CB:$CB,$C82,unique_contracts!$D:$D,$D82)","v":0},{"$f":"SUMIFS(unique_contracts!CP:CP,unique_contracts!$CB:$CB,$C82,unique_contracts!$D:$D,$D82)","v":0},{"$f":"SUMIFS(unique_contracts!CQ:CQ,unique_contracts!$CB:$CB,$C82,unique_contracts!$D:$D,$D82)","v":0},{"$f":"SUMIFS(unique_contracts!CR:CR,unique_contracts!$CB:$CB,$C82,unique_contracts!$D:$D,$D82)","v":0},{"$f":"SUMIFS(unique_contracts!CS:CS,unique_contracts!$CB:$CB,$C82,unique_contracts!$D:$D,$D82)","v":0},{"$f":"SUMIFS(unique_contracts!CT:CT,unique_contracts!$CB:$CB,$C82,unique_contracts!$D:$D,$D82)","v":0},{"$f":"SUMIFS(unique_contracts!CU:CU,unique_contracts!$CB:$CB,$C82,unique_contracts!$D:$D,$D82)","v":0},{"$f":"SUMIFS(unique_contracts!CV:CV,unique_contracts!$CB:$CB,$C82,unique_contracts!$D:$D,$D82)","v":0}]
[null,null,"biomass_wood","Development",{"$f":"SUMIFS(unique_contracts!CH:CH,unique_contracts!$CB:$CB,$C83,unique_contracts!$D:$D,$D83)","v":0},{"$f":"SUMIFS(unique_contracts!CI:CI,unique_contracts!$CB:$CB,$C83,unique_contracts!$D:$D,$D83)","v":0},{"$f":"SUMIFS(unique_contracts!CJ:CJ,unique_contracts!$CB:$CB,$C83,unique_contracts!$D:$D,$D83)","v":0},{"$f":"SUMIFS(unique_contracts!CK:CK,unique_contracts!$CB:$CB,$C83,unique_contracts!$D:$D,$D83)","v":0},{"$f":"SUMIFS(unique_contracts!CL:CL,unique_contracts!$CB:$CB,$C83,unique_contracts!$D:$D,$D83)","v":0},{"$f":"SUMIFS(unique_contracts!CM:CM,unique_contracts!$CB:$CB,$C83,unique_contracts!$D:$D,$D83)","v":0},{"$f":"SUMIFS(unique_contracts!CN:CN,unique_contracts!$CB:$CB,$C83,unique_contracts!$D:$D,$D83)","v":0},{"$f":"SUMIFS(unique_contracts!CO:CO,unique_contracts!$CB:$CB,$C83,unique_contracts!$D:$D,$D83)","v":0},{"$f":"SUMIFS(unique_contracts!CP:CP,unique_contracts!$CB:$CB,$C83,unique_contracts!$D:$D,$D83)","v":0},{"$f":"SUMIFS(unique_contracts!CQ:CQ,unique_contracts!$CB:$CB,$C83,unique_contracts!$D:$D,$D83)","v":0},{"$f":"SUMIFS(unique_contracts!CR:CR,unique_contracts!$CB:$CB,$C83,unique_contracts!$D:$D,$D83)","v":0},{"$f":"SUMIFS(unique_contracts!CS:CS,unique_contracts!$CB:$CB,$C83,unique_contracts!$D:$D,$D83)","v":0},{"$f":"SUMIFS(unique_contracts!CT:CT,unique_contracts!$CB:$CB,$C83,unique_contracts!$D:$D,$D83)","v":0},{"$f":"SUMIFS(unique_contracts!CU:CU,unique_contracts!$CB:$CB,$C83,unique_contracts!$D:$D,$D83)","v":0},{"$f":"SUMIFS(unique_contracts!CV:CV,unique_contracts!$CB:$CB,$C83,unique_contracts!$D:$D,$D83)","v":0}]
[null,null,"biogas","Development",{"$f":"SUMIFS(unique_contracts!CH:CH,unique_contracts!$CB:$CB,$C84,unique_contracts!$D:$D,$D84)","v":0},{"$f":"SUMIFS(unique_contracts!CI:CI,unique_contracts!$CB:$CB,$C84,unique_contracts!$D:$D,$D84)","v":0},{"$f":"SUMIFS(unique_contracts!CJ:CJ,unique_contracts!$CB:$CB,$C84,unique_contracts!$D:$D,$D84)","v":0},{"$f":"SUMIFS(unique_contracts!CK:CK,unique_contracts!$CB:$CB,$C84,unique_contracts!$D:$D,$D84)","v":0},{"$f":"SUMIFS(unique_contracts!CL:CL,unique_contracts!$CB:$CB,$C84,unique_contracts!$D:$D,$D84)","v":0},{"$f":"SUMIFS(unique_contracts!CM:CM,unique_contracts!$CB:$CB,$C84,unique_contracts!$D:$D,$D84)","v":0},{"$f":"SUMIFS(unique_contracts!CN:CN,unique_contracts!$CB:$CB,$C84,unique_contracts!$D:$D,$D84)","v":0},{"$f":"SUMIFS(unique_contracts!CO:CO,unique_contracts!$CB:$CB,$C84,unique_contracts!$D:$D,$D84)","v":0},{"$f":"SUMIFS(unique_contracts!CP:CP,unique_contracts!$CB:$CB,$C84,unique_contracts!$D:$D,$D84)","v":0},{"$f":"SUMIFS(unique_contracts!CQ:CQ,unique_contracts!$CB:$CB,$C84,unique_contracts!$D:$D,$D84)","v":0},{"$f":"SUMIFS(unique_contracts!CR:CR,unique_contracts!$CB:$CB,$C84,unique_contracts!$D:$D,$D84)","v":0},{"$f":"SUMIFS(unique_contracts!CS:CS,unique_contracts!$CB:$CB,$C84,unique_contracts!$D:$D,$D84)","v":0},{"$f":"SUMIFS(unique_contracts!CT:CT,unique_contracts!$CB:$CB,$C84,unique_contracts!$D:$D,$D84)","v":0},{"$f":"SUMIFS(unique_contracts!CU:CU,unique_contracts!$CB:$CB,$C84,unique_contracts!$D:$D,$D84)","v":0},{"$f":"SUMIFS(unique_contracts!CV:CV,unique_contracts!$CB:$CB,$C84,unique_contracts!$D:$D,$D84)","v":0}]
[null,null,"gas_cc","Development",{"$f":"SUMIFS(unique_contracts!CH:CH,unique_contracts!$CB:$CB,$C85,unique_contracts!$D:$D,$D85)","v":0},{"$f":"SUMIFS(unique_contracts!CI:CI,unique_contracts!$CB:$CB,$C85,unique_contracts!$D:$D,$D85)","v":0},{"$f":"SUMIFS(unique_contracts!CJ:CJ,unique_contracts!$CB:$CB,$C85,unique_contracts!$D:$D,$D85)","v":0},{"$f":"SUMIFS(unique_contracts!CK:CK,unique_contracts!$CB:$CB,$C85,unique_contracts!$D:$D,$D85)","v":0},{"$f":"SUMIFS(unique_contracts!CL:CL,unique_contracts!$CB:$CB,$C85,unique_contracts!$D:$D,$D85)","v":0},{"$f":"SUMIFS(unique_contracts!CM:CM,unique_contracts!$CB:$CB,$C85,unique_contracts!$D:$D,$D85)","v":0},{"$f":"SUMIFS(unique_contracts!CN:CN,unique_contracts!$CB:$CB,$C85,unique_contracts!$D:$D,$D85)","v":0},{"$f":"SUMIFS(unique_contracts!CO:CO,unique_contracts!$CB:$CB,$C85,unique_contracts!$D:$D,$D85)","v":0},{"$f":"SUMIFS(unique_contracts!CP:CP,unique_contracts!$CB:$CB,$C85,unique_contracts!$D:$D,$D85)","v":0},{"$f":"SUMIFS(unique_contracts!CQ:CQ,unique_contracts!$CB:$CB,$C85,unique_contracts!$D:$D,$D85)","v":0},{"$f":"SUMIFS(unique_contracts!CR:CR,unique_contracts!$CB:$CB,$C85,unique_contracts!$D:$D,$D85)","v":0},{"$f":"SUMIFS(unique_contracts!CS:CS,unique_contracts!$CB:$CB,$C85,unique_contracts!$D:$D,$D85)","v":0},{"$f":"SUMIFS(unique_contracts!CT:CT,unique_contracts!$CB:$CB,$C85,unique_contracts!$D:$D,$D85)","v":0},{"$f":"SUMIFS(unique_contracts!CU:CU,unique_contracts!$CB:$CB,$C85,unique_contracts!$D:$D,$D85)","v":0},{"$f":"SUMIFS(unique_contracts!CV:CV,unique_contracts!$CB:$CB,$C85,unique_contracts!$D:$D,$D85)","v":0}]
[null,null,"gas_ct","Development",{"$f":"SUMIFS(unique_contracts!CH:CH,unique_contracts!$CB:$CB,$C86,unique_contracts!$D:$D,$D86)","v":0},{"$f":"SUMIFS(unique_contracts!CI:CI,unique_contracts!$CB:$CB,$C86,unique_contracts!$D:$D,$D86)","v":0},{"$f":"SUMIFS(unique_contracts!CJ:CJ,unique_contracts!$CB:$CB,$C86,unique_contracts!$D:$D,$D86)","v":0},{"$f":"SUMIFS(unique_contracts!CK:CK,unique_contracts!$CB:$CB,$C86,unique_contracts!$D:$D,$D86)","v":0},{"$f":"SUMIFS(unique_contracts!CL:CL,unique_contracts!$CB:$CB,$C86,unique_contracts!$D:$D,$D86)","v":0},{"$f":"SUMIFS(unique_contracts!CM:CM,unique_contracts!$CB:$CB,$C86,unique_contracts!$D:$D,$D86)","v":0},{"$f":"SUMIFS(unique_contracts!CN:CN,unique_contracts!$CB:$CB,$C86,unique_contracts!$D:$D,$D86)","v":0},{"$f":"SUMIFS(unique_contracts!CO:CO,unique_contracts!$CB:$CB,$C86,unique_contracts!$D:$D,$D86)","v":0},{"$f":"SUMIFS(unique_contracts!CP:CP,unique_contracts!$CB:$CB,$C86,unique_contracts!$D:$D,$D86)","v":0},{"$f":"SUMIFS(unique_contracts!CQ:CQ,unique_contracts!$CB:$CB,$C86,unique_contracts!$D:$D,$D86)","v":0},{"$f":"SUMIFS(unique_contracts!CR:CR,unique_contracts!$CB:$CB,$C86,unique_contracts!$D:$D,$D86)","v":0},{"$f":"SUMIFS(unique_contracts!CS:CS,unique_contracts!$CB:$CB,$C86,unique_contracts!$D:$D,$D86)","v":0},{"$f":"SUMIFS(unique_contracts!CT:CT,unique_contracts!$CB:$CB,$C86,unique_contracts!$D:$D,$D86)","v":0},{"$f":"SUMIFS(unique_contracts!CU:CU,unique_contracts!$CB:$CB,$C86,unique_contracts!$D:$D,$D86)","v":0},{"$f":"SUMIFS(unique_contracts!CV:CV,unique_contracts!$CB:$CB,$C86,unique_contracts!$D:$D,$D86)","v":0}]
[null,null,"ice","Development",{"$f":"SUMIFS(unique_contracts!CH:CH,unique_contracts!$CB:$CB,$C87,unique_contracts!$D:$D,$D87)","v":0},{"$f":"SUMIFS(unique_contracts!CI:CI,unique_contracts!$CB:$CB,$C87,unique_contracts!$D:$D,$D87)","v":0},{"$f":"SUMIFS(unique_contracts!CJ:CJ,unique_contracts!$CB:$CB,$C87,unique_contracts!$D:$D,$D87)","v":0},{"$f":"SUMIFS(unique_contracts!CK:CK,unique_contracts!$CB:$CB,$C87,unique_contracts!$D:$D,$D87)","v":0},{"$f":"SUMIFS(unique_contracts!CL:CL,unique_contracts!$CB:$CB,$C87,unique_contracts!$D:$D,$D87)","v":0},{"$f":"SUMIFS(unique_contracts!CM:CM,unique_contracts!$CB:$CB,$C87,unique_contracts!$D:$D,$D87)","v":0},{"$f":"SUMIFS(unique_contracts!CN:CN,unique_contracts!$CB:$CB,$C87,unique_contracts!$D:$D,$D87)","v":0},{"$f":"SUMIFS(unique_contracts!CO:CO,unique_contracts!$CB:$CB,$C87,unique_contracts!$D:$D,$D87)","v":0},{"$f":"SUMIFS(unique_contracts!CP:CP,unique_contracts!$CB:$CB,$C87,unique_contracts!$D:$D,$D87)","v":0},{"$f":"SUMIFS(unique_contracts!CQ:CQ,unique_contracts!$CB:$CB,$C87,unique_contracts!$D:$D,$D87)","v":0},{"$f":"SUMIFS(unique_contracts!CR:CR,unique_contracts!$CB:$CB,$C87,unique_contracts!$D:$D,$D87)","v":0},{"$f":"SUMIFS(unique_contracts!CS:CS,unique_contracts!$CB:$CB,$C87,unique_contracts!$D:$D,$D87)","v":0},{"$f":"SUMIFS(unique_contracts!CT:CT,unique_contracts!$CB:$CB,$C87,unique_contracts!$D:$D,$D87)","v":0},{"$f":"SUMIFS(unique_contracts!CU:CU,unique_contracts!$CB:$CB,$C87,unique_contracts!$D:$D,$D87)","v":0},{"$f":"SUMIFS(unique_contracts!CV:CV,unique_contracts!$CB:$CB,$C87,unique_contracts!$D:$D,$D87)","v":0}]
[null,null,"nuclear","Development",{"$f":"SUMIFS(unique_contracts!CH:CH,unique_contracts!$CB:$CB,$C88,unique_contracts!$D:$D,$D88)","v":0},{"$f":"SUMIFS(unique_contracts!CI:CI,unique_contracts!$CB:$CB,$C88,unique_contracts!$D:$D,$D88)","v":0},{"$f":"SUMIFS(unique_contracts!CJ:CJ,unique_contracts!$CB:$CB,$C88,unique_contracts!$D:$D,$D88)","v":0},{"$f":"SUMIFS(unique_contracts!CK:CK,unique_contracts!$CB:$CB,$C88,unique_contracts!$D:$D,$D88)","v":0},{"$f":"SUMIFS(unique_contracts!CL:CL,unique_contracts!$CB:$CB,$C88,unique_contracts!$D:$D,$D88)","v":0},{"$f":"SUMIFS(unique_contracts!CM:CM,unique_contracts!$CB:$CB,$C88,unique_contracts!$D:$D,$D88)","v":0},{"$f":"SUMIFS(unique_contracts!CN:CN,unique_contracts!$CB:$CB,$C88,unique_contracts!$D:$D,$D88)","v":0},{"$f":"SUMIFS(unique_contracts!CO:CO,unique_contracts!$CB:$CB,$C88,unique_contracts!$D:$D,$D88)","v":0},{"$f":"SUMIFS(unique_contracts!CP:CP,unique_contracts!$CB:$CB,$C88,unique_contracts!$D:$D,$D88)","v":0},{"$f":"SUMIFS(unique_contracts!CQ:CQ,unique_contracts!$CB:$CB,$C88,unique_contracts!$D:$D,$D88)","v":0},{"$f":"SUMIFS(unique_contracts!CR:CR,unique_contracts!$CB:$CB,$C88,unique_contracts!$D:$D,$D88)","v":0},{"$f":"SUMIFS(unique_contracts!CS:CS,unique_contracts!$CB:$CB,$C88,unique_contracts!$D:$D,$D88)","v":0},{"$f":"SUMIFS(unique_contracts!CT:CT,unique_contracts!$CB:$CB,$C88,unique_contracts!$D:$D,$D88)","v":0},{"$f":"SUMIFS(unique_contracts!CU:CU,unique_contracts!$CB:$CB,$C88,unique_contracts!$D:$D,$D88)","v":0},{"$f":"SUMIFS(unique_contracts!CV:CV,unique_contracts!$CB:$CB,$C88,unique_contracts!$D:$D,$D88)","v":0}]
[null,null,"coal","Development",{"$f":"SUMIFS(unique_contracts!CH:CH,unique_contracts!$CB:$CB,$C89,unique_contracts!$D:$D,$D89)","v":0},{"$f":"SUMIFS(unique_contracts!CI:CI,unique_contracts!$CB:$CB,$C89,unique_contracts!$D:$D,$D89)","v":0},{"$f":"SUMIFS(unique_contracts!CJ:CJ,unique_contracts!$CB:$CB,$C89,unique_contracts!$D:$D,$D89)","v":0},{"$f":"SUMIFS(unique_contracts!CK:CK,unique_contracts!$CB:$CB,$C89,unique_contracts!$D:$D,$D89)","v":0},{"$f":"SUMIFS(unique_contracts!CL:CL,unique_contracts!$CB:$CB,$C89,unique_contracts!$D:$D,$D89)","v":0},{"$f":"SUMIFS(unique_contracts!CM:CM,unique_contracts!$CB:$CB,$C89,unique_contracts!$D:$D,$D89)","v":0},{"$f":"SUMIFS(unique_contracts!CN:CN,unique_contracts!$CB:$CB,$C89,unique_contracts!$D:$D,$D89)","v":0},{"$f":"SUMIFS(unique_contracts!CO:CO,unique_contracts!$CB:$CB,$C89,unique_contracts!$D:$D,$D89)","v":0},{"$f":"SUMIFS(unique_contracts!CP:CP,unique_contracts!$CB:$CB,$C89,unique_contracts!$D:$D,$D89)","v":0},{"$f":"SUMIFS(unique_contracts!CQ:CQ,unique_contracts!$CB:$CB,$C89,unique_contracts!$D:$D,$D89)","v":0},{"$f":"SUMIFS(unique_contracts!CR:CR,unique_contracts!$CB:$CB,$C89,unique_contracts!$D:$D,$D89)","v":0},{"$f":"SUMIFS(unique_contracts!CS:CS,unique_contracts!$CB:$CB,$C89,unique_contracts!$D:$D,$D89)","v":0},{"$f":"SUMIFS(unique_contracts!CT:CT,unique_contracts!$CB:$CB,$C89,unique_contracts!$D:$D,$D89)","v":0},{"$f":"SUMIFS(unique_contracts!CU:CU,unique_contracts!$CB:$CB,$C89,unique_contracts!$D:$D,$D89)","v":0},{"$f":"SUMIFS(unique_contracts!CV:CV,unique_contracts!$CB:$CB,$C89,unique_contracts!$D:$D,$D89)","v":0}]
[null,null,"cogen","Development",{"$f":"SUMIFS(unique_contracts!CH:CH,unique_contracts!$CB:$CB,$C90,unique_contracts!$D:$D,$D90)","v":0},{"$f":"SUMIFS(unique_contracts!CI:CI,unique_contracts!$CB:$CB,$C90,unique_contracts!$D:$D,$D90)","v":0},{"$f":"SUMIFS(unique_contracts!CJ:CJ,unique_contracts!$CB:$CB,$C90,unique_contracts!$D:$D,$D90)","v":0},{"$f":"SUMIFS(unique_contracts!CK:CK,unique_contracts!$CB:$CB,$C90,unique_contracts!$D:$D,$D90)","v":0},{"$f":"SUMIFS(unique_contracts!CL:CL,unique_contracts!$CB:$CB,$C90,unique_contracts!$D:$D,$D90)","v":0},{"$f":"SUMIFS(unique_contracts!CM:CM,unique_contracts!$CB:$CB,$C90,unique_contracts!$D:$D,$D90)","v":0},{"$f":"SUMIFS(unique_contracts!CN:CN,unique_contracts!$CB:$CB,$C90,unique_contracts!$D:$D,$D90)","v":0},{"$f":"SUMIFS(unique_contracts!CO:CO,unique_contracts!$CB:$CB,$C90,unique_contracts!$D:$D,$D90)","v":0},{"$f":"SUMIFS(unique_contracts!CP:CP,unique_contracts!$CB:$CB,$C90,unique_contracts!$D:$D,$D90)","v":0},{"$f":"SUMIFS(unique_contracts!CQ:CQ,unique_contracts!$CB:$CB,$C90,unique_contracts!$D:$D,$D90)","v":0},{"$f":"SUMIFS(unique_contracts!CR:CR,unique_contracts!$CB:$CB,$C90,unique_contracts!$D:$D,$D90)","v":0},{"$f":"SUMIFS(unique_contracts!CS:CS,unique_contracts!$CB:$CB,$C90,unique_contracts!$D:$D,$D90)","v":0},{"$f":"SUMIFS(unique_contracts!CT:CT,unique_contracts!$CB:$CB,$C90,unique_contracts!$D:$D,$D90)","v":0},{"$f":"SUMIFS(unique_contracts!CU:CU,unique_contracts!$CB:$CB,$C90,unique_contracts!$D:$D,$D90)","v":0},{"$f":"SUMIFS(unique_contracts!CV:CV,unique_contracts!$CB:$CB,$C90,unique_contracts!$D:$D,$D90)","v":0}]
[null,null,"unspecified_import","Development",{"$f":"SUMIFS(unique_contracts!CH:CH,unique_contracts!$CB:$CB,$C91,unique_contracts!$D:$D,$D91)","v":0},{"$f":"SUMIFS(unique_contracts!CI:CI,unique_contracts!$CB:$CB,$C91,unique_contracts!$D:$D,$D91)","v":0},{"$f":"SUMIFS(unique_contracts!CJ:CJ,unique_contracts!$CB:$CB,$C91,unique_contracts!$D:$D,$D91)","v":0},{"$f":"SUMIFS(unique_contracts!CK:CK,unique_contracts!$CB:$CB,$C91,unique_contracts!$D:$D,$D91)","v":0},{"$f":"SUMIFS(unique_contracts!CL:CL,unique_contracts!$CB:$CB,$C91,unique_contracts!$D:$D,$D91)","v":0},{"$f":"SUMIFS(unique_contracts!CM:CM,unique_contracts!$CB:$CB,$C91,unique_contracts!$D:$D,$D91)","v":0},{"$f":"SUMIFS(unique_contracts!CN:CN,unique_contracts!$CB:$CB,$C91,unique_contracts!$D:$D,$D91)","v":0},{"$f":"SUMIFS(unique_contracts!CO:CO,unique_contracts!$CB:$CB,$C91,unique_contracts!$D:$D,$D91)","v":0},{"$f":"SUMIFS(unique_contracts!CP:CP,unique_contracts!$CB:$CB,$C91,unique_contracts!$D:$D,$D91)","v":0},{"$f":"SUMIFS(unique_contracts!CQ:CQ,unique_contracts!$CB:$CB,$C91,unique_contracts!$D:$D,$D91)","v":0},{"$f":"SUMIFS(unique_contracts!CR:CR,unique_contracts!$CB:$CB,$C91,unique_contracts!$D:$D,$D91)","v":0},{"$f":"SUMIFS(unique_contracts!CS:CS,unique_contracts!$CB:$CB,$C91,unique_contracts!$D:$D,$D91)","v":0},{"$f":"SUMIFS(unique_contracts!CT:CT,unique_contracts!$CB:$CB,$C91,unique_contracts!$D:$D,$D91)","v":0},{"$f":"SUMIFS(unique_contracts!CU:CU,unique_contracts!$CB:$CB,$C91,unique_contracts!$D:$D,$D91)","v":0},{"$f":"SUMIFS(unique_contracts!CV:CV,unique_contracts!$CB:$CB,$C91,unique_contracts!$D:$D,$D91)","v":0}]
[null,null,"hybrid","Review",{"$f":"SUMIFS(unique_contracts!CH:CH,unique_contracts!$CB:$CB,$C92,unique_contracts!$D:$D,$D92)","v":0},{"$f":"SUMIFS(unique_contracts!CI:CI,unique_contracts!$CB:$CB,$C92,unique_contracts!$D:$D,$D92)","v":0},{"$f":"SUMIFS(unique_contracts!CJ:CJ,unique_contracts!$CB:$CB,$C92,unique_contracts!$D:$D,$D92)","v":0},{"$f":"SUMIFS(unique_contracts!CK:CK,unique_contracts!$CB:$CB,$C92,unique_contracts!$D:$D,$D92)","v":0},{"$f":"SUMIFS(unique_contracts!CL:CL,unique_contracts!$CB:$CB,$C92,unique_contracts!$D:$D,$D92)","v":0},{"$f":"SUMIFS(unique_contracts!CM:CM,unique_contracts!$CB:$CB,$C92,unique_contracts!$D:$D,$D92)","v":0},{"$f":"SUMIFS(unique_contracts!CN:CN,unique_contracts!$CB:$CB,$C92,unique_contracts!$D:$D,$D92)","v":0},{"$f":"SUMIFS(unique_contracts!CO:CO,unique_contracts!$CB:$CB,$C92,unique_contracts!$D:$D,$D92)","v":0},{"$f":"SUMIFS(unique_contracts!CP:CP,unique_contracts!$CB:$CB,$C92,unique_contracts!$D:$D,$D92)","v":0},{"$f":"SUMIFS(unique_contracts!CQ:CQ,unique_contracts!$CB:$CB,$C92,unique_contracts!$D:$D,$D92)","v":0},{"$f":"SUMIFS(unique_contracts!CR:CR,unique_contracts!$CB:$CB,$C92,unique_contracts!$D:$D,$D92)","v":0},{"$f":"SUMIFS(unique_contracts!CS:CS,unique_contracts!$CB:$CB,$C92,unique_contracts!$D:$D,$D92)","v":0},{"$f":"SUMIFS(unique_contracts!CT:CT,unique_contracts!$CB:$CB,$C92,unique_contracts!$D:$D,$D92)","v":0},{"$f":"SUMIFS(unique_contracts!CU:CU,unique_contracts!$CB:$CB,$C92,unique_contracts!$D:$D,$D92)","v":0},{"$f":"SUMIFS(unique_contracts!CV:CV,unique_contracts!$CB:$CB,$C92,unique_contracts!$D:$D,$D92)","v":0}]
[null,null,"in_state_wind","Review",{"$f":"SUMIFS(unique_contracts!CH:CH,unique_contracts!$CB:$CB,$C93,unique_contracts!$D:$D,$D93)","v":0},{"$f":"SUMIFS(unique_contracts!CI:CI,unique_contracts!$CB:$CB,$C93,unique_contracts!$D:$D,$D93)","v":0},{"$f":"SUMIFS(unique_contracts!CJ:CJ,unique_contracts!$CB:$CB,$C93,unique_contracts!$D:$D,$D93)","v":0},{"$f":"SUMIFS(unique_contracts!CK:CK,unique_contracts!$CB:$CB,$C93,unique_contracts!$D:$D,$D93)","v":0},{"$f":"SUMIFS(unique_contracts!CL:CL,unique_contracts!$CB:$CB,$C93,unique_contracts!$D:$D,$D93)","v":0},{"$f":"SUMIFS(unique_contracts!CM:CM,unique_contracts!$CB:$CB,$C93,unique_contracts!$D:$D,$D93)","v":0},{"$f":"SUMIFS(unique_contracts!CN:CN,unique_contracts!$CB:$CB,$C93,unique_contracts!$D:$D,$D93)","v":0},{"$f":"SUMIFS(unique_contracts!CO:CO,unique_contracts!$CB:$CB,$C93,unique_contracts!$D:$D,$D93)","v":0},{"$f":"SUMIFS(unique_contracts!CP:CP,unique_contracts!$CB:$CB,$C93,unique_contracts!$D:$D,$D93)","v":0},{"$f":"SUMIFS(unique_contracts!CQ:CQ,unique_contracts!$CB:$CB,$C93,unique_contracts!$D:$D,$D93)","v":0},{"$f":"SUMIFS(unique_contracts!CR:CR,unique_contracts!$CB:$CB,$C93,unique_contracts!$D:$D,$D93)","v":0},{"$f":"SUMIFS(unique_contracts!CS:CS,unique_contracts!$CB:$CB,$C93,unique_contracts!$D:$D,$D93)","v":0},{"$f":"SUMIFS(unique_contracts!CT:CT,unique_contracts!$CB:$CB,$C93,unique_contracts!$D:$D,$D93)","v":0},{"$f":"SUMIFS(unique_contracts!CU:CU,unique_contracts!$CB:$CB,$C93,unique_contracts!$D:$D,$D93)","v":0},{"$f":"SUMIFS(unique_contracts!CV:CV,unique_contracts!$CB:$CB,$C93,unique_contracts!$D:$D,$D93)","v":0}]
[null,null,"out_of_state_wind","Review",{"$f":"SUMIFS(unique_contracts!CH:CH,unique_contracts!$CB:$CB,$C94,unique_contracts!$D:$D,$D94)","v":0},{"$f":"SUMIFS(unique_contracts!CI:CI,unique_contracts!$CB:$CB,$C94,unique_contracts!$D:$D,$D94)","v":0},{"$f":"SUMIFS(unique_contracts!CJ:CJ,unique_contracts!$CB:$CB,$C94,unique_contracts!$D:$D,$D94)","v":0},{"$f":"SUMIFS(unique_contracts!CK:CK,unique_contracts!$CB:$CB,$C94,unique_contracts!$D:$D,$D94)","v":0},{"$f":"SUMIFS(unique_contracts!CL:CL,unique_contracts!$CB:$CB,$C94,unique_contracts!$D:$D,$D94)","v":0},{"$f":"SUMIFS(unique_contracts!CM:CM,unique_contracts!$CB:$CB,$C94,unique_contracts!$D:$D,$D94)","v":0},{"$f":"SUMIFS(unique_contracts!CN:CN,unique_contracts!$CB:$CB,$C94,unique_contracts!$D:$D,$D94)","v":0},{"$f":"SUMIFS(unique_contracts!CO:CO,unique_contracts!$CB:$CB,$C94,unique_contracts!$D:$D,$D94)","v":0},{"$f":"SUMIFS(unique_contracts!CP:CP,unique_contracts!$CB:$CB,$C94,unique_contracts!$D:$D,$D94)","v":0},{"$f":"SUMIFS(unique_contracts!CQ:CQ,unique_contracts!$CB:$CB,$C94,unique_contracts!$D:$D,$D94)","v":0},{"$f":"SUMIFS(unique_contracts!CR:CR,unique_contracts!$CB:$CB,$C94,unique_contracts!$D:$D,$D94)","v":0},{"$f":"SUMIFS(unique_contracts!CS:CS,unique_contracts!$CB:$CB,$C94,unique_contracts!$D:$D,$D94)","v":0},{"$f":"SUMIFS(unique_contracts!CT:CT,unique_contracts!$CB:$CB,$C94,unique_contracts!$D:$D,$D94)","v":0},{"$f":"SUMIFS(unique_contracts!CU:CU,unique_contracts!$CB:$CB,$C94,unique_contracts!$D:$D,$D94)","v":0},{"$f":"SUMIFS(unique_contracts!CV:CV,unique_contracts!$CB:$CB,$C94,unique_contracts!$D:$D,$D94)","v":0}]
[null,null,"offshore_wind","Review",{"$f":"SUMIFS(unique_contracts!CH:CH,unique_contracts!$CB:$CB,$C95,unique_contracts!$D:$D,$D95)","v":0},{"$f":"SUMIFS(unique_contracts!CI:CI,unique_contracts!$CB:$CB,$C95,unique_contracts!$D:$D,$D95)","v":0},{"$f":"SUMIFS(unique_contracts!CJ:CJ,unique_contracts!$CB:$CB,$C95,unique_contracts!$D:$D,$D95)","v":0},{"$f":"SUMIFS(unique_contracts!CK:CK,unique_contracts!$CB:$CB,$C95,unique_contracts!$D:$D,$D95)","v":0},{"$f":"SUMIFS(unique_contracts!CL:CL,unique_contracts!$CB:$CB,$C95,unique_contracts!$D:$D,$D95)","v":0},{"$f":"SUMIFS(unique_contracts!CM:CM,unique_contracts!$CB:$CB,$C95,unique_contracts!$D:$D,$D95)","v":0},{"$f":"SUMIFS(unique_contracts!CN:CN,unique_contracts!$CB:$CB,$C95,unique_contracts!$D:$D,$D95)","v":0},{"$f":"SUMIFS(unique_contracts!CO:CO,unique_contracts!$CB:$CB,$C95,unique_contracts!$D:$D,$D95)","v":0},{"$f":"SUMIFS(unique_contracts!CP:CP,unique_contracts!$CB:$CB,$C95,unique_contracts!$D:$D,$D95)","v":0},{"$f":"SUMIFS(unique_contracts!CQ:CQ,unique_contracts!$CB:$CB,$C95,unique_contracts!$D:$D,$D95)","v":0},{"$f":"SUMIFS(unique_contracts!CR:CR,unique_contracts!$CB:$CB,$C95,unique_contracts!$D:$D,$D95)","v":0},{"$f":"SUMIFS(unique_contracts!CS:CS,unique_contracts!$CB:$CB,$C95,unique_contracts!$D:$D,$D95)","v":0},{"$f":"SUMIFS(unique_contracts!CT:CT,unique_contracts!$CB:$CB,$C95,unique_contracts!$D:$D,$D95)","v":0},{"$f":"SUMIFS(unique_contracts!CU:CU,unique_contracts!$CB:$CB,$C95,unique_contracts!$D:$D,$D95)","v":0},{"$f":"SUMIFS(unique_contracts!CV:CV,unique_contracts!$CB:$CB,$C95,unique_contracts!$D:$D,$D95)","v":0}]
[null,null,"utility_pv","Review",{"$f":"SUMIFS(unique_contracts!CH:CH,unique_contracts!$CB:$CB,$C96,unique_contracts!$D:$D,$D96)","v":0},{"$f":"SUMIFS(unique_contracts!CI:CI,unique_contracts!$CB:$CB,$C96,unique_contracts!$D:$D,$D96)","v":0},{"$f":"SUMIFS(unique_contracts!CJ:CJ,unique_contracts!$CB:$CB,$C96,unique_contracts!$D:$D,$D96)","v":0},{"$f":"SUMIFS(unique_contracts!CK:CK,unique_contracts!$CB:$CB,$C96,unique_contracts!$D:$D,$D96)","v":0},{"$f":"SUMIFS(unique_contracts!CL:CL,unique_contracts!$CB:$CB,$C96,unique_contracts!$D:$D,$D96)","v":0},{"$f":"SUMIFS(unique_contracts!CM:CM,unique_contracts!$CB:$CB,$C96,unique_contracts!$D:$D,$D96)","v":0},{"$f":"SUMIFS(unique_contracts!CN:CN,unique_contracts!$CB:$CB,$C96,unique_contracts!$D:$D,$D96)","v":0},{"$f":"SUMIFS(unique_contracts!CO:CO,unique_contracts!$CB:$CB,$C96,unique_contracts!$D:$D,$D96)","v":0},{"$f":"SUMIFS(unique_contracts!CP:CP,unique_contracts!$CB:$CB,$C96,unique_contracts!$D:$D,$D96)","v":0},{"$f":"SUMIFS(unique_contracts!CQ:CQ,unique_contracts!$CB:$CB,$C96,unique_contracts!$D:$D,$D96)","v":0},{"$f":"SUMIFS(unique_contracts!CR:CR,unique_contracts!$CB:$CB,$C96,unique_contracts!$D:$D,$D96)","v":0},{"$f":"SUMIFS(unique_contracts!CS:CS,unique_contracts!$CB:$CB,$C96,unique_contracts!$D:$D,$D96)","v":0},{"$f":"SUMIFS(unique_contracts!CT:CT,unique_contracts!$CB:$CB,$C96,unique_contracts!$D:$D,$D96)","v":0},{"$f":"SUMIFS(unique_contracts!CU:CU,unique_contracts!$CB:$CB,$C96,unique_contracts!$D:$D,$D96)","v":0},{"$f":"SUMIFS(unique_contracts!CV:CV,unique_contracts!$CB:$CB,$C96,unique_contracts!$D:$D,$D96)","v":0}]
[null,null,"btm_pv","Review",{"$f":"SUMIFS(unique_contracts!CH:CH,unique_contracts!$CB:$CB,$C97,unique_contracts!$D:$D,$D97)","v":0},{"$f":"SUMIFS(unique_contracts!CI:CI,unique_contracts!$CB:$CB,$C97,unique_contracts!$D:$D,$D97)","v":0},{"$f":"SUMIFS(unique_contracts!CJ:CJ,unique_contracts!$CB:$CB,$C97,unique_contracts!$D:$D,$D97)","v":0},{"$f":"SUMIFS(unique_contracts!CK:CK,unique_contracts!$CB:$CB,$C97,unique_contracts!$D:$D,$D97)","v":0},{"$f":"SUMIFS(unique_contracts!CL:CL,unique_contracts!$CB:$CB,$C97,unique_contracts!$D:$D,$D97)","v":0},{"$f":"SUMIFS(unique_contracts!CM:CM,unique_contracts!$CB:$CB,$C97,unique_contracts!$D:$D,$D97)","v":0},{"$f":"SUMIFS(unique_contracts!CN:CN,unique_contracts!$CB:$CB,$C97,unique_contracts!$D:$D,$D97)","v":0},{"$f":"SUMIFS(unique_contracts!CO:CO,unique_contracts!$CB:$CB,$C97,unique_contracts!$D:$D,$D97)","v":0},{"$f":"SUMIFS(unique_contracts!CP:CP,unique_contracts!$CB:$CB,$C97,unique_contracts!$D:$D,$D97)","v":0},{"$f":"SUMIFS(unique_contracts!CQ:CQ,unique_contracts!$CB:$CB,$C97,unique_contracts!$D:$D,$D97)","v":0},{"$f":"SUMIFS(unique_contracts!CR:CR,unique_contracts!$CB:$CB,$C97,unique_contracts!$D:$D,$D97)","v":0},{"$f":"SUMIFS(unique_contracts!CS:CS,unique_contracts!$CB:$CB,$C97,unique_contracts!$D:$D,$D97)","v":0},{"$f":"SUMIFS(unique_contracts!CT:CT,unique_contracts!$CB:$CB,$C97,unique_contracts!$D:$D,$D97)","v":0},{"$f":"SUMIFS(unique_contracts!CU:CU,unique_contracts!$CB:$CB,$C97,unique_contracts!$D:$D,$D97)","v":0},{"$f":"SUMIFS(unique_contracts!CV:CV,unique_contracts!$CB:$CB,$C97,unique_contracts!$D:$D,$D97)","v":0}]
[null,null,"4hr_batteries","Review",{"$f":"SUMIFS(unique_contracts!CH:CH,unique_contracts!$CB:$CB,$C98,unique_contracts!$D:$D,$D98)","v":0},{"$f":"SUMIFS(unique_contracts!CI:CI,unique_contracts!$CB:$CB,$C98,unique_contracts!$D:$D,$D98)","v":0},{"$f":"SUMIFS(unique_contracts!CJ:CJ,unique_contracts!$CB:$CB,$C98,unique_contracts!$D:$D,$D98)","v":0},{"$f":"SUMIFS(unique_contracts!CK:CK,unique_contracts!$CB:$CB,$C98,unique_contracts!$D:$D,$D98)","v":0},{"$f":"SUMIFS(unique_contracts!CL:CL,unique_contracts!$CB:$CB,$C98,unique_contracts!$D:$D,$D98)","v":0},{"$f":"SUMIFS(unique_contracts!CM:CM,unique_contracts!$CB:$CB,$C98,unique_contracts!$D:$D,$D98)","v":0},{"$f":"SUMIFS(unique_contracts!CN:CN,unique_contracts!$CB:$CB,$C98,unique_contracts!$D:$D,$D98)","v":0},{"$f":"SUMIFS(unique_contracts!CO:CO,unique_contracts!$CB:$CB,$C98,unique_contracts!$D:$D,$D98)","v":0},{"$f":"SUMIFS(unique_contracts!CP:CP,unique_contracts!$CB:$CB,$C98,unique_contracts!$D:$D,$D98)","v":0},{"$f":"SUMIFS(unique_contracts!CQ:CQ,unique_contracts!$CB:$CB,$C98,unique_contracts!$D:$D,$D98)","v":0},{"$f":"SUMIFS(unique_contracts!CR:CR,unique_contracts!$CB:$CB,$C98,unique_contracts!$D:$D,$D98)","v":0},{"$f":"SUMIFS(unique_contracts!CS:CS,unique_contracts!$CB:$CB,$C98,unique_contracts!$D:$D,$D98)","v":0},{"$f":"SUMIFS(unique_contracts!CT:CT,unique_contracts!$CB:$CB,$C98,unique_contracts!$D:$D,$D98)","v":0},{"$f":"SUMIFS(unique_contracts!CU:CU,unique_contracts!$CB:$CB,$C98,unique_contracts!$D:$D,$D98)","v":0},{"$f":"SUMIFS(unique_contracts!CV:CV,unique_contracts!$CB:$CB,$C98,unique_contracts!$D:$D,$D98)","v":0}]
[null,null,"8hr_batteries","Review",{"$f":"SUMIFS(unique_contracts!CH:CH,unique_contracts!$CB:$CB,$C99,unique_contracts!$D:$D,$D99)","v":0},{"$f":"SUMIFS(unique_contracts!CI:CI,unique_contracts!$CB:$CB,$C99,unique_contracts!$D:$D,$D99)","v":0},{"$f":"SUMIFS(unique_contracts!CJ:CJ,unique_contracts!$CB:$CB,$C99,unique_contracts!$D:$D,$D99)","v":0},{"$f":"SUMIFS(unique_contracts!CK:CK,unique_contracts!$CB:$CB,$C99,unique_contracts!$D:$D,$D99)","v":0},{"$f":"SUMIFS(unique_contracts!CL:CL,unique_contracts!$CB:$CB,$C99,unique_contracts!$D:$D,$D99)","v":0},{"$f":"SUMIFS(unique_contracts!CM:CM,unique_contracts!$CB:$CB,$C99,unique_contracts!$D:$D,$D99)","v":0},{"$f":"SUMIFS(unique_contracts!CN:CN,unique_contracts!$CB:$CB,$C99,unique_contracts!$D:$D,$D99)","v":0},{"$f":"SUMIFS(unique_contracts!CO:CO,unique_contracts!$CB:$CB,$C99,unique_contracts!$D:$D,$D99)","v":0},{"$f":"SUMIFS(unique_contracts!CP:CP,unique_contracts!$CB:$CB,$C99,unique_contracts!$D:$D,$D99)","v":0},{"$f":"SUMIFS(unique_contracts!CQ:CQ,unique_contracts!$CB:$CB,$C99,unique_contracts!$D:$D,$D99)","v":0},{"$f":"SUMIFS(unique_contracts!CR:CR,unique_contracts!$CB:$CB,$C99,unique_contracts!$D:$D,$D99)","v":0},{"$f":"SUMIFS(unique_contracts!CS:CS,unique_contracts!$CB:$CB,$C99,unique_contracts!$D:$D,$D99)","v":0},{"$f":"SUMIFS(unique_contracts!CT:CT,unique_contracts!$CB:$CB,$C99,unique_contracts!$D:$D,$D99)","v":0},{"$f":"SUMIFS(unique_contracts!CU:CU,unique_contracts!$CB:$CB,$C99,unique_contracts!$D:$D,$D99)","v":0},{"$f":"SUMIFS(unique_contracts!CV:CV,unique_contracts!$CB:$CB,$C99,unique_contracts!$D:$D,$D99)","v":0}]
[null,null,"demand_response","Review",{"$f":"SUMIFS(unique_contracts!CH:CH,unique_contracts!$CB:$CB,$C100,unique_contracts!$D:$D,$D100)","v":0},{"$f":"SUMIFS(unique_contracts!CI:CI,unique_contracts!$CB:$CB,$C100,unique_contracts!$D:$D,$D100)","v":0},{"$f":"SUMIFS(unique_contracts!CJ:CJ,unique_contracts!$CB:$CB,$C100,unique_contracts!$D:$D,$D100)","v":0},{"$f":"SUMIFS(unique_contracts!CK:CK,unique_contracts!$CB:$CB,$C100,unique_contracts!$D:$D,$D100)","v":0},{"$f":"SUMIFS(unique_contracts!CL:CL,unique_contracts!$CB:$CB,$C100,unique_contracts!$D:$D,$D100)","v":0},{"$f":"SUMIFS(unique_contracts!CM:CM,unique_contracts!$CB:$CB,$C100,unique_contracts!$D:$D,$D100)","v":0},{"$f":"SUMIFS(unique_contracts!CN:CN,unique_contracts!$CB:$CB,$C100,unique_contracts!$D:$D,$D100)","v":0},{"$f":"SUMIFS(unique_contracts!CO:CO,unique_contracts!$CB:$CB,$C100,unique_contracts!$D:$D,$D100)","v":0},{"$f":"SUMIFS(unique_contracts!CP:CP,unique_contracts!$CB:$CB,$C100,unique_contracts!$D:$D,$D100)","v":0},{"$f":"SUMIFS(unique_contracts!CQ:CQ,unique_contracts!$CB:$CB,$C100,unique_contracts!$D:$D,$D100)","v":0},{"$f":"SUMIFS(unique_contracts!CR:CR,unique_contracts!$CB:$CB,$C100,unique_contracts!$D:$D,$D100)","v":0},{"$f":"SUMIFS(unique_contracts!CS:CS,unique_contracts!$CB:$CB,$C100,unique_contracts!$D:$D,$D100)","v":0},{"$f":"SUMIFS(unique_contracts!CT:CT,unique_contracts!$CB:$CB,$C100,unique_contracts!$D:$D,$D100)","v":0},{"$f":"SUMIFS(unique_contracts!CU:CU,unique_contracts!$CB:$CB,$C100,unique_contracts!$D:$D,$D100)","v":0},{"$f":"SUMIFS(unique_contracts!CV:CV,unique_contracts!$CB:$CB,$C100,unique_contracts!$D:$D,$D100)","v":0}]
[null,null,"12hr_pumped_storage","Review",{"$f":"SUMIFS(unique_contracts!CH:CH,unique_contracts!$CB:$CB,$C101,unique_contracts!$D:$D,$D101)","v":0},{"$f":"SUMIFS(unique_contracts!CI:CI,unique_contracts!$CB:$CB,$C101,unique_contracts!$D:$D,$D101)","v":0},{"$f":"SUMIFS(unique_contracts!CJ:CJ,unique_contracts!$CB:$CB,$C101,unique_contracts!$D:$D,$D101)","v":0},{"$f":"SUMIFS(unique_contracts!CK:CK,unique_contracts!$CB:$CB,$C101,unique_contracts!$D:$D,$D101)","v":0},{"$f":"SUMIFS(unique_contracts!CL:CL,unique_contracts!$CB:$CB,$C101,unique_contracts!$D:$D,$D101)","v":0},{"$f":"SUMIFS(unique_contracts!CM:CM,unique_contracts!$CB:$CB,$C101,unique_contracts!$D:$D,$D101)","v":0},{"$f":"SUMIFS(unique_contracts!CN:CN,unique_contracts!$CB:$CB,$C101,unique_contracts!$D:$D,$D101)","v":0},{"$f":"SUMIFS(unique_contracts!CO:CO,unique_contracts!$CB:$CB,$C101,unique_contracts!$D:$D,$D101)","v":0},{"$f":"SUMIFS(unique_contracts!CP:CP,unique_contracts!$CB:$CB,$C101,unique_contracts!$D:$D,$D101)","v":0},{"$f":"SUMIFS(unique_contracts!CQ:CQ,unique_contracts!$CB:$CB,$C101,unique_contracts!$D:$D,$D101)","v":0},{"$f":"SUMIFS(unique_contracts!CR:CR,unique_contracts!$CB:$CB,$C101,unique_contracts!$D:$D,$D101)","v":0},{"$f":"SUMIFS(unique_contracts!CS:CS,unique_contracts!$CB:$CB,$C101,unique_contracts!$D:$D,$D101)","v":0},{"$f":"SUMIFS(unique_contracts!CT:CT,unique_contracts!$CB:$CB,$C101,unique_contracts!$D:$D,$D101)","v":0},{"$f":"SUMIFS(unique_contracts!CU:CU,unique_contracts!$CB:$CB,$C101,unique_contracts!$D:$D,$D101)","v":0},{"$f":"SUMIFS(unique_contracts!CV:CV,unique_contracts!$CB:$CB,$C101,unique_contracts!$D:$D,$D101)","v":0}]
[null,null,"small_hydro","Review",{"$f":"SUMIFS(unique_contracts!CH:CH,unique_contracts!$CB:$CB,$C102,unique_contracts!$D:$D,$D102)","v":0},{"$f":"SUMIFS(unique_contracts!CI:CI,unique_contracts!$CB:$CB,$C102,unique_contracts!$D:$D,$D102)","v":0},{"$f":"SUMIFS(unique_contracts!CJ:CJ,unique_contracts!$CB:$CB,$C102,unique_contracts!$D:$D,$D102)","v":0},{"$f":"SUMIFS(unique_contracts!CK:CK,unique_contracts!$CB:$CB,$C102,unique_contracts!$D:$D,$D102)","v":0},{"$f":"SUMIFS(unique_contracts!CL:CL,unique_contracts!$CB:$CB,$C102,unique_contracts!$D:$D,$D102)","v":0},{"$f":"SUMIFS(unique_contracts!CM:CM,unique_contracts!$CB:$CB,$C102,unique_contracts!$D:$D,$D102)","v":0},{"$f":"SUMIFS(unique_contracts!CN:CN,unique_contracts!$CB:$CB,$C102,unique_contracts!$D:$D,$D102)","v":0},{"$f":"SUMIFS(unique_contracts!CO:CO,unique_contracts!$CB:$CB,$C102,unique_contracts!$D:$D,$D102)","v":0},{"$f":"SUMIFS(unique_contracts!CP:CP,unique_contracts!$CB:$CB,$C102,unique_contracts!$D:$D,$D102)","v":0},{"$f":"SUMIFS(unique_contracts!CQ:CQ,unique_contracts!$CB:$CB,$C102,unique_contracts!$D:$D,$D102)","v":0},{"$f":"SUMIFS(unique_contracts!CR:CR,unique_contracts!$CB:$CB,$C102,unique_contracts!$D:$D,$D102)","v":0},{"$f":"SUMIFS(unique_contracts!CS:CS,unique_contracts!$CB:$CB,$C102,unique_contracts!$D:$D,$D102)","v":0},{"$f":"SUMIFS(unique_contracts!CT:CT,unique_contracts!$CB:$CB,$C102,unique_contracts!$D:$D,$D102)","v":0},{"$f":"SUMIFS(unique_contracts!CU:CU,unique_contracts!$CB:$CB,$C102,unique_contracts!$D:$D,$D102)","v":0},{"$f":"SUMIFS(unique_contracts!CV:CV,unique_contracts!$CB:$CB,$C102,unique_contracts!$D:$D,$D102)","v":0}]
[null,null,"hydro","Review",{"$f":"SUMIFS(unique_contracts!CH:CH,unique_contracts!$CB:$CB,$C103,unique_contracts!$D:$D,$D103)","v":0},{"$f":"SUMIFS(unique_contracts!CI:CI,unique_contracts!$CB:$CB,$C103,unique_contracts!$D:$D,$D103)","v":0},{"$f":"SUMIFS(unique_contracts!CJ:CJ,unique_contracts!$CB:$CB,$C103,unique_contracts!$D:$D,$D103)","v":0},{"$f":"SUMIFS(unique_contracts!CK:CK,unique_contracts!$CB:$CB,$C103,unique_contracts!$D:$D,$D103)","v":0},{"$f":"SUMIFS(unique_contracts!CL:CL,unique_contracts!$CB:$CB,$C103,unique_contracts!$D:$D,$D103)","v":0},{"$f":"SUMIFS(unique_contracts!CM:CM,unique_contracts!$CB:$CB,$C103,unique_contracts!$D:$D,$D103)","v":0},{"$f":"SUMIFS(unique_contracts!CN:CN,unique_contracts!$CB:$CB,$C103,unique_contracts!$D:$D,$D103)","v":0},{"$f":"SUMIFS(unique_contracts!CO:CO,unique_contracts!$CB:$CB,$C103,unique_contracts!$D:$D,$D103)","v":0},{"$f":"SUMIFS(unique_contracts!CP:CP,unique_contracts!$CB:$CB,$C103,unique_contracts!$D:$D,$D103)","v":0},{"$f":"SUMIFS(unique_contracts!CQ:CQ,unique_contracts!$CB:$CB,$C103,unique_contracts!$D:$D,$D103)","v":0},{"$f":"SUMIFS(unique_contracts!CR:CR,unique_contracts!$CB:$CB,$C103,unique_contracts!$D:$D,$D103)","v":0},{"$f":"SUMIFS(unique_contracts!CS:CS,unique_contracts!$CB:$CB,$C103,unique_contracts!$D:$D,$D103)","v":0},{"$f":"SUMIFS(unique_contracts!CT:CT,unique_contracts!$CB:$CB,$C103,unique_contracts!$D:$D,$D103)","v":0},{"$f":"SUMIFS(unique_contracts!CU:CU,unique_contracts!$CB:$CB,$C103,unique_contracts!$D:$D,$D103)","v":0},{"$f":"SUMIFS(unique_contracts!CV:CV,unique_contracts!$CB:$CB,$C103,unique_contracts!$D:$D,$D103)","v":0}]
[null,null,"steam","Review",{"$f":"SUMIFS(unique_contracts!CH:CH,unique_contracts!$CB:$CB,$C104,unique_contracts!$D:$D,$D104)","v":0},{"$f":"SUMIFS(unique_contracts!CI:CI,unique_contracts!$CB:$CB,$C104,unique_contracts!$D:$D,$D104)","v":0},{"$f":"SUMIFS(unique_contracts!CJ:CJ,unique_contracts!$CB:$CB,$C104,unique_contracts!$D:$D,$D104)","v":0},{"$f":"SUMIFS(unique_contracts!CK:CK,unique_contracts!$CB:$CB,$C104,unique_contracts!$D:$D,$D104)","v":0},{"$f":"SUMIFS(unique_contracts!CL:CL,unique_contracts!$CB:$CB,$C104,unique_contracts!$D:$D,$D104)","v":0},{"$f":"SUMIFS(unique_contracts!CM:CM,unique_contracts!$CB:$CB,$C104,unique_contracts!$D:$D,$D104)","v":0},{"$f":"SUMIFS(unique_contracts!CN:CN,unique_contracts!$CB:$CB,$C104,unique_contracts!$D:$D,$D104)","v":0},{"$f":"SUMIFS(unique_contracts!CO:CO,unique_contracts!$CB:$CB,$C104,unique_contracts!$D:$D,$D104)","v":0},{"$f":"SUMIFS(unique_contracts!CP:CP,unique_contracts!$CB:$CB,$C104,unique_contracts!$D:$D,$D104)","v":0},{"$f":"SUMIFS(unique_contracts!CQ:CQ,unique_contracts!$CB:$CB,$C104,unique_contracts!$D:$D,$D104)","v":0},{"$f":"SUMIFS(unique_contracts!CR:CR,unique_contracts!$CB:$CB,$C104,unique_contracts!$D:$D,$D104)","v":0},{"$f":"SUMIFS(unique_contracts!CS:CS,unique_contracts!$CB:$CB,$C104,unique_contracts!$D:$D,$D104)","v":0},{"$f":"SUMIFS(unique_contracts!CT:CT,unique_contracts!$CB:$CB,$C104,unique_contracts!$D:$D,$D104)","v":0},{"$f":"SUMIFS(unique_contracts!CU:CU,unique_contracts!$CB:$CB,$C104,unique_contracts!$D:$D,$D104)","v":0},{"$f":"SUMIFS(unique_contracts!CV:CV,unique_contracts!$CB:$CB,$C104,unique_contracts!$D:$D,$D104)","v":0}]
[null,null,"geothermal","Review",{"$f":"SUMIFS(unique_contracts!CH:CH,unique_contracts!$CB:$CB,$C105,unique_contracts!$D:$D,$D105)","v":0},{"$f":"SUMIFS(unique_contracts!CI:CI,unique_contracts!$CB:$CB,$C105,unique_contracts!$D:$D,$D105)","v":0},{"$f":"SUMIFS(unique_contracts!CJ:CJ,unique_contracts!$CB:$CB,$C105,unique_contracts!$D:$D,$D105)","v":0},{"$f":"SUMIFS(unique_contracts!CK:CK,unique_contracts!$CB:$CB,$C105,unique_contracts!$D:$D,$D105)","v":0},{"$f":"SUMIFS(unique_contracts!CL:CL,unique_contracts!$CB:$CB,$C105,unique_contracts!$D:$D,$D105)","v":0},{"$f":"SUMIFS(unique_contracts!CM:CM,unique_contracts!$CB:$CB,$C105,unique_contracts!$D:$D,$D105)","v":0},{"$f":"SUMIFS(unique_contracts!CN:CN,unique_contracts!$CB:$CB,$C105,unique_contracts!$D:$D,$D105)","v":0},{"$f":"SUMIFS(unique_contracts!CO:CO,unique_contracts!$CB:$CB,$C105,unique_contracts!$D:$D,$D105)","v":0},{"$f":"SUMIFS(unique_contracts!CP:CP,unique_contracts!$CB:$CB,$C105,unique_contracts!$D:$D,$D105)","v":0},{"$f":"SUMIFS(unique_contracts!CQ:CQ,unique_contracts!$CB:$CB,$C105,unique_contracts!$D:$D,$D105)","v":0},{"$f":"SUMIFS(unique_contracts!CR:CR,unique_contracts!$CB:$CB,$C105,unique_contracts!$D:$D,$D105)","v":0},{"$f":"SUMIFS(unique_contracts!CS:CS,unique_contracts!$CB:$CB,$C105,unique_contracts!$D:$D,$D105)","v":0},{"$f":"SUMIFS(unique_contracts!CT:CT,unique_contracts!$CB:$CB,$C105,unique_contracts!$D:$D,$D105)","v":0},{"$f":"SUMIFS(unique_contracts!CU:CU,unique_contracts!$CB:$CB,$C105,unique_contracts!$D:$D,$D105)","v":0},{"$f":"SUMIFS(unique_contracts!CV:CV,unique_contracts!$CB:$CB,$C105,unique_contracts!$D:$D,$D105)","v":0}]
[null,null,"biomass_wood","Review",{"$f":"SUMIFS(unique_contracts!CH:CH,unique_contracts!$CB:$CB,$C106,unique_contracts!$D:$D,$D106)","v":0},{"$f":"SUMIFS(unique_contracts!CI:CI,unique_contracts!$CB:$CB,$C106,unique_contracts!$D:$D,$D106)","v":0},{"$f":"SUMIFS(unique_contracts!CJ:CJ,unique_contracts!$CB:$CB,$C106,unique_contracts!$D:$D,$D106)","v":0},{"$f":"SUMIFS(unique_contracts!CK:CK,unique_contracts!$CB:$CB,$C106,unique_contracts!$D:$D,$D106)","v":0},{"$f":"SUMIFS(unique_contracts!CL:CL,unique_contracts!$CB:$CB,$C106,unique_contracts!$D:$D,$D106)","v":0},{"$f":"SUMIFS(unique_contracts!CM:CM,unique_contracts!$CB:$CB,$C106,unique_contracts!$D:$D,$D106)","v":0},{"$f":"SUMIFS(unique_contracts!CN:CN,unique_contracts!$CB:$CB,$C106,unique_contracts!$D:$D,$D106)","v":0},{"$f":"SUMIFS(unique_contracts!CO:CO,unique_contracts!$CB:$CB,$C106,unique_contracts!$D:$D,$D106)","v":0},{"$f":"SUMIFS(unique_contracts!CP:CP,unique_contracts!$CB:$CB,$C106,unique_contracts!$D:$D,$D106)","v":0},{"$f":"SUMIFS(unique_contracts!CQ:CQ,unique_contracts!$CB:$CB,$C106,unique_contracts!$D:$D,$D106)","v":0},{"$f":"SUMIFS(unique_contracts!CR:CR,unique_contracts!$CB:$CB,$C106,unique_contracts!$D:$D,$D106)","v":0},{"$f":"SUMIFS(unique_contracts!CS:CS,unique_contracts!$CB:$CB,$C106,unique_contracts!$D:$D,$D106)","v":0},{"$f":"SUMIFS(unique_contracts!CT:CT,unique_contracts!$CB:$CB,$C106,unique_contracts!$D:$D,$D106)","v":0},{"$f":"SUMIFS(unique_contracts!CU:CU,unique_contracts!$CB:$CB,$C106,unique_contracts!$D:$D,$D106)","v":0},{"$f":"SUMIFS(unique_contracts!CV:CV,unique_contracts!$CB:$CB,$C106,unique_contracts!$D:$D,$D106)","v":0}]
[null,null,"biogas","Review",{"$f":"SUMIFS(unique_contracts!CH:CH,unique_contracts!$CB:$CB,$C107,unique_contracts!$D:$D,$D107)","v":0},{"$f":"SUMIFS(unique_contracts!CI:CI,unique_contracts!$CB:$CB,$C107,unique_contracts!$D:$D,$D107)","v":0},{"$f":"SUMIFS(unique_contracts!CJ:CJ,unique_contracts!$CB:$CB,$C107,unique_contracts!$D:$D,$D107)","v":0},{"$f":"SUMIFS(unique_contracts!CK:CK,unique_contracts!$CB:$CB,$C107,unique_contracts!$D:$D,$D107)","v":0},{"$f":"SUMIFS(unique_contracts!CL:CL,unique_contracts!$CB:$CB,$C107,unique_contracts!$D:$D,$D107)","v":0},{"$f":"SUMIFS(unique_contracts!CM:CM,unique_contracts!$CB:$CB,$C107,unique_contracts!$D:$D,$D107)","v":0},{"$f":"SUMIFS(unique_contracts!CN:CN,unique_contracts!$CB:$CB,$C107,unique_contracts!$D:$D,$D107)","v":0},{"$f":"SUMIFS(unique_contracts!CO:CO,unique_contracts!$CB:$CB,$C107,unique_contracts!$D:$D,$D107)","v":0},{"$f":"SUMIFS(unique_contracts!CP:CP,unique_contracts!$CB:$CB,$C107,unique_contracts!$D:$D,$D107)","v":0},{"$f":"SUMIFS(unique_contracts!CQ:CQ,unique_contracts!$CB:$CB,$C107,unique_contracts!$D:$D,$D107)","v":0},{"$f":"SUMIFS(unique_contracts!CR:CR,unique_contracts!$CB:$CB,$C107,unique_contracts!$D:$D,$D107)","v":0},{"$f":"SUMIFS(unique_contracts!CS:CS,unique_contracts!$CB:$CB,$C107,unique_contracts!$D:$D,$D107)","v":0},{"$f":"SUMIFS(unique_contracts!CT:CT,unique_contracts!$CB:$CB,$C107,unique_contracts!$D:$D,$D107)","v":0},{"$f":"SUMIFS(unique_contracts!CU:CU,unique_contracts!$CB:$CB,$C107,unique_contracts!$D:$D,$D107)","v":0},{"$f":"SUMIFS(unique_contracts!CV:CV,unique_contracts!$CB:$CB,$C107,unique_contracts!$D:$D,$D107)","v":0}]
[null,null,"gas_cc","Review",{"$f":"SUMIFS(unique_contracts!CH:CH,unique_contracts!$CB:$CB,$C108,unique_contracts!$D:$D,$D108)","v":0},{"$f":"SUMIFS(unique_contracts!CI:CI,unique_contracts!$CB:$CB,$C108,unique_contracts!$D:$D,$D108)","v":0},{"$f":"SUMIFS(unique_contracts!CJ:CJ,unique_contracts!$CB:$CB,$C108,unique_contracts!$D:$D,$D108)","v":0},{"$f":"SUMIFS(unique_contracts!CK:CK,unique_contracts!$CB:$CB,$C108,unique_contracts!$D:$D,$D108)","v":0},{"$f":"SUMIFS(unique_contracts!CL:CL,unique_contracts!$CB:$CB,$C108,unique_contracts!$D:$D,$D108)","v":0},{"$f":"SUMIFS(unique_contracts!CM:CM,unique_contracts!$CB:$CB,$C108,unique_contracts!$D:$D,$D108)","v":0},{"$f":"SUMIFS(unique_contracts!CN:CN,unique_contracts!$CB:$CB,$C108,unique_contracts!$D:$D,$D108)","v":0},{"$f":"SUMIFS(unique_contracts!CO:CO,unique_contracts!$CB:$CB,$C108,unique_contracts!$D:$D,$D108)","v":0},{"$f":"SUMIFS(unique_contracts!CP:CP,unique_contracts!$CB:$CB,$C108,unique_contracts!$D:$D,$D108)","v":0},{"$f":"SUMIFS(unique_contracts!CQ:CQ,unique_contracts!$CB:$CB,$C108,unique_contracts!$D:$D,$D108)","v":0},{"$f":"SUMIFS(unique_contracts!CR:CR,unique_contracts!$CB:$CB,$C108,unique_contracts!$D:$D,$D108)","v":0},{"$f":"SUMIFS(unique_contracts!CS:CS,unique_contracts!$CB:$CB,$C108,unique_contracts!$D:$D,$D108)","v":0},{"$f":"SUMIFS(unique_contracts!CT:CT,unique_contracts!$CB:$CB,$C108,unique_contracts!$D:$D,$D108)","v":0},{"$f":"SUMIFS(unique_contracts!CU:CU,unique_contracts!$CB:$CB,$C108,unique_contracts!$D:$D,$D108)","v":0},{"$f":"SUMIFS(unique_contracts!CV:CV,unique_contracts!$CB:$CB,$C108,unique_contracts!$D:$D,$D108)","v":0}]
[null,null,"gas_ct","Review",{"$f":"SUMIFS(unique_contracts!CH:CH,unique_contracts!$CB:$CB,$C109,unique_contracts!$D:$D,$D109)","v":0},{"$f":"SUMIFS(unique_contracts!CI:CI,unique_contracts!$CB:$CB,$C109,unique_contracts!$D:$D,$D109)","v":0},{"$f":"SUMIFS(unique_contracts!CJ:CJ,unique_contracts!$CB:$CB,$C109,unique_contracts!$D:$D,$D109)","v":0},{"$f":"SUMIFS(unique_contracts!CK:CK,unique_contracts!$CB:$CB,$C109,unique_contracts!$D:$D,$D109)","v":0},{"$f":"SUMIFS(unique_contracts!CL:CL,unique_contracts!$CB:$CB,$C109,unique_contracts!$D:$D,$D109)","v":0},{"$f":"SUMIFS(unique_contracts!CM:CM,unique_contracts!$CB:$CB,$C109,unique_contracts!$D:$D,$D109)","v":0},{"$f":"SUMIFS(unique_contracts!CN:CN,unique_contracts!$CB:$CB,$C109,unique_contracts!$D:$D,$D109)","v":0},{"$f":"SUMIFS(unique_contracts!CO:CO,unique_contracts!$CB:$CB,$C109,unique_contracts!$D:$D,$D109)","v":0},{"$f":"SUMIFS(unique_contracts!CP:CP,unique_contracts!$CB:$CB,$C109,unique_contracts!$D:$D,$D109)","v":0},{"$f":"SUMIFS(unique_contracts!CQ:CQ,unique_contracts!$CB:$CB,$C109,unique_contracts!$D:$D,$D109)","v":0},{"$f":"SUMIFS(unique_contracts!CR:CR,unique_contracts!$CB:$CB,$C109,unique_contracts!$D:$D,$D109)","v":0},{"$f":"SUMIFS(unique_contracts!CS:CS,unique_contracts!$CB:$CB,$C109,unique_contracts!$D:$D,$D109)","v":0},{"$f":"SUMIFS(unique_contracts!CT:CT,unique_contracts!$CB:$CB,$C109,unique_contracts!$D:$D,$D109)","v":0},{"$f":"SUMIFS(unique_contracts!CU:CU,unique_contracts!$CB:$CB,$C109,unique_contracts!$D:$D,$D109)","v":0},{"$f":"SUMIFS(unique_contracts!CV:CV,unique_contracts!$CB:$CB,$C109,unique_contracts!$D:$D,$D109)","v":0}]
[null,null,"ice","Review",{"$f":"SUMIFS(unique_contracts!CH:CH,unique_contracts!$CB:$CB,$C110,unique_contracts!$D:$D,$D110)","v":0},{"$f":"SUMIFS(unique_contracts!CI:CI,unique_contracts!$CB:$CB,$C110,unique_contracts!$D:$D,$D110)","v":0},{"$f":"SUMIFS(unique_contracts!CJ:CJ,unique_contracts!$CB:$CB,$C110,unique_contracts!$D:$D,$D110)","v":0},{"$f":"SUMIFS(unique_contracts!CK:CK,unique_contracts!$CB:$CB,$C110,unique_contracts!$D:$D,$D110)","v":0},{"$f":"SUMIFS(unique_contracts!CL:CL,unique_contracts!$CB:$CB,$C110,unique_contracts!$D:$D,$D110)","v":0},{"$f":"SUMIFS(unique_contracts!CM:CM,unique_contracts!$CB:$CB,$C110,unique_contracts!$D:$D,$D110)","v":0},{"$f":"SUMIFS(unique_contracts!CN:CN,unique_contracts!$CB:$CB,$C110,unique_contracts!$D:$D,$D110)","v":0},{"$f":"SUMIFS(unique_contracts!CO:CO,unique_contracts!$CB:$CB,$C110,unique_contracts!$D:$D,$D110)","v":0},{"$f":"SUMIFS(unique_contracts!CP:CP,unique_contracts!$CB:$CB,$C110,unique_contracts!$D:$D,$D110)","v":0},{"$f":"SUMIFS(unique_contracts!CQ:CQ,unique_contracts!$CB:$CB,$C110,unique_contracts!$D:$D,$D110)","v":0},{"$f":"SUMIFS(unique_contracts!CR:CR,unique_contracts!$CB:$CB,$C110,unique_contracts!$D:$D,$D110)","v":0},{"$f":"SUMIFS(unique_contracts!CS:CS,unique_contracts!$CB:$CB,$C110,unique_contracts!$D:$D,$D110)","v":0},{"$f":"SUMIFS(unique_contracts!CT:CT,unique_contracts!$CB:$CB,$C110,unique_contracts!$D:$D,$D110)","v":0},{"$f":"SUMIFS(unique_contracts!CU:CU,unique_contracts!$CB:$CB,$C110,unique_contracts!$D:$D,$D110)","v":0},{"$f":"SUMIFS(unique_contracts!CV:CV,unique_contracts!$CB:$CB,$C110,unique_contracts!$D:$D,$D110)","v":0}]
[null,null,"nuclear","Review",{"$f":"SUMIFS(unique_contracts!CH:CH,unique_contracts!$CB:$CB,$C111,unique_contracts!$D:$D,$D111)","v":0},{"$f":"SUMIFS(unique_contracts!CI:CI,unique_contracts!$CB:$CB,$C111,unique_contracts!$D:$D,$D111)","v":0},{"$f":"SUMIFS(unique_contracts!CJ:CJ,unique_contracts!$CB:$CB,$C111,unique_contracts!$D:$D,$D111)","v":0},{"$f":"SUMIFS(unique_contracts!CK:CK,unique_contracts!$CB:$CB,$C111,unique_contracts!$D:$D,$D111)","v":0},{"$f":"SUMIFS(unique_contracts!CL:CL,unique_contracts!$CB:$CB,$C111,unique_contracts!$D:$D,$D111)","v":0},{"$f":"SUMIFS(unique_contracts!CM:CM,unique_contracts!$CB:$CB,$C111,unique_contracts!$D:$D,$D111)","v":0},{"$f":"SUMIFS(unique_contracts!CN:CN,unique_contracts!$CB:$CB,$C111,unique_contracts!$D:$D,$D111)","v":0},{"$f":"SUMIFS(unique_contracts!CO:CO,unique_contracts!$CB:$CB,$C111,unique_contracts!$D:$D,$D111)","v":0},{"$f":"SUMIFS(unique_contracts!CP:CP,unique_contracts!$CB:$CB,$C111,unique_contracts!$D:$D,$D111)","v":0},{"$f":"SUMIFS(unique_contracts!CQ:CQ,unique_contracts!$CB:$CB,$C111,unique_contracts!$D:$D,$D111)","v":0},{"$f":"SUMIFS(unique_contracts!CR:CR,unique_contracts!$CB:$CB,$C111,unique_contracts!$D:$D,$D111)","v":0},{"$f":"SUMIFS(unique_contracts!CS:CS,unique_contracts!$CB:$CB,$C111,unique_contracts!$D:$D,$D111)","v":0},{"$f":"SUMIFS(unique_contracts!CT:CT,unique_contracts!$CB:$CB,$C111,unique_contracts!$D:$D,$D111)","v":0},{"$f":"SUMIFS(unique_contracts!CU:CU,unique_contracts!$CB:$CB,$C111,unique_contracts!$D:$D,$D111)","v":0},{"$f":"SUMIFS(unique_contracts!CV:CV,unique_contracts!$CB:$CB,$C111,unique_contracts!$D:$D,$D111)","v":0}]
[null,null,"coal","Review",{"$f":"SUMIFS(unique_contracts!CH:CH,unique_contracts!$CB:$CB,$C112,unique_contracts!$D:$D,$D112)","v":0},{"$f":"SUMIFS(unique_contracts!CI:CI,unique_contracts!$CB:$CB,$C112,unique_contracts!$D:$D,$D112)","v":0},{"$f":"SUMIFS(unique_contracts!CJ:CJ,unique_contracts!$CB:$CB,$C112,unique_contracts!$D:$D,$D112)","v":0},{"$f":"SUMIFS(unique_contracts!CK:CK,unique_contracts!$CB:$CB,$C112,unique_contracts!$D:$D,$D112)","v":0},{"$f":"SUMIFS(unique_contracts!CL:CL,unique_contracts!$CB:$CB,$C112,unique_contracts!$D:$D,$D112)","v":0},{"$f":"SUMIFS(unique_contracts!CM:CM,unique_contracts!$CB:$CB,$C112,unique_contracts!$D:$D,$D112)","v":0},{"$f":"SUMIFS(unique_contracts!CN:CN,unique_contracts!$CB:$CB,$C112,unique_contracts!$D:$D,$D112)","v":0},{"$f":"SUMIFS(unique_contracts!CO:CO,unique_contracts!$CB:$CB,$C112,unique_contracts!$D:$D,$D112)","v":0},{"$f":"SUMIFS(unique_contracts!CP:CP,unique_contracts!$CB:$CB,$C112,unique_contracts!$D:$D,$D112)","v":0},{"$f":"SUMIFS(unique_contracts!CQ:CQ,unique_contracts!$CB:$CB,$C112,unique_contracts!$D:$D,$D112)","v":0},{"$f":"SUMIFS(unique_contracts!CR:CR,unique_contracts!$CB:$CB,$C112,unique_contracts!$D:$D,$D112)","v":0},{"$f":"SUMIFS(unique_contracts!CS:CS,unique_contracts!$CB:$CB,$C112,unique_contracts!$D:$D,$D112)","v":0},{"$f":"SUMIFS(unique_contracts!CT:CT,unique_contracts!$CB:$CB,$C112,unique_contracts!$D:$D,$D112)","v":0},{"$f":"SUMIFS(unique_contracts!CU:CU,unique_contracts!$CB:$CB,$C112,unique_contracts!$D:$D,$D112)","v":0},{"$f":"SUMIFS(unique_contracts!CV:CV,unique_contracts!$CB:$CB,$C112,unique_contracts!$D:$D,$D112)","v":0}]
[null,null,"cogen","Review",{"$f":"SUMIFS(unique_contracts!CH:CH,unique_contracts!$CB:$CB,$C113,unique_contracts!$D:$D,$D113)","v":0},{"$f":"SUMIFS(unique_contracts!CI:CI,unique_contracts!$CB:$CB,$C113,unique_contracts!$D:$D,$D113)","v":0},{"$f":"SUMIFS(unique_contracts!CJ:CJ,unique_contracts!$CB:$CB,$C113,unique_contracts!$D:$D,$D113)","v":0},{"$f":"SUMIFS(unique_contracts!CK:CK,unique_contracts!$CB:$CB,$C113,unique_contracts!$D:$D,$D113)","v":0},{"$f":"SUMIFS(unique_contracts!CL:CL,unique_contracts!$CB:$CB,$C113,unique_contracts!$D:$D,$D113)","v":0},{"$f":"SUMIFS(unique_contracts!CM:CM,unique_contracts!$CB:$CB,$C113,unique_contracts!$D:$D,$D113)","v":0},{"$f":"SUMIFS(unique_contracts!CN:CN,unique_contracts!$CB:$CB,$C113,unique_contracts!$D:$D,$D113)","v":0},{"$f":"SUMIFS(unique_contracts!CO:CO,unique_contracts!$CB:$CB,$C113,unique_contracts!$D:$D,$D113)","v":0},{"$f":"SUMIFS(unique_contracts!CP:CP,unique_contracts!$CB:$CB,$C113,unique_contracts!$D:$D,$D113)","v":0},{"$f":"SUMIFS(unique_contracts!CQ:CQ,unique_contracts!$CB:$CB,$C113,unique_contracts!$D:$D,$D113)","v":0},{"$f":"SUMIFS(unique_contracts!CR:CR,unique_contracts!$CB:$CB,$C113,unique_contracts!$D:$D,$D113)","v":0},{"$f":"SUMIFS(unique_contracts!CS:CS,unique_contracts!$CB:$CB,$C113,unique_contracts!$D:$D,$D113)","v":0},{"$f":"SUMIFS(unique_contracts!CT:CT,unique_contracts!$CB:$CB,$C113,unique_contracts!$D:$D,$D113)","v":0},{"$f":"SUMIFS(unique_contracts!CU:CU,unique_contracts!$CB:$CB,$C113,unique_contracts!$D:$D,$D113)","v":0},{"$f":"SUMIFS(unique_contracts!CV:CV,unique_contracts!$CB:$CB,$C113,unique_contracts!$D:$D,$D113)","v":0}]
[null,null,"unspecified_import","Review",{"$f":"SUMIFS(unique_contracts!CH:CH,unique_contracts!$CB:$CB,$C114,unique_contracts!$D:$D,$D114)","v":0},{"$f":"SUMIFS(unique_contracts!CI:CI,unique_contracts!$CB:$CB,$C114,unique_contracts!$D:$D,$D114)","v":0},{"$f":"SUMIFS(unique_contracts!CJ:CJ,unique_contracts!$CB:$CB,$C114,unique_contracts!$D:$D,$D114)","v":0},{"$f":"SUMIFS(unique_contracts!CK:CK,unique_contracts!$CB:$CB,$C114,unique_contracts!$D:$D,$D114)","v":0},{"$f":"SUMIFS(unique_contracts!CL:CL,unique_contracts!$CB:$CB,$C114,unique_contracts!$D:$D,$D114)","v":0},{"$f":"SUMIFS(unique_contracts!CM:CM,unique_contracts!$CB:$CB,$C114,unique_contracts!$D:$D,$D114)","v":0},{"$f":"SUMIFS(unique_contracts!CN:CN,unique_contracts!$CB:$CB,$C114,unique_contracts!$D:$D,$D114)","v":0},{"$f":"SUMIFS(unique_contracts!CO:CO,unique_contracts!$CB:$CB,$C114,unique_contracts!$D:$D,$D114)","v":0},{"$f":"SUMIFS(unique_contracts!CP:CP,unique_contracts!$CB:$CB,$C114,unique_contracts!$D:$D,$D114)","v":0},{"$f":"SUMIFS(unique_contracts!CQ:CQ,unique_contracts!$CB:$CB,$C114,unique_contracts!$D:$D,$D114)","v":0},{"$f":"SUMIFS(unique_contracts!CR:CR,unique_contracts!$CB:$CB,$C114,unique_contracts!$D:$D,$D114)","v":0},{"$f":"SUMIFS(unique_contracts!CS:CS,unique_contracts!$CB:$CB,$C114,unique_contracts!$D:$D,$D114)","v":0},{"$f":"SUMIFS(unique_contracts!CT:CT,unique_contracts!$CB:$CB,$C114,unique_contracts!$D:$D,$D114)","v":0},{"$f":"SUMIFS(unique_contracts!CU:CU,unique_contracts!$CB:$CB,$C114,unique_contracts!$D:$D,$D114)","v":0},{"$f":"SUMIFS(unique_contracts!CV:CV,unique_contracts!$CB:$CB,$C114,unique_contracts!$D:$D,$D114)","v":0}]
[null,null,"hybrid","PlannedExisting",{"$f":"SUMIFS(unique_contracts!CH:CH,unique_contracts!$CB:$CB,$C115,unique_contracts!$D:$D,$D115)","v":0},{"$f":"SUMIFS(unique_contracts!CI:CI,unique_contracts!$CB:$CB,$C115,unique_contracts!$D:$D,$D115)","v":0},{"$f":"SUMIFS(unique_contracts!CJ:CJ,unique_contracts!$CB:$CB,$C115,unique_contracts!$D:$D,$D115)","v":0},{"$f":"SUMIFS(unique_contracts!CK:CK,unique_contracts!$CB:$CB,$C115,unique_contracts!$D:$D,$D115)","v":0},{"$f":"SUMIFS(unique_contracts!CL:CL,unique_contracts!$CB:$CB,$C115,unique_contracts!$D:$D,$D115)","v":0},{"$f":"SUMIFS(unique_contracts!CM:CM,unique_contracts!$CB:$CB,$C115,unique_contracts!$D:$D,$D115)","v":0},{"$f":"SUMIFS(unique_contracts!CN:CN,unique_contracts!$CB:$CB,$C115,unique_contracts!$D:$D,$D115)","v":0},{"$f":"SUMIFS(unique_contracts!CO:CO,unique_contracts!$CB:$CB,$C115,unique_contracts!$D:$D,$D115)","v":0},{"$f":"SUMIFS(unique_contracts!CP:CP,unique_contracts!$CB:$CB,$C115,unique_contracts!$D:$D,$D115)","v":0},{"$f":"SUMIFS(unique_contracts!CQ:CQ,unique_contracts!$CB:$CB,$C115,unique_contracts!$D:$D,$D115)","v":0},{"$f":"SUMIFS(unique_contracts!CR:CR,unique_contracts!$CB:$CB,$C115,unique_contracts!$D:$D,$D115)","v":0},{"$f":"SUMIFS(unique_contracts!CS:CS,unique_contracts!$CB:$CB,$C115,unique_contracts!$D:$D,$D115)","v":0},{"$f":"SUMIFS(unique_contracts!CT:CT,unique_contracts!$CB:$CB,$C115,unique_contracts!$D:$D,$D115)","v":0},{"$f":"SUMIFS(unique_contracts!CU:CU,unique_contracts!$CB:$CB,$C115,unique_contracts!$D:$D,$D115)","v":0},{"$f":"SUMIFS(unique_contracts!CV:CV,unique_contracts!$CB:$CB,$C115,unique_contracts!$D:$D,$D115)","v":0}]
[null,null,"in_state_wind","PlannedExisting",{"$f":"SUMIFS(unique_contracts!CH:CH,unique_contracts!$CB:$CB,$C116,unique_contracts!$D:$D,$D116)","v":0},{"$f":"SUMIFS(unique_contracts!CI:CI,unique_contracts!$CB:$CB,$C116,unique_contracts!$D:$D,$D116)","v":0},{"$f":"SUMIFS(unique_contracts!CJ:CJ,unique_contracts!$CB:$CB,$C116,unique_contracts!$D:$D,$D116)","v":0},{"$f":"SUMIFS(unique_contracts!CK:CK,unique_contracts!$CB:$CB,$C116,unique_contracts!$D:$D,$D116)","v":0},{"$f":"SUMIFS(unique_contracts!CL:CL,unique_contracts!$CB:$CB,$C116,unique_contracts!$D:$D,$D116)","v":0},{"$f":"SUMIFS(unique_contracts!CM:CM,unique_contracts!$CB:$CB,$C116,unique_contracts!$D:$D,$D116)","v":0},{"$f":"SUMIFS(unique_contracts!CN:CN,unique_contracts!$CB:$CB,$C116,unique_contracts!$D:$D,$D116)","v":0},{"$f":"SUMIFS(unique_contracts!CO:CO,unique_contracts!$CB:$CB,$C116,unique_contracts!$D:$D,$D116)","v":0},{"$f":"SUMIFS(unique_contracts!CP:CP,unique_contracts!$CB:$CB,$C116,unique_contracts!$D:$D,$D116)","v":0},{"$f":"SUMIFS(unique_contracts!CQ:CQ,unique_contracts!$CB:$CB,$C116,unique_contracts!$D:$D,$D116)","v":0},{"$f":"SUMIFS(unique_contracts!CR:CR,unique_contracts!$CB:$CB,$C116,unique_contracts!$D:$D,$D116)","v":0},{"$f":"SUMIFS(unique_contracts!CS:CS,unique_contracts!$CB:$CB,$C116,unique_contracts!$D:$D,$D116)","v":0},{"$f":"SUMIFS(unique_contracts!CT:CT,unique_contracts!$CB:$CB,$C116,unique_contracts!$D:$D,$D116)","v":0},{"$f":"SUMIFS(unique_contracts!CU:CU,unique_contracts!$CB:$CB,$C116,unique_contracts!$D:$D,$D116)","v":0},{"$f":"SUMIFS(unique_contracts!CV:CV,unique_contracts!$CB:$CB,$C116,unique_contracts!$D:$D,$D116)","v":0}]
[null,null,"out_of_state_wind","PlannedExisting",{"$f":"SUMIFS(unique_contracts!CH:CH,unique_contracts!$CB:$CB,$C117,unique_contracts!$D:$D,$D117)","v":0},{"$f":"SUMIFS(unique_contracts!CI:CI,unique_contracts!$CB:$CB,$C117,unique_contracts!$D:$D,$D117)","v":0},{"$f":"SUMIFS(unique_contracts!CJ:CJ,unique_contracts!$CB:$CB,$C117,unique_contracts!$D:$D,$D117)","v":0},{"$f":"SUMIFS(unique_contracts!CK:CK,unique_contracts!$CB:$CB,$C117,unique_contracts!$D:$D,$D117)","v":0},{"$f":"SUMIFS(unique_contracts!CL:CL,unique_contracts!$CB:$CB,$C117,unique_contracts!$D:$D,$D117)","v":0},{"$f":"SUMIFS(unique_contracts!CM:CM,unique_contracts!$CB:$CB,$C117,unique_contracts!$D:$D,$D117)","v":0},{"$f":"SUMIFS(unique_contracts!CN:CN,unique_contracts!$CB:$CB,$C117,unique_contracts!$D:$D,$D117)","v":0},{"$f":"SUMIFS(unique_contracts!CO:CO,unique_contracts!$CB:$CB,$C117,unique_contracts!$D:$D,$D117)","v":0},{"$f":"SUMIFS(unique_contracts!CP:CP,unique_contracts!$CB:$CB,$C117,unique_contracts!$D:$D,$D117)","v":0},{"$f":"SUMIFS(unique_contracts!CQ:CQ,unique_contracts!$CB:$CB,$C117,unique_contracts!$D:$D,$D117)","v":0},{"$f":"SUMIFS(unique_contracts!CR:CR,unique_contracts!$CB:$CB,$C117,unique_contracts!$D:$D,$D117)","v":0},{"$f":"SUMIFS(unique_contracts!CS:CS,unique_contracts!$CB:$CB,$C117,unique_contracts!$D:$D,$D117)","v":0},{"$f":"SUMIFS(unique_contracts!CT:CT,unique_contracts!$CB:$CB,$C117,unique_contracts!$D:$D,$D117)","v":0},{"$f":"SUMIFS(unique_contracts!CU:CU,unique_contracts!$CB:$CB,$C117,unique_contracts!$D:$D,$D117)","v":0},{"$f":"SUMIFS(unique_contracts!CV:CV,unique_contracts!$CB:$CB,$C117,unique_contracts!$D:$D,$D117)","v":0}]
[null,null,"offshore_wind","PlannedExisting",{"$f":"SUMIFS(unique_contracts!CH:CH,unique_contracts!$CB:$CB,$C118,unique_contracts!$D:$D,$D118)","v":0},{"$f":"SUMIFS(unique_contracts!CI:CI,unique_contracts!$CB:$CB,$C118,unique_contracts!$D:$D,$D118)","v":0},{"$f":"SUMIFS(unique_contracts!CJ:CJ,unique_contracts!$CB:$CB,$C118,unique_contracts!$D:$D,$D118)","v":0},{"$f":"SUMIFS(unique_contracts!CK:CK,unique_contracts!$CB:$CB,$C118,unique_contracts!$D:$D,$D118)","v":0},{"$f":"SUMIFS(unique_contracts!CL:CL,unique_contracts!$CB:$CB,$C118,unique_contracts!$D:$D,$D118)","v":0},{"$f":"SUMIFS(unique_contracts!CM:CM,unique_contracts!$CB:$CB,$C118,unique_contracts!$D:$D,$D118)","v":0},{"$f":"SUMIFS(unique_contracts!CN:CN,unique_contracts!$CB:$CB,$C118,unique_contracts!$D:$D,$D118)","v":0},{"$f":"SUMIFS(unique_contracts!CO:CO,unique_contracts!$CB:$CB,$C118,unique_contracts!$D:$D,$D118)","v":0},{"$f":"SUMIFS(unique_contracts!CP:CP,unique_contracts!$CB:$CB,$C118,unique_contracts!$D:$D,$D118)","v":0},{"$f":"SUMIFS(unique_contracts!CQ:CQ,unique_contracts!$CB:$CB,$C118,unique_contracts!$D:$D,$D118)","v":0},{"$f":"SUMIFS(unique_contracts!CR:CR,unique_contracts!$CB:$CB,$C118,unique_contracts!$D:$D,$D118)","v":0},{"$f":"SUMIFS(unique_contracts!CS:CS,unique_contracts!$CB:$CB,$C118,unique_contracts!$D:$D,$D118)","v":0},{"$f":"SUMIFS(unique_contracts!CT:CT,unique_contracts!$CB:$CB,$C118,unique_contracts!$D:$D,$D118)","v":0},{"$f":"SUMIFS(unique_contracts!CU:CU,unique_contracts!$CB:$CB,$C118,unique_contracts!$D:$D,$D118)","v":0},{"$f":"SUMIFS(unique_contracts!CV:CV,unique_contracts!$CB:$CB,$C118,unique_contracts!$D:$D,$D118)","v":0}]
[null,null,"utility_pv","PlannedExisting",{"$f":"SUMIFS(unique_contracts!CH:CH,unique_contracts!$CB:$CB,$C119,unique_contracts!$D:$D,$D119)","v":0},{"$f":"SUMIFS(unique_contracts!CI:CI,unique_contracts!$CB:$CB,$C119,unique_contracts!$D:$D,$D119)","v":0},{"$f":"SUMIFS(unique_contracts!CJ:CJ,unique_contracts!$CB:$CB,$C119,unique_contracts!$D:$D,$D119)","v":0},{"$f":"SUMIFS(unique_contracts!CK:CK,unique_contracts!$CB:$CB,$C119,unique_contracts!$D:$D,$D119)","v":0},{"$f":"SUMIFS(unique_contracts!CL:CL,unique_contracts!$CB:$CB,$C119,unique_contracts!$D:$D,$D119)","v":0},{"$f":"SUMIFS(unique_contracts!CM:CM,unique_contracts!$CB:$CB,$C119,unique_contracts!$D:$D,$D119)","v":0},{"$f":"SUMIFS(unique_contracts!CN:CN,unique_contracts!$CB:$CB,$C119,unique_contracts!$D:$D,$D119)","v":0},{"$f":"SUMIFS(unique_contracts!CO:CO,unique_contracts!$CB:$CB,$C119,unique_contracts!$D:$D,$D119)","v":0},{"$f":"SUMIFS(unique_contracts!CP:CP,unique_contracts!$CB:$CB,$C119,unique_contracts!$D:$D,$D119)","v":0},{"$f":"SUMIFS(unique_contracts!CQ:CQ,unique_contracts!$CB:$CB,$C119,unique_contracts!$D:$D,$D119)","v":0},{"$f":"SUMIFS(unique_contracts!CR:CR,unique_contracts!$CB:$CB,$C119,unique_contracts!$D:$D,$D119)","v":0},{"$f":"SUMIFS(unique_contracts!CS:CS,unique_contracts!$CB:$CB,$C119,unique_contracts!$D:$D,$D119)","v":0},{"$f":"SUMIFS(unique_contracts!CT:CT,unique_contracts!$CB:$CB,$C119,unique_contracts!$D:$D,$D119)","v":0},{"$f":"SUMIFS(unique_contracts!CU:CU,unique_contracts!$CB:$CB,$C119,unique_contracts!$D:$D,$D119)","v":0},{"$f":"SUMIFS(unique_contracts!CV:CV,unique_contracts!$CB:$CB,$C119,unique_contracts!$D:$D,$D119)","v":0}]
[null,null,"btm_pv","PlannedExisting",{"$f":"SUMIFS(unique_contracts!CH:CH,unique_contracts!$CB:$CB,$C120,unique_contracts!$D:$D,$D120)","v":0},{"$f":"SUMIFS(unique_contracts!CI:CI,unique_contracts!$CB:$CB,$C120,unique_contracts!$D:$D,$D120)","v":0},{"$f":"SUMIFS(unique_contracts!CJ:CJ,unique_contracts!$CB:$CB,$C120,unique_contracts!$D:$D,$D120)","v":0},{"$f":"SUMIFS(unique_contracts!CK:CK,unique_contracts!$CB:$CB,$C120,unique_contracts!$D:$D,$D120)","v":0},{"$f":"SUMIFS(unique_contracts!CL:CL,unique_contracts!$CB:$CB,$C120,unique_contracts!$D:$D,$D120)","v":0},{"$f":"SUMIFS(unique_contracts!CM:CM,unique_contracts!$CB:$CB,$C120,unique_contracts!$D:$D,$D120)","v":0},{"$f":"SUMIFS(unique_contracts!CN:CN,unique_contracts!$CB:$CB,$C120,unique_contracts!$D:$D,$D120)","v":0},{"$f":"SUMIFS(unique_contracts!CO:CO,unique_contracts!$CB:$CB,$C120,unique_contracts!$D:$D,$D120)","v":0},{"$f":"SUMIFS(unique_contracts!CP:CP,unique_contracts!$CB:$CB,$C120,unique_contracts!$D:$D,$D120)","v":0},{"$f":"SUMIFS(unique_contracts!CQ:CQ,unique_contracts!$CB:$CB,$C120,unique_contracts!$D:$D,$D120)","v":0},{"$f":"SUMIFS(unique_contracts!CR:CR,unique_contracts!$CB:$CB,$C120,unique_contracts!$D:$D,$D120)","v":0},{"$f":"SUMIFS(unique_contracts!CS:CS,unique_contracts!$CB:$CB,$C120,unique_contracts!$D:$D,$D120)","v":0},{"$f":"SUMIFS(unique_contracts!CT:CT,unique_contracts!$CB:$CB,$C120,unique_contracts!$D:$D,$D120)","v":0},{"$f":"SUMIFS(unique_contracts!CU:CU,unique_contracts!$CB:$CB,$C120,unique_contracts!$D:$D,$D120)","v":0},{"$f":"SUMIFS(unique_contracts!CV:CV,unique_contracts!$CB:$CB,$C120,unique_contracts!$D:$D,$D120)","v":0}]
[null,null,"4hr_batteries","PlannedExisting",{"$f":"SUMIFS(unique_contracts!CH:CH,unique_contracts!$CB:$CB,$C121,unique_contracts!$D:$D,$D121)","v":0},{"$f":"SUMIFS(unique_contracts!CI:CI,unique_contracts!$CB:$CB,$C121,unique_contracts!$D:$D,$D121)","v":0},{"$f":"SUMIFS(unique_contracts!CJ:CJ,unique_contracts!$CB:$CB,$C121,unique_contracts!$D:$D,$D121)","v":0},{"$f":"SUMIFS(unique_contracts!CK:CK,unique_contracts!$CB:$CB,$C121,unique_contracts!$D:$D,$D121)","v":0},{"$f":"SUMIFS(unique_contracts!CL:CL,unique_contracts!$CB:$CB,$C121,unique_contracts!$D:$D,$D121)","v":0},{"$f":"SUMIFS(unique_contracts!CM:CM,unique_contracts!$CB:$CB,$C121,unique_contracts!$D:$D,$D121)","v":0},{"$f":"SUMIFS(unique_contracts!CN:CN,unique_contracts!$CB:$CB,$C121,unique_contracts!$D:$D,$D121)","v":0},{"$f":"SUMIFS(unique_contracts!CO:CO,unique_contracts!$CB:$CB,$C121,unique_contracts!$D:$D,$D121)","v":0},{"$f":"SUMIFS(unique_contracts!CP:CP,unique_contracts!$CB:$CB,$C121,unique_contracts!$D:$D,$D121)","v":0},{"$f":"SUMIFS(unique_contracts!CQ:CQ,unique_contracts!$CB:$CB,$C121,unique_contracts!$D:$D,$D121)","v":0},{"$f":"SUMIFS(unique_contracts!CR:CR,unique_contracts!$CB:$CB,$C121,unique_contracts!$D:$D,$D121)","v":0},{"$f":"SUMIFS(unique_contracts!CS:CS,unique_contracts!$CB:$CB,$C121,unique_contracts!$D:$D,$D121)","v":0},{"$f":"SUMIFS(unique_contracts!CT:CT,unique_contracts!$CB:$CB,$C121,unique_contracts!$D:$D,$D121)","v":0},{"$f":"SUMIFS(unique_contracts!CU:CU,unique_contracts!$CB:$CB,$C121,unique_contracts!$D:$D,$D121)","v":0},{"$f":"SUMIFS(unique_contracts!CV:CV,unique_contracts!$CB:$CB,$C121,unique_contracts!$D:$D,$D121)","v":0}]
[null,null,"8hr_batteries","PlannedExisting",{"$f":"SUMIFS(unique_contracts!CH:CH,unique_contracts!$CB:$CB,$C122,unique_contracts!$D:$D,$D122)","v":0},{"$f":"SUMIFS(unique_contracts!CI:CI,unique_contracts!$CB:$CB,$C122,unique_contracts!$D:$D,$D122)","v":0},{"$f":"SUMIFS(unique_contracts!CJ:CJ,unique_contracts!$CB:$CB,$C122,unique_contracts!$D:$D,$D122)","v":0},{"$f":"SUMIFS(unique_contracts!CK:CK,unique_contracts!$CB:$CB,$C122,unique_contracts!$D:$D,$D122)","v":0},{"$f":"SUMIFS(unique_contracts!CL:CL,unique_contracts!$CB:$CB,$C122,unique_contracts!$D:$D,$D122)","v":0},{"$f":"SUMIFS(unique_contracts!CM:CM,unique_contracts!$CB:$CB,$C122,unique_contracts!$D:$D,$D122)","v":0},{"$f":"SUMIFS(unique_contracts!CN:CN,unique_contracts!$CB:$CB,$C122,unique_contracts!$D:$D,$D122)","v":0},{"$f":"SUMIFS(unique_contracts!CO:CO,unique_contracts!$CB:$CB,$C122,unique_contracts!$D:$D,$D122)","v":0},{"$f":"SUMIFS(unique_contracts!CP:CP,unique_contracts!$CB:$CB,$C122,unique_contracts!$D:$D,$D122)","v":0},{"$f":"SUMIFS(unique_contracts!CQ:CQ,unique_contracts!$CB:$CB,$C122,unique_contracts!$D:$D,$D122)","v":0},{"$f":"SUMIFS(unique_contracts!CR:CR,unique_contracts!$CB:$CB,$C122,unique_contracts!$D:$D,$D122)","v":0},{"$f":"SUMIFS(unique_contracts!CS:CS,unique_contracts!$CB:$CB,$C122,unique_contracts!$D:$D,$D122)","v":0},{"$f":"SUMIFS(unique_contracts!CT:CT,unique_contracts!$CB:$CB,$C122,unique_contracts!$D:$D,$D122)","v":0},{"$f":"SUMIFS(unique_contracts!CU:CU,unique_contracts!$CB:$CB,$C122,unique_contracts!$D:$D,$D122)","v":0},{"$f":"SUMIFS(unique_contracts!CV:CV,unique_contracts!$CB:$CB,$C122,unique_contracts!$D:$D,$D122)","v":0}]
[null,null,"demand_response","PlannedExisting",{"$f":"SUMIFS(unique_contracts!CH:CH,unique_contracts!$CB:$CB,$C123,unique_contracts!$D:$D,$D123)","v":0},{"$f":"SUMIFS(unique_contracts!CI:CI,unique_contracts!$CB:$CB,$C123,unique_contracts!$D:$D,$D123)","v":0},{"$f":"SUMIFS(unique_contracts!CJ:CJ,unique_contracts!$CB:$CB,$C123,unique_contracts!$D:$D,$D123)","v":0},{"$f":"SUMIFS(unique_contracts!CK:CK,unique_contracts!$CB:$CB,$C123,unique_contracts!$D:$D,$D123)","v":0},{"$f":"SUMIFS(unique_contracts!CL:CL,unique_contracts!$CB:$CB,$C123,unique_contracts!$D:$D,$D123)","v":0},{"$f":"SUMIFS(unique_contracts!CM:CM,unique_contracts!$CB:$CB,$C123,unique_contracts!$D:$D,$D123)","v":0},{"$f":"SUMIFS(unique_contracts!CN:CN,unique_contracts!$CB:$CB,$C123,unique_contracts!$D:$D,$D123)","v":0},{"$f":"SUMIFS(unique_contracts!CO:CO,unique_contracts!$CB:$CB,$C123,unique_contracts!$D:$D,$D123)","v":0},{"$f":"SUMIFS(unique_contracts!CP:CP,unique_contracts!$CB:$CB,$C123,unique_contracts!$D:$D,$D123)","v":0},{"$f":"SUMIFS(unique_contracts!CQ:CQ,unique_contracts!$CB:$CB,$C123,unique_contracts!$D:$D,$D123)","v":0},{"$f":"SUMIFS(unique_contracts!CR:CR,unique_contracts!$CB:$CB,$C123,unique_contracts!$D:$D,$D123)","v":0},{"$f":"SUMIFS(unique_contracts!CS:CS,unique_contracts!$CB:$CB,$C123,unique_contracts!$D:$D,$D123)","v":0},{"$f":"SUMIFS(unique_contracts!CT:CT,unique_contracts!$CB:$CB,$C123,unique_contracts!$D:$D,$D123)","v":0},{"$f":"SUMIFS(unique_contracts!CU:CU,unique_contracts!$CB:$CB,$C123,unique_contracts!$D:$D,$D123)","v":0},{"$f":"SUMIFS(unique_contracts!CV:CV,unique_contracts!$CB:$CB,$C123,unique_contracts!$D:$D,$D123)","v":0}]
[null,null,"12hr_pumped_storage","PlannedExisting",{"$f":"SUMIFS(unique_contracts!CH:CH,unique_contracts!$CB:$CB,$C124,unique_contracts!$D:$D,$D124)","v":0},{"$f":"SUMIFS(unique_contracts!CI:CI,unique_contracts!$CB:$CB,$C124,unique_contracts!$D:$D,$D124)","v":0},{"$f":"SUMIFS(unique_contracts!CJ:CJ,unique_contracts!$CB:$CB,$C124,unique_contracts!$D:$D,$D124)","v":0},{"$f":"SUMIFS(unique_contracts!CK:CK,unique_contracts!$CB:$CB,$C124,unique_contracts!$D:$D,$D124)","v":0},{"$f":"SUMIFS(unique_contracts!CL:CL,unique_contracts!$CB:$CB,$C124,unique_contracts!$D:$D,$D124)","v":0},{"$f":"SUMIFS(unique_contracts!CM:CM,unique_contracts!$CB:$CB,$C124,unique_contracts!$D:$D,$D124)","v":0},{"$f":"SUMIFS(unique_contracts!CN:CN,unique_contracts!$CB:$CB,$C124,unique_contracts!$D:$D,$D124)","v":0},{"$f":"SUMIFS(unique_contracts!CO:CO,unique_contracts!$CB:$CB,$C124,unique_contracts!$D:$D,$D124)","v":0},{"$f":"SUMIFS(unique_contracts!CP:CP,unique_contracts!$CB:$CB,$C124,unique_contracts!$D:$D,$D124)","v":0},{"$f":"SUMIFS(unique_contracts!CQ:CQ,unique_contracts!$CB:$CB,$C124,unique_contracts!$D:$D,$D124)","v":0},{"$f":"SUMIFS(unique_contracts!CR:CR,unique_contracts!$CB:$CB,$C124,unique_contracts!$D:$D,$D124)","v":0},{"$f":"SUMIFS(unique_contracts!CS:CS,unique_contracts!$CB:$CB,$C124,unique_contracts!$D:$D,$D124)","v":0},{"$f":"SUMIFS(unique_contracts!CT:CT,unique_contracts!$CB:$CB,$C124,unique_contracts!$D:$D,$D124)","v":0},{"$f":"SUMIFS(unique_contracts!CU:CU,unique_contracts!$CB:$CB,$C124,unique_contracts!$D:$D,$D124)","v":0},{"$f":"SUMIFS(unique_contracts!CV:CV,unique_contracts!$CB:$CB,$C124,unique_contracts!$D:$D,$D124)","v":0}]
[null,null,"small_hydro","PlannedExisting",{"$f":"SUMIFS(unique_contracts!CH:CH,unique_contracts!$CB:$CB,$C125,unique_contracts!$D:$D,$D125)","v":0},{"$f":"SUMIFS(unique_contracts!CI:CI,unique_contracts!$CB:$CB,$C125,unique_contracts!$D:$D,$D125)","v":0},{"$f":"SUMIFS(unique_contracts!CJ:CJ,unique_contracts!$CB:$CB,$C125,unique_contracts!$D:$D,$D125)","v":0},{"$f":"SUMIFS(unique_contracts!CK:CK,unique_contracts!$CB:$CB,$C125,unique_contracts!$D:$D,$D125)","v":0},{"$f":"SUMIFS(unique_contracts!CL:CL,unique_contracts!$CB:$CB,$C125,unique_contracts!$D:$D,$D125)","v":0},{"$f":"SUMIFS(unique_contracts!CM:CM,unique_contracts!$CB:$CB,$C125,unique_contracts!$D:$D,$D125)","v":0},{"$f":"SUMIFS(unique_contracts!CN:CN,unique_contracts!$CB:$CB,$C125,unique_contracts!$D:$D,$D125)","v":0},{"$f":"SUMIFS(unique_contracts!CO:CO,unique_contracts!$CB:$CB,$C125,unique_contracts!$D:$D,$D125)","v":0},{"$f":"SUMIFS(unique_contracts!CP:CP,unique_contracts!$CB:$CB,$C125,unique_contracts!$D:$D,$D125)","v":0},{"$f":"SUMIFS(unique_contracts!CQ:CQ,unique_contracts!$CB:$CB,$C125,unique_contracts!$D:$D,$D125)","v":0},{"$f":"SUMIFS(unique_contracts!CR:CR,unique_contracts!$CB:$CB,$C125,unique_contracts!$D:$D,$D125)","v":0},{"$f":"SUMIFS(unique_contracts!CS:CS,unique_contracts!$CB:$CB,$C125,unique_contracts!$D:$D,$D125)","v":0},{"$f":"SUMIFS(unique_contracts!CT:CT,unique_contracts!$CB:$CB,$C125,unique_contracts!$D:$D,$D125)","v":0},{"$f":"SUMIFS(unique_contracts!CU:CU,unique_contracts!$CB:$CB,$C125,unique_contracts!$D:$D,$D125)","v":0},{"$f":"SUMIFS(unique_contracts!CV:CV,unique_contracts!$CB:$CB,$C125,unique_contracts!$D:$D,$D125)","v":0}]
[null,null,"hydro","PlannedExisting",{"$f":"SUMIFS(unique_contracts!CH:CH,unique_contracts!$CB:$CB,$C126,unique_contracts!$D:$D,$D126)","v":0},{"$f":"SUMIFS(unique_contracts!CI:CI,unique_contracts!$CB:$CB,$C126,unique_contracts!$D:$D,$D126)","v":0},{"$f":"SUMIFS(unique_contracts!CJ:CJ,unique_contracts!$CB:$CB,$C126,unique_contracts!$D:$D,$D126)","v":0},{"$f":"SUMIFS(unique_contracts!CK:CK,unique_contracts!$CB:$CB,$C126,unique_contracts!$D:$D,$D126)","v":0},{"$f":"SUMIFS(unique_contracts!CL:CL,unique_contracts!$CB:$CB,$C126,unique_contracts!$D:$D,$D126)","v":0},{"$f":"SUMIFS(unique_contracts!CM:CM,unique_contracts!$CB:$CB,$C126,unique_contracts!$D:$D,$D126)","v":0},{"$f":"SUMIFS(unique_contracts!CN:CN,unique_contracts!$CB:$CB,$C126,unique_contracts!$D:$D,$D126)","v":0},{"$f":"SUMIFS(unique_contracts!CO:CO,unique_contracts!$CB:$CB,$C126,unique_contracts!$D:$D,$D126)","v":0},{"$f":"SUMIFS(unique_contracts!CP:CP,unique_contracts!$CB:$CB,$C126,unique_contracts!$D:$D,$D126)","v":0},{"$f":"SUMIFS(unique_contracts!CQ:CQ,unique_contracts!$CB:$CB,$C126,unique_contracts!$D:$D,$D126)","v":0},{"$f":"SUMIFS(unique_contracts!CR:CR,unique_contracts!$CB:$CB,$C126,unique_contracts!$D:$D,$D126)","v":0},{"$f":"SUMIFS(unique_contracts!CS:CS,unique_contracts!$CB:$CB,$C126,unique_contracts!$D:$D,$D126)","v":0},{"$f":"SUMIFS(unique_contracts!CT:CT,unique_contracts!$CB:$CB,$C126,unique_contracts!$D:$D,$D126)","v":0},{"$f":"SUMIFS(unique_contracts!CU:CU,unique_contracts!$CB:$CB,$C126,unique_contracts!$D:$D,$D126)","v":0},{"$f":"SUMIFS(unique_contracts!CV:CV,unique_contracts!$CB:$CB,$C126,unique_contracts!$D:$D,$D126)","v":0}]
[null,null,"steam","PlannedExisting",{"$f":"SUMIFS(unique_contracts!CH:CH,unique_contracts!$CB:$CB,$C127,unique_contracts!$D:$D,$D127)","v":0},{"$f":"SUMIFS(unique_contracts!CI:CI,unique_contracts!$CB:$CB,$C127,unique_contracts!$D:$D,$D127)","v":0},{"$f":"SUMIFS(unique_contracts!CJ:CJ,unique_contracts!$CB:$CB,$C127,unique_contracts!$D:$D,$D127)","v":0},{"$f":"SUMIFS(unique_contracts!CK:CK,unique_contracts!$CB:$CB,$C127,unique_contracts!$D:$D,$D127)","v":0},{"$f":"SUMIFS(unique_contracts!CL:CL,unique_contracts!$CB:$CB,$C127,unique_contracts!$D:$D,$D127)","v":0},{"$f":"SUMIFS(unique_contracts!CM:CM,unique_contracts!$CB:$CB,$C127,unique_contracts!$D:$D,$D127)","v":0},{"$f":"SUMIFS(unique_contracts!CN:CN,unique_contracts!$CB:$CB,$C127,unique_contracts!$D:$D,$D127)","v":0},{"$f":"SUMIFS(unique_contracts!CO:CO,unique_contracts!$CB:$CB,$C127,unique_contracts!$D:$D,$D127)","v":0},{"$f":"SUMIFS(unique_contracts!CP:CP,unique_contracts!$CB:$CB,$C127,unique_contracts!$D:$D,$D127)","v":0},{"$f":"SUMIFS(unique_contracts!CQ:CQ,unique_contracts!$CB:$CB,$C127,unique_contracts!$D:$D,$D127)","v":0},{"$f":"SUMIFS(unique_contracts!CR:CR,unique_contracts!$CB:$CB,$C127,unique_contracts!$D:$D,$D127)","v":0},{"$f":"SUMIFS(unique_contracts!CS:CS,unique_contracts!$CB:$CB,$C127,unique_contracts!$D:$D,$D127)","v":0},{"$f":"SUMIFS(unique_contracts!CT:CT,unique_contracts!$CB:$CB,$C127,unique_contracts!$D:$D,$D127)","v":0},{"$f":"SUMIFS(unique_contracts!CU:CU,unique_contracts!$CB:$CB,$C127,unique_contracts!$D:$D,$D127)","v":0},{"$f":"SUMIFS(unique_contracts!CV:CV,unique_contracts!$CB:$CB,$C127,unique_contracts!$D:$D,$D127)","v":0}]
[null,null,"geothermal","PlannedExisting",{"$f":"SUMIFS(unique_contracts!CH:CH,unique_contracts!$CB:$CB,$C128,unique_contracts!$D:$D,$D128)","v":0},{"$f":"SUMIFS(unique_contracts!CI:CI,unique_contracts!$CB:$CB,$C128,unique_contracts!$D:$D,$D128)","v":0},{"$f":"SUMIFS(unique_contracts!CJ:CJ,unique_contracts!$CB:$CB,$C128,unique_contracts!$D:$D,$D128)","v":0},{"$f":"SUMIFS(unique_contracts!CK:CK,unique_contracts!$CB:$CB,$C128,unique_contracts!$D:$D,$D128)","v":0},{"$f":"SUMIFS(unique_contracts!CL:CL,unique_contracts!$CB:$CB,$C128,unique_contracts!$D:$D,$D128)","v":0},{"$f":"SUMIFS(unique_contracts!CM:CM,unique_contracts!$CB:$CB,$C128,unique_contracts!$D:$D,$D128)","v":0},{"$f":"SUMIFS(unique_contracts!CN:CN,unique_contracts!$CB:$CB,$C128,unique_contracts!$D:$D,$D128)","v":0},{"$f":"SUMIFS(unique_contracts!CO:CO,unique_contracts!$CB:$CB,$C128,unique_contracts!$D:$D,$D128)","v":0},{"$f":"SUMIFS(unique_contracts!CP:CP,unique_contracts!$CB:$CB,$C128,unique_contracts!$D:$D,$D128)","v":0},{"$f":"SUMIFS(unique_contracts!CQ:CQ,unique_contracts!$CB:$CB,$C128,unique_contracts!$D:$D,$D128)","v":0},{"$f":"SUMIFS(unique_contracts!CR:CR,unique_contracts!$CB:$CB,$C128,unique_contracts!$D:$D,$D128)","v":0},{"$f":"SUMIFS(unique_contracts!CS:CS,unique_contracts!$CB:$CB,$C128,unique_contracts!$D:$D,$D128)","v":0},{"$f":"SUMIFS(unique_contracts!CT:CT,unique_contracts!$CB:$CB,$C128,unique_contracts!$D:$D,$D128)","v":0},{"$f":"SUMIFS(unique_contracts!CU:CU,unique_contracts!$CB:$CB,$C128,unique_contracts!$D:$D,$D128)","v":0},{"$f":"SUMIFS(unique_contracts!CV:CV,unique_contracts!$CB:$CB,$C128,unique_contracts!$D:$D,$D128)","v":0}]
[null,null,"biomass_wood","PlannedExisting",{"$f":"SUMIFS(unique_contracts!CH:CH,unique_contracts!$CB:$CB,$C129,unique_contracts!$D:$D,$D129)","v":0},{"$f":"SUMIFS(unique_contracts!CI:CI,unique_contracts!$CB:$CB,$C129,unique_contracts!$D:$D,$D129)","v":0},{"$f":"SUMIFS(unique_contracts!CJ:CJ,unique_contracts!$CB:$CB,$C129,unique_contracts!$D:$D,$D129)","v":0},{"$f":"SUMIFS(unique_contracts!CK:CK,unique_contracts!$CB:$CB,$C129,unique_contracts!$D:$D,$D129)","v":0},{"$f":"SUMIFS(unique_contracts!CL:CL,unique_contracts!$CB:$CB,$C129,unique_contracts!$D:$D,$D129)","v":0},{"$f":"SUMIFS(unique_contracts!CM:CM,unique_contracts!$CB:$CB,$C129,unique_contracts!$D:$D,$D129)","v":0},{"$f":"SUMIFS(unique_contracts!CN:CN,unique_contracts!$CB:$CB,$C129,unique_contracts!$D:$D,$D129)","v":0},{"$f":"SUMIFS(unique_contracts!CO:CO,unique_contracts!$CB:$CB,$C129,unique_contracts!$D:$D,$D129)","v":0},{"$f":"SUMIFS(unique_contracts!CP:CP,unique_contracts!$CB:$CB,$C129,unique_contracts!$D:$D,$D129)","v":0},{"$f":"SUMIFS(unique_contracts!CQ:CQ,unique_contracts!$CB:$CB,$C129,unique_contracts!$D:$D,$D129)","v":0},{"$f":"SUMIFS(unique_contracts!CR:CR,unique_contracts!$CB:$CB,$C129,unique_contracts!$D:$D,$D129)","v":0},{"$f":"SUMIFS(unique_contracts!CS:CS,unique_contracts!$CB:$CB,$C129,unique_contracts!$D:$D,$D129)","v":0},{"$f":"SUMIFS(unique_contracts!CT:CT,unique_contracts!$CB:$CB,$C129,unique_contracts!$D:$D,$D129)","v":0},{"$f":"SUMIFS(unique_contracts!CU:CU,unique_contracts!$CB:$CB,$C129,unique_contracts!$D:$D,$D129)","v":0},{"$f":"SUMIFS(unique_contracts!CV:CV,unique_contracts!$CB:$CB,$C129,unique_contracts!$D:$D,$D129)","v":0}]
[null,null,"biogas","PlannedExisting",{"$f":"SUMIFS(unique_contracts!CH:CH,unique_contracts!$CB:$CB,$C130,unique_contracts!$D:$D,$D130)","v":0},{"$f":"SUMIFS(unique_contracts!CI:CI,unique_contracts!$CB:$CB,$C130,unique_contracts!$D:$D,$D130)","v":0},{"$f":"SUMIFS(unique_contracts!CJ:CJ,unique_contracts!$CB:$CB,$C130,unique_contracts!$D:$D,$D130)","v":0},{"$f":"SUMIFS(unique_contracts!CK:CK,unique_contracts!$CB:$CB,$C130,unique_contracts!$D:$D,$D130)","v":0},{"$f":"SUMIFS(unique_contracts!CL:CL,unique_contracts!$CB:$CB,$C130,unique_contracts!$D:$D,$D130)","v":0},{"$f":"SUMIFS(unique_contracts!CM:CM,unique_contracts!$CB:$CB,$C130,unique_contracts!$D:$D,$D130)","v":0},{"$f":"SUMIFS(unique_contracts!CN:CN,unique_contracts!$CB:$CB,$C130,unique_contracts!$D:$D,$D130)","v":0},{"$f":"SUMIFS(unique_contracts!CO:CO,unique_contracts!$CB:$CB,$C130,unique_contracts!$D:$D,$D130)","v":0},{"$f":"SUMIFS(unique_contracts!CP:CP,unique_contracts!$CB:$CB,$C130,unique_contracts!$D:$D,$D130)","v":0},{"$f":"SUMIFS(unique_contracts!CQ:CQ,unique_contracts!$CB:$CB,$C130,unique_contracts!$D:$D,$D130)","v":0},{"$f":"SUMIFS(unique_contracts!CR:CR,unique_contracts!$CB:$CB,$C130,unique_contracts!$D:$D,$D130)","v":0},{"$f":"SUMIFS(unique_contracts!CS:CS,unique_contracts!$CB:$CB,$C130,unique_contracts!$D:$D,$D130)","v":0},{"$f":"SUMIFS(unique_contracts!CT:CT,unique_contracts!$CB:$CB,$C130,unique_contracts!$D:$D,$D130)","v":0},{"$f":"SUMIFS(unique_contracts!CU:CU,unique_contracts!$CB:$CB,$C130,unique_contracts!$D:$D,$D130)","v":0},{"$f":"SUMIFS(unique_contracts!CV:CV,unique_contracts!$CB:$CB,$C130,unique_contracts!$D:$D,$D130)","v":0}]
[null,null,"gas_cc","PlannedExisting",{"$f":"SUMIFS(unique_contracts!CH:CH,unique_contracts!$CB:$CB,$C131,unique_contracts!$D:$D,$D131)","v":0},{"$f":"SUMIFS(unique_contracts!CI:CI,unique_contracts!$CB:$CB,$C131,unique_contracts!$D:$D,$D131)","v":0},{"$f":"SUMIFS(unique_contracts!CJ:CJ,unique_contracts!$CB:$CB,$C131,unique_contracts!$D:$D,$D131)","v":0},{"$f":"SUMIFS(unique_contracts!CK:CK,unique_contracts!$CB:$CB,$C131,unique_contracts!$D:$D,$D131)","v":0},{"$f":"SUMIFS(unique_contracts!CL:CL,unique_contracts!$CB:$CB,$C131,unique_contracts!$D:$D,$D131)","v":0},{"$f":"SUMIFS(unique_contracts!CM:CM,unique_contracts!$CB:$CB,$C131,unique_contracts!$D:$D,$D131)","v":0},{"$f":"SUMIFS(unique_contracts!CN:CN,unique_contracts!$CB:$CB,$C131,unique_contracts!$D:$D,$D131)","v":0},{"$f":"SUMIFS(unique_contracts!CO:CO,unique_contracts!$CB:$CB,$C131,unique_contracts!$D:$D,$D131)","v":0},{"$f":"SUMIFS(unique_contracts!CP:CP,unique_contracts!$CB:$CB,$C131,unique_contracts!$D:$D,$D131)","v":0},{"$f":"SUMIFS(unique_contracts!CQ:CQ,unique_contracts!$CB:$CB,$C131,unique_contracts!$D:$D,$D131)","v":0},{"$f":"SUMIFS(unique_contracts!CR:CR,unique_contracts!$CB:$CB,$C131,unique_contracts!$D:$D,$D131)","v":0},{"$f":"SUMIFS(unique_contracts!CS:CS,unique_contracts!$CB:$CB,$C131,unique_contracts!$D:$D,$D131)","v":0},{"$f":"SUMIFS(unique_contracts!CT:CT,unique_contracts!$CB:$CB,$C131,unique_contracts!$D:$D,$D131)","v":0},{"$f":"SUMIFS(unique_contracts!CU:CU,unique_contracts!$CB:$CB,$C131,unique_contracts!$D:$D,$D131)","v":0},{"$f":"SUMIFS(unique_contracts!CV:CV,unique_contracts!$CB:$CB,$C131,unique_contracts!$D:$D,$D131)","v":0}]
[null,null,"gas_ct","PlannedExisting",{"$f":"SUMIFS(unique_contracts!CH:CH,unique_contracts!$CB:$CB,$C132,unique_contracts!$D:$D,$D132)","v":0},{"$f":"SUMIFS(unique_contracts!CI:CI,unique_contracts!$CB:$CB,$C132,unique_contracts!$D:$D,$D132)","v":0},{"$f":"SUMIFS(unique_contracts!CJ:CJ,unique_contracts!$CB:$CB,$C132,unique_contracts!$D:$D,$D132)","v":0},{"$f":"SUMIFS(unique_contracts!CK:CK,unique_contracts!$CB:$CB,$C132,unique_contracts!$D:$D,$D132)","v":0},{"$f":"SUMIFS(unique_contracts!CL:CL,unique_contracts!$CB:$CB,$C132,unique_contracts!$D:$D,$D132)","v":0},{"$f":"SUMIFS(unique_contracts!CM:CM,unique_contracts!$CB:$CB,$C132,unique_contracts!$D:$D,$D132)","v":0},{"$f":"SUMIFS(unique_contracts!CN:CN,unique_contracts!$CB:$CB,$C132,unique_contracts!$D:$D,$D132)","v":0},{"$f":"SUMIFS(unique_contracts!CO:CO,unique_contracts!$CB:$CB,$C132,unique_contracts!$D:$D,$D132)","v":0},{"$f":"SUMIFS(unique_contracts!CP:CP,unique_contracts!$CB:$CB,$C132,unique_contracts!$D:$D,$D132)","v":0},{"$f":"SUMIFS(unique_contracts!CQ:CQ,unique_contracts!$CB:$CB,$C132,unique_contracts!$D:$D,$D132)","v":0},{"$f":"SUMIFS(unique_contracts!CR:CR,unique_contracts!$CB:$CB,$C132,unique_contracts!$D:$D,$D132)","v":0},{"$f":"SUMIFS(unique_contracts!CS:CS,unique_contracts!$CB:$CB,$C132,unique_contracts!$D:$D,$D132)","v":0},{"$f":"SUMIFS(unique_contracts!CT:CT,unique_contracts!$CB:$CB,$C132,unique_contracts!$D:$D,$D132)","v":0},{"$f":"SUMIFS(unique_contracts!CU:CU,unique_contracts!$CB:$CB,$C132,unique_contracts!$D:$D,$D132)","v":0},{"$f":"SUMIFS(unique_contracts!CV:CV,unique_contracts!$CB:$CB,$C132,unique_contracts!$D:$D,$D132)","v":0}]
[null,null,"ice","PlannedExisting",{"$f":"SUMIFS(unique_contracts!CH:CH,unique_contracts!$CB:$CB,$C133,unique_contracts!$D:$D,$D133)","v":0},{"$f":"SUMIFS(unique_contracts!CI:CI,unique_contracts!$CB:$CB,$C133,unique_contracts!$D:$D,$D133)","v":0},{"$f":"SUMIFS(unique_contracts!CJ:CJ,unique_contracts!$CB:$CB,$C133,unique_contracts!$D:$D,$D133)","v":0},{"$f":"SUMIFS(unique_contracts!CK:CK,unique_contracts!$CB:$CB,$C133,unique_contracts!$D:$D,$D133)","v":0},{"$f":"SUMIFS(unique_contracts!CL:CL,unique_contracts!$CB:$CB,$C133,unique_contracts!$D:$D,$D133)","v":0},{"$f":"SUMIFS(unique_contracts!CM:CM,unique_contracts!$CB:$CB,$C133,unique_contracts!$D:$D,$D133)","v":0},{"$f":"SUMIFS(unique_contracts!CN:CN,unique_contracts!$CB:$CB,$C133,unique_contracts!$D:$D,$D133)","v":0},{"$f":"SUMIFS(unique_contracts!CO:CO,unique_contracts!$CB:$CB,$C133,unique_contracts!$D:$D,$D133)","v":0},{"$f":"SUMIFS(unique_contracts!CP:CP,unique_contracts!$CB:$CB,$C133,unique_contracts!$D:$D,$D133)","v":0},{"$f":"SUMIFS(unique_contracts!CQ:CQ,unique_contracts!$CB:$CB,$C133,unique_contracts!$D:$D,$D133)","v":0},{"$f":"SUMIFS(unique_contracts!CR:CR,unique_contracts!$CB:$CB,$C133,unique_contracts!$D:$D,$D133)","v":0},{"$f":"SUMIFS(unique_contracts!CS:CS,unique_contracts!$CB:$CB,$C133,unique_contracts!$D:$D,$D133)","v":0},{"$f":"SUMIFS(unique_contracts!CT:CT,unique_contracts!$CB:$CB,$C133,unique_contracts!$D:$D,$D133)","v":0},{"$f":"SUMIFS(unique_contracts!CU:CU,unique_contracts!$CB:$CB,$C133,unique_contracts!$D:$D,$D133)","v":0},{"$f":"SUMIFS(unique_contracts!CV:CV,unique_contracts!$CB:$CB,$C133,unique_contracts!$D:$D,$D133)","v":0}]
[null,null,"nuclear","PlannedExisting",{"$f":"SUMIFS(unique_contracts!CH:CH,unique_contracts!$CB:$CB,$C134,unique_contracts!$D:$D,$D134)","v":0},{"$f":"SUMIFS(unique_contracts!CI:CI,unique_contracts!$CB:$CB,$C134,unique_contracts!$D:$D,$D134)","v":0},{"$f":"SUMIFS(unique_contracts!CJ:CJ,unique_contracts!$CB:$CB,$C134,unique_contracts!$D:$D,$D134)","v":0},{"$f":"SUMIFS(unique_contracts!CK:CK,unique_contracts!$CB:$CB,$C134,unique_contracts!$D:$D,$D134)","v":0},{"$f":"SUMIFS(unique_contracts!CL:CL,unique_contracts!$CB:$CB,$C134,unique_contracts!$D:$D,$D134)","v":0},{"$f":"SUMIFS(unique_contracts!CM:CM,unique_contracts!$CB:$CB,$C134,unique_contracts!$D:$D,$D134)","v":0},{"$f":"SUMIFS(unique_contracts!CN:CN,unique_contracts!$CB:$CB,$C134,unique_contracts!$D:$D,$D134)","v":0},{"$f":"SUMIFS(unique_contracts!CO:CO,unique_contracts!$CB:$CB,$C134,unique_contracts!$D:$D,$D134)","v":0},{"$f":"SUMIFS(unique_contracts!CP:CP,unique_contracts!$CB:$CB,$C134,unique_contracts!$D:$D,$D134)","v":0},{"$f":"SUMIFS(unique_contracts!CQ:CQ,unique_contracts!$CB:$CB,$C134,unique_contracts!$D:$D,$D134)","v":0},{"$f":"SUMIFS(unique_contracts!CR:CR,unique_contracts!$CB:$CB,$C134,unique_contracts!$D:$D,$D134)","v":0},{"$f":"SUMIFS(unique_contracts!CS:CS,unique_contracts!$CB:$CB,$C134,unique_contracts!$D:$D,$D134)","v":0},{"$f":"SUMIFS(unique_contracts!CT:CT,unique_contracts!$CB:$CB,$C134,unique_contracts!$D:$D,$D134)","v":0},{"$f":"SUMIFS(unique_contracts!CU:CU,unique_contracts!$CB:$CB,$C134,unique_contracts!$D:$D,$D134)","v":0},{"$f":"SUMIFS(unique_contracts!CV:CV,unique_contracts!$CB:$CB,$C134,unique_contracts!$D:$D,$D134)","v":0}]
[null,null,"coal","PlannedExisting",{"$f":"SUMIFS(unique_contracts!CH:CH,unique_contracts!$CB:$CB,$C135,unique_contracts!$D:$D,$D135)","v":0},{"$f":"SUMIFS(unique_contracts!CI:CI,unique_contracts!$CB:$CB,$C135,unique_contracts!$D:$D,$D135)","v":0},{"$f":"SUMIFS(unique_contracts!CJ:CJ,unique_contracts!$CB:$CB,$C135,unique_contracts!$D:$D,$D135)","v":0},{"$f":"SUMIFS(unique_contracts!CK:CK,unique_contracts!$CB:$CB,$C135,unique_contracts!$D:$D,$D135)","v":0},{"$f":"SUMIFS(unique_contracts!CL:CL,unique_contracts!$CB:$CB,$C135,unique_contracts!$D:$D,$D135)","v":0},{"$f":"SUMIFS(unique_contracts!CM:CM,unique_contracts!$CB:$CB,$C135,unique_contracts!$D:$D,$D135)","v":0},{"$f":"SUMIFS(unique_contracts!CN:CN,unique_contracts!$CB:$CB,$C135,unique_contracts!$D:$D,$D135)","v":0},{"$f":"SUMIFS(unique_contracts!CO:CO,unique_contracts!$CB:$CB,$C135,unique_contracts!$D:$D,$D135)","v":0},{"$f":"SUMIFS(unique_contracts!CP:CP,unique_contracts!$CB:$CB,$C135,unique_contracts!$D:$D,$D135)","v":0},{"$f":"SUMIFS(unique_contracts!CQ:CQ,unique_contracts!$CB:$CB,$C135,unique_contracts!$D:$D,$D135)","v":0},{"$f":"SUMIFS(unique_contracts!CR:CR,unique_contracts!$CB:$CB,$C135,unique_contracts!$D:$D,$D135)","v":0},{"$f":"SUMIFS(unique_contracts!CS:CS,unique_contracts!$CB:$CB,$C135,unique_contracts!$D:$D,$D135)","v":0},{"$f":"SUMIFS(unique_contracts!CT:CT,unique_contracts!$CB:$CB,$C135,unique_contracts!$D:$D,$D135)","v":0},{"$f":"SUMIFS(unique_contracts!CU:CU,unique_contracts!$CB:$CB,$C135,unique_contracts!$D:$D,$D135)","v":0},{"$f":"SUMIFS(unique_contracts!CV:CV,unique_contracts!$CB:$CB,$C135,unique_contracts!$D:$D,$D135)","v":0}]
[null,null,"cogen","PlannedExisting",{"$f":"SUMIFS(unique_contracts!CH:CH,unique_contracts!$CB:$CB,$C136,unique_contracts!$D:$D,$D136)","v":0},{"$f":"SUMIFS(unique_contracts!CI:CI,unique_contracts!$CB:$CB,$C136,unique_contracts!$D:$D,$D136)","v":0},{"$f":"SUMIFS(unique_contracts!CJ:CJ,unique_contracts!$CB:$CB,$C136,unique_contracts!$D:$D,$D136)","v":0},{"$f":"SUMIFS(unique_contracts!CK:CK,unique_contracts!$CB:$CB,$C136,unique_contracts!$D:$D,$D136)","v":0},{"$f":"SUMIFS(unique_contracts!CL:CL,unique_contracts!$CB:$CB,$C136,unique_contracts!$D:$D,$D136)","v":0},{"$f":"SUMIFS(unique_contracts!CM:CM,unique_contracts!$CB:$CB,$C136,unique_contracts!$D:$D,$D136)","v":0},{"$f":"SUMIFS(unique_contracts!CN:CN,unique_contracts!$CB:$CB,$C136,unique_contracts!$D:$D,$D136)","v":0},{"$f":"SUMIFS(unique_contracts!CO:CO,unique_contracts!$CB:$CB,$C136,unique_contracts!$D:$D,$D136)","v":0},{"$f":"SUMIFS(unique_contracts!CP:CP,unique_contracts!$CB:$CB,$C136,unique_contracts!$D:$D,$D136)","v":0},{"$f":"SUMIFS(unique_contracts!CQ:CQ,unique_contracts!$CB:$CB,$C136,unique_contracts!$D:$D,$D136)","v":0},{"$f":"SUMIFS(unique_contracts!CR:CR,unique_contracts!$CB:$CB,$C136,unique_contracts!$D:$D,$D136)","v":0},{"$f":"SUMIFS(unique_contracts!CS:CS,unique_contracts!$CB:$CB,$C136,unique_contracts!$D:$D,$D136)","v":0},{"$f":"SUMIFS(unique_contracts!CT:CT,unique_contracts!$CB:$CB,$C136,unique_contracts!$D:$D,$D136)","v":0},{"$f":"SUMIFS(unique_contracts!CU:CU,unique_contracts!$CB:$CB,$C136,unique_contracts!$D:$D,$D136)","v":0},{"$f":"SUMIFS(unique_contracts!CV:CV,unique_contracts!$CB:$CB,$C136,unique_contracts!$D:$D,$D136)","v":0}]
[null,null,"unspecified_import","PlannedExisting",{"$f":"SUMIFS(unique_contracts!CH:CH,unique_contracts!$CB:$CB,$C137,unique_contracts!$D:$D,$D137)","v":0},{"$f":"SUMIFS(unique_contracts!CI:CI,unique_contracts!$CB:$CB,$C137,unique_contracts!$D:$D,$D137)","v":0},{"$f":"SUMIFS(unique_contracts!CJ:CJ,unique_contracts!$CB:$CB,$C137,unique_contracts!$D:$D,$D137)","v":0},{"$f":"SUMIFS(unique_contracts!CK:CK,unique_contracts!$CB:$CB,$C137,unique_contracts!$D:$D,$D137)","v":0},{"$f":"SUMIFS(unique_contracts!CL:CL,unique_contracts!$CB:$CB,$C137,unique_contracts!$D:$D,$D137)","v":0},{"$f":"SUMIFS(unique_contracts!CM:CM,unique_contracts!$CB:$CB,$C137,unique_contracts!$D:$D,$D137)","v":0},{"$f":"SUMIFS(unique_contracts!CN:CN,unique_contracts!$CB:$CB,$C137,unique_contracts!$D:$D,$D137)","v":0},{"$f":"SUMIFS(unique_contracts!CO:CO,unique_contracts!$CB:$CB,$C137,unique_contracts!$D:$D,$D137)","v":0},{"$f":"SUMIFS(unique_contracts!CP:CP,unique_contracts!$CB:$CB,$C137,unique_contracts!$D:$D,$D137)","v":0},{"$f":"SUMIFS(unique_contracts!CQ:CQ,unique_contracts!$CB:$CB,$C137,unique_contracts!$D:$D,$D137)","v":0},{"$f":"SUMIFS(unique_contracts!CR:CR,unique_contracts!$CB:$CB,$C137,unique_contracts!$D:$D,$D137)","v":0},{"$f":"SUMIFS(unique_contracts!CS:CS,unique_contracts!$CB:$CB,$C137,unique_contracts!$D:$D,$D137)","v":0},{"$f":"SUMIFS(unique_contracts!CT:CT,unique_contracts!$CB:$CB,$C137,unique_contracts!$D:$D,$D137)","v":0},{"$f":"SUMIFS(unique_contracts!CU:CU,unique_contracts!$CB:$CB,$C137,unique_contracts!$D:$D,$D137)","v":0},{"$f":"SUMIFS(unique_contracts!CV:CV,unique_contracts!$CB:$CB,$C137,unique_contracts!$D:$D,$D137)","v":0}]
[null,null,"hybrid","PlannedNew",{"$f":"SUMIFS(unique_contracts!CH:CH,unique_contracts!$CB:$CB,$C138,unique_contracts!$D:$D,$D138)","v":0},{"$f":"SUMIFS(unique_contracts!CI:CI,unique_contracts!$CB:$CB,$C138,unique_contracts!$D:$D,$D138)","v":0},{"$f":"SUMIFS(unique_contracts!CJ:CJ,unique_contracts!$CB:$CB,$C138,unique_contracts!$D:$D,$D138)","v":0},{"$f":"SUMIFS(unique_contracts!CK:CK,unique_contracts!$CB:$CB,$C138,unique_contracts!$D:$D,$D138)","v":0},{"$f":"SUMIFS(unique_contracts!CL:CL,unique_contracts!$CB:$CB,$C138,unique_contracts!$D:$D,$D138)","v":0},{"$f":"SUMIFS(unique_contracts!CM:CM,unique_contracts!$CB:$CB,$C138,unique_contracts!$D:$D,$D138)","v":0},{"$f":"SUMIFS(unique_contracts!CN:CN,unique_contracts!$CB:$CB,$C138,unique_contracts!$D:$D,$D138)","v":0},{"$f":"SUMIFS(unique_contracts!CO:CO,unique_contracts!$CB:$CB,$C138,unique_contracts!$D:$D,$D138)","v":0},{"$f":"SUMIFS(unique_contracts!CP:CP,unique_contracts!$CB:$CB,$C138,unique_contracts!$D:$D,$D138)","v":0},{"$f":"SUMIFS(unique_contracts!CQ:CQ,unique_contracts!$CB:$CB,$C138,unique_contracts!$D:$D,$D138)","v":0},{"$f":"SUMIFS(unique_contracts!CR:CR,unique_contracts!$CB:$CB,$C138,unique_contracts!$D:$D,$D138)","v":0},{"$f":"SUMIFS(unique_contracts!CS:CS,unique_contracts!$CB:$CB,$C138,unique_contracts!$D:$D,$D138)","v":0},{"$f":"SUMIFS(unique_contracts!CT:CT,unique_contracts!$CB:$CB,$C138,unique_contracts!$D:$D,$D138)","v":0},{"$f":"SUMIFS(unique_contracts!CU:CU,unique_contracts!$CB:$CB,$C138,unique_contracts!$D:$D,$D138)","v":0},{"$f":"SUMIFS(unique_contracts!CV:CV,unique_contracts!$CB:$CB,$C138,unique_contracts!$D:$D,$D138)","v":0}]
[null,null,"in_state_wind","PlannedNew",{"$f":"SUMIFS(unique_contracts!CH:CH,unique_contracts!$CB:$CB,$C139,unique_contracts!$D:$D,$D139)","v":0},{"$f":"SUMIFS(unique_contracts!CI:CI,unique_contracts!$CB:$CB,$C139,unique_contracts!$D:$D,$D139)","v":0},{"$f":"SUMIFS(unique_contracts!CJ:CJ,unique_contracts!$CB:$CB,$C139,unique_contracts!$D:$D,$D139)","v":0},{"$f":"SUMIFS(unique_contracts!CK:CK,unique_contracts!$CB:$CB,$C139,unique_contracts!$D:$D,$D139)","v":0},{"$f":"SUMIFS(unique_contracts!CL:CL,unique_contracts!$CB:$CB,$C139,unique_contracts!$D:$D,$D139)","v":0},{"$f":"SUMIFS(unique_contracts!CM:CM,unique_contracts!$CB:$CB,$C139,unique_contracts!$D:$D,$D139)","v":0},{"$f":"SUMIFS(unique_contracts!CN:CN,unique_contracts!$CB:$CB,$C139,unique_contracts!$D:$D,$D139)","v":0},{"$f":"SUMIFS(unique_contracts!CO:CO,unique_contracts!$CB:$CB,$C139,unique_contracts!$D:$D,$D139)","v":0},{"$f":"SUMIFS(unique_contracts!CP:CP,unique_contracts!$CB:$CB,$C139,unique_contracts!$D:$D,$D139)","v":0},{"$f":"SUMIFS(unique_contracts!CQ:CQ,unique_contracts!$CB:$CB,$C139,unique_contracts!$D:$D,$D139)","v":0},{"$f":"SUMIFS(unique_contracts!CR:CR,unique_contracts!$CB:$CB,$C139,unique_contracts!$D:$D,$D139)","v":0},{"$f":"SUMIFS(unique_contracts!CS:CS,unique_contracts!$CB:$CB,$C139,unique_contracts!$D:$D,$D139)","v":0},{"$f":"SUMIFS(unique_contracts!CT:CT,unique_contracts!$CB:$CB,$C139,unique_contracts!$D:$D,$D139)","v":0},{"$f":"SUMIFS(unique_contracts!CU:CU,unique_contracts!$CB:$CB,$C139,unique_contracts!$D:$D,$D139)","v":0},{"$f":"SUMIFS(unique_contracts!CV:CV,unique_contracts!$CB:$CB,$C139,unique_contracts!$D:$D,$D139)","v":0}]
[null,null,"out_of_state_wind","PlannedNew",{"$f":"SUMIFS(unique_contracts!CH:CH,unique_contracts!$CB:$CB,$C140,unique_contracts!$D:$D,$D140)","v":0},{"$f":"SUMIFS(unique_contracts!CI:CI,unique_contracts!$CB:$CB,$C140,unique_contracts!$D:$D,$D140)","v":0},{"$f":"SUMIFS(unique_contracts!CJ:CJ,unique_contracts!$CB:$CB,$C140,unique_contracts!$D:$D,$D140)","v":0},{"$f":"SUMIFS(unique_contracts!CK:CK,unique_contracts!$CB:$CB,$C140,unique_contracts!$D:$D,$D140)","v":0},{"$f":"SUMIFS(unique_contracts!CL:CL,unique_contracts!$CB:$CB,$C140,unique_contracts!$D:$D,$D140)","v":0},{"$f":"SUMIFS(unique_contracts!CM:CM,unique_contracts!$CB:$CB,$C140,unique_contracts!$D:$D,$D140)","v":0},{"$f":"SUMIFS(unique_contracts!CN:CN,unique_contracts!$CB:$CB,$C140,unique_contracts!$D:$D,$D140)","v":0},{"$f":"SUMIFS(unique_contracts!CO:CO,unique_contracts!$CB:$CB,$C140,unique_contracts!$D:$D,$D140)","v":0},{"$f":"SUMIFS(unique_contracts!CP:CP,unique_contracts!$CB:$CB,$C140,unique_contracts!$D:$D,$D140)","v":0},{"$f":"SUMIFS(unique_contracts!CQ:CQ,unique_contracts!$CB:$CB,$C140,unique_contracts!$D:$D,$D140)","v":0},{"$f":"SUMIFS(unique_contracts!CR:CR,unique_contracts!$CB:$CB,$C140,unique_contracts!$D:$D,$D140)","v":0},{"$f":"SUMIFS(unique_contracts!CS:CS,unique_contracts!$CB:$CB,$C140,unique_contracts!$D:$D,$D140)","v":0},{"$f":"SUMIFS(unique_contracts!CT:CT,unique_contracts!$CB:$CB,$C140,unique_contracts!$D:$D,$D140)","v":0},{"$f":"SUMIFS(unique_contracts!CU:CU,unique_contracts!$CB:$CB,$C140,unique_contracts!$D:$D,$D140)","v":0},{"$f":"SUMIFS(unique_contracts!CV:CV,unique_contracts!$CB:$CB,$C140,unique_contracts!$D:$D,$D140)","v":0}]
[null,null,"offshore_wind","PlannedNew",{"$f":"SUMIFS(unique_contracts!CH:CH,unique_contracts!$CB:$CB,$C141,unique_contracts!$D:$D,$D141)","v":0},{"$f":"SUMIFS(unique_contracts!CI:CI,unique_contracts!$CB:$CB,$C141,unique_contracts!$D:$D,$D141)","v":0},{"$f":"SUMIFS(unique_contracts!CJ:CJ,unique_contracts!$CB:$CB,$C141,unique_contracts!$D:$D,$D141)","v":0},{"$f":"SUMIFS(unique_contracts!CK:CK,unique_contracts!$CB:$CB,$C141,unique_contracts!$D:$D,$D141)","v":0},{"$f":"SUMIFS(unique_contracts!CL:CL,unique_contracts!$CB:$CB,$C141,unique_contracts!$D:$D,$D141)","v":0},{"$f":"SUMIFS(unique_contracts!CM:CM,unique_contracts!$CB:$CB,$C141,unique_contracts!$D:$D,$D141)","v":0},{"$f":"SUMIFS(unique_contracts!CN:CN,unique_contracts!$CB:$CB,$C141,unique_contracts!$D:$D,$D141)","v":0},{"$f":"SUMIFS(unique_contracts!CO:CO,unique_contracts!$CB:$CB,$C141,unique_contracts!$D:$D,$D141)","v":0},{"$f":"SUMIFS(unique_contracts!CP:CP,unique_contracts!$CB:$CB,$C141,unique_contracts!$D:$D,$D141)","v":0},{"$f":"SUMIFS(unique_contracts!CQ:CQ,unique_contracts!$CB:$CB,$C141,unique_contracts!$D:$D,$D141)","v":0},{"$f":"SUMIFS(unique_contracts!CR:CR,unique_contracts!$CB:$CB,$C141,unique_contracts!$D:$D,$D141)","v":0},{"$f":"SUMIFS(unique_contracts!CS:CS,unique_contracts!$CB:$CB,$C141,unique_contracts!$D:$D,$D141)","v":0},{"$f":"SUMIFS(unique_contracts!CT:CT,unique_contracts!$CB:$CB,$C141,unique_contracts!$D:$D,$D141)","v":0},{"$f":"SUMIFS(unique_contracts!CU:CU,unique_contracts!$CB:$CB,$C141,unique_contracts!$D:$D,$D141)","v":0},{"$f":"SUMIFS(unique_contracts!CV:CV,unique_contracts!$CB:$CB,$C141,unique_contracts!$D:$D,$D141)","v":0}]
[null,null,"utility_pv","PlannedNew",{"$f":"SUMIFS(unique_contracts!CH:CH,unique_contracts!$CB:$CB,$C142,unique_contracts!$D:$D,$D142)","v":0},{"$f":"SUMIFS(unique_contracts!CI:CI,unique_contracts!$CB:$CB,$C142,unique_contracts!$D:$D,$D142)","v":0},{"$f":"SUMIFS(unique_contracts!CJ:CJ,unique_contracts!$CB:$CB,$C142,unique_contracts!$D:$D,$D142)","v":0},{"$f":"SUMIFS(unique_contracts!CK:CK,unique_contracts!$CB:$CB,$C142,unique_contracts!$D:$D,$D142)","v":0},{"$f":"SUMIFS(unique_contracts!CL:CL,unique_contracts!$CB:$CB,$C142,unique_contracts!$D:$D,$D142)","v":0},{"$f":"SUMIFS(unique_contracts!CM:CM,unique_contracts!$CB:$CB,$C142,unique_contracts!$D:$D,$D142)","v":0},{"$f":"SUMIFS(unique_contracts!CN:CN,unique_contracts!$CB:$CB,$C142,unique_contracts!$D:$D,$D142)","v":0},{"$f":"SUMIFS(unique_contracts!CO:CO,unique_contracts!$CB:$CB,$C142,unique_contracts!$D:$D,$D142)","v":0},{"$f":"SUMIFS(unique_contracts!CP:CP,unique_contracts!$CB:$CB,$C142,unique_contracts!$D:$D,$D142)","v":0},{"$f":"SUMIFS(unique_contracts!CQ:CQ,unique_contracts!$CB:$CB,$C142,unique_contracts!$D:$D,$D142)","v":0},{"$f":"SUMIFS(unique_contracts!CR:CR,unique_contracts!$CB:$CB,$C142,unique_contracts!$D:$D,$D142)","v":0},{"$f":"SUMIFS(unique_contracts!CS:CS,unique_contracts!$CB:$CB,$C142,unique_contracts!$D:$D,$D142)","v":0},{"$f":"SUMIFS(unique_contracts!CT:CT,unique_contracts!$CB:$CB,$C142,unique_contracts!$D:$D,$D142)","v":0},{"$f":"SUMIFS(unique_contracts!CU:CU,unique_contracts!$CB:$CB,$C142,unique_contracts!$D:$D,$D142)","v":0},{"$f":"SUMIFS(unique_contracts!CV:CV,unique_contracts!$CB:$CB,$C142,unique_contracts!$D:$D,$D142)","v":0}]
[null,null,"btm_pv","PlannedNew",{"$f":"SUMIFS(unique_contracts!CH:CH,unique_contracts!$CB:$CB,$C143,unique_contracts!$D:$D,$D143)","v":0},{"$f":"SUMIFS(unique_contracts!CI:CI,unique_contracts!$CB:$CB,$C143,unique_contracts!$D:$D,$D143)","v":0},{"$f":"SUMIFS(unique_contracts!CJ:CJ,unique_contracts!$CB:$CB,$C143,unique_contracts!$D:$D,$D143)","v":0},{"$f":"SUMIFS(unique_contracts!CK:CK,unique_contracts!$CB:$CB,$C143,unique_contracts!$D:$D,$D143)","v":0},{"$f":"SUMIFS(unique_contracts!CL:CL,unique_contracts!$CB:$CB,$C143,unique_contracts!$D:$D,$D143)","v":0},{"$f":"SUMIFS(unique_contracts!CM:CM,unique_contracts!$CB:$CB,$C143,unique_contracts!$D:$D,$D143)","v":0},{"$f":"SUMIFS(unique_contracts!CN:CN,unique_contracts!$CB:$CB,$C143,unique_contracts!$D:$D,$D143)","v":0},{"$f":"SUMIFS(unique_contracts!CO:CO,unique_contracts!$CB:$CB,$C143,unique_contracts!$D:$D,$D143)","v":0},{"$f":"SUMIFS(unique_contracts!CP:CP,unique_contracts!$CB:$CB,$C143,unique_contracts!$D:$D,$D143)","v":0},{"$f":"SUMIFS(unique_contracts!CQ:CQ,unique_contracts!$CB:$CB,$C143,unique_contracts!$D:$D,$D143)","v":0},{"$f":"SUMIFS(unique_contracts!CR:CR,unique_contracts!$CB:$CB,$C143,unique_contracts!$D:$D,$D143)","v":0},{"$f":"SUMIFS(unique_contracts!CS:CS,unique_contracts!$CB:$CB,$C143,unique_contracts!$D:$D,$D143)","v":0},{"$f":"SUMIFS(unique_contracts!CT:CT,unique_contracts!$CB:$CB,$C143,unique_contracts!$D:$D,$D143)","v":0},{"$f":"SUMIFS(unique_contracts!CU:CU,unique_contracts!$CB:$CB,$C143,unique_contracts!$D:$D,$D143)","v":0},{"$f":"SUMIFS(unique_contracts!CV:CV,unique_contracts!$CB:$CB,$C143,unique_contracts!$D:$D,$D143)","v":0}]
[null,null,"4hr_batteries","PlannedNew",{"$f":"SUMIFS(unique_contracts!CH:CH,unique_contracts!$CB:$CB,$C144,unique_contracts!$D:$D,$D144)","v":0},{"$f":"SUMIFS(unique_contracts!CI:CI,unique_contracts!$CB:$CB,$C144,unique_contracts!$D:$D,$D144)","v":0},{"$f":"SUMIFS(unique_contracts!CJ:CJ,unique_contracts!$CB:$CB,$C144,unique_contracts!$D:$D,$D144)","v":0},{"$f":"SUMIFS(unique_contracts!CK:CK,unique_contracts!$CB:$CB,$C144,unique_contracts!$D:$D,$D144)","v":0},{"$f":"SUMIFS(unique_contracts!CL:CL,unique_contracts!$CB:$CB,$C144,unique_contracts!$D:$D,$D144)","v":0},{"$f":"SUMIFS(unique_contracts!CM:CM,unique_contracts!$CB:$CB,$C144,unique_contracts!$D:$D,$D144)","v":0},{"$f":"SUMIFS(unique_contracts!CN:CN,unique_contracts!$CB:$CB,$C144,unique_contracts!$D:$D,$D144)","v":0},{"$f":"SUMIFS(unique_contracts!CO:CO,unique_contracts!$CB:$CB,$C144,unique_contracts!$D:$D,$D144)","v":0},{"$f":"SUMIFS(unique_contracts!CP:CP,unique_contracts!$CB:$CB,$C144,unique_contracts!$D:$D,$D144)","v":0},{"$f":"SUMIFS(unique_contracts!CQ:CQ,unique_contracts!$CB:$CB,$C144,unique_contracts!$D:$D,$D144)","v":0},{"$f":"SUMIFS(unique_contracts!CR:CR,unique_contracts!$CB:$CB,$C144,unique_contracts!$D:$D,$D144)","v":0},{"$f":"SUMIFS(unique_contracts!CS:CS,unique_contracts!$CB:$CB,$C144,unique_contracts!$D:$D,$D144)","v":0},{"$f":"SUMIFS(unique_contracts!CT:CT,unique_contracts!$CB:$CB,$C144,unique_contracts!$D:$D,$D144)","v":0},{"$f":"SUMIFS(unique_contracts!CU:CU,unique_contracts!$CB:$CB,$C144,unique_contracts!$D:$D,$D144)","v":0},{"$f":"SUMIFS(unique_contracts!CV:CV,unique_contracts!$CB:$CB,$C144,unique_contracts!$D:$D,$D144)","v":0}]
[null,null,"8hr_batteries","PlannedNew",{"$f":"SUMIFS(unique_contracts!CH:CH,unique_contracts!$CB:$CB,$C145,unique_contracts!$D:$D,$D145)","v":0},{"$f":"SUMIFS(unique_contracts!CI:CI,unique_contracts!$CB:$CB,$C145,unique_contracts!$D:$D,$D145)","v":0},{"$f":"SUMIFS(unique_contracts!CJ:CJ,unique_contracts!$CB:$CB,$C145,unique_contracts!$D:$D,$D145)","v":0},{"$f":"SUMIFS(unique_contracts!CK:CK,unique_contracts!$CB:$CB,$C145,unique_contracts!$D:$D,$D145)","v":0},{"$f":"SUMIFS(unique_contracts!CL:CL,unique_contracts!$CB:$CB,$C145,unique_contracts!$D:$D,$D145)","v":0},{"$f":"SUMIFS(unique_contracts!CM:CM,unique_contracts!$CB:$CB,$C145,unique_contracts!$D:$D,$D145)","v":0},{"$f":"SUMIFS(unique_contracts!CN:CN,unique_contracts!$CB:$CB,$C145,unique_contracts!$D:$D,$D145)","v":0},{"$f":"SUMIFS(unique_contracts!CO:CO,unique_contracts!$CB:$CB,$C145,unique_contracts!$D:$D,$D145)","v":0},{"$f":"SUMIFS(unique_contracts!CP:CP,unique_contracts!$CB:$CB,$C145,unique_contracts!$D:$D,$D145)","v":0},{"$f":"SUMIFS(unique_contracts!CQ:CQ,unique_contracts!$CB:$CB,$C145,unique_contracts!$D:$D,$D145)","v":0},{"$f":"SUMIFS(unique_contracts!CR:CR,unique_contracts!$CB:$CB,$C145,unique_contracts!$D:$D,$D145)","v":0},{"$f":"SUMIFS(unique_contracts!CS:CS,unique_contracts!$CB:$CB,$C145,unique_contracts!$D:$D,$D145)","v":0},{"$f":"SUMIFS(unique_contracts!CT:CT,unique_contracts!$CB:$CB,$C145,unique_contracts!$D:$D,$D145)","v":0},{"$f":"SUMIFS(unique_contracts!CU:CU,unique_contracts!$CB:$CB,$C145,unique_contracts!$D:$D,$D145)","v":0},{"$f":"SUMIFS(unique_contracts!CV:CV,unique_contracts!$CB:$CB,$C145,unique_contracts!$D:$D,$D145)","v":0}]
[null,null,"demand_response","PlannedNew",{"$f":"SUMIFS(unique_contracts!CH:CH,unique_contracts!$CB:$CB,$C146,unique_contracts!$D:$D,$D146)","v":0},{"$f":"SUMIFS(unique_contracts!CI:CI,unique_contracts!$CB:$CB,$C146,unique_contracts!$D:$D,$D146)","v":0},{"$f":"SUMIFS(unique_contracts!CJ:CJ,unique_contracts!$CB:$CB,$C146,unique_contracts!$D:$D,$D146)","v":0},{"$f":"SUMIFS(unique_contracts!CK:CK,unique_contracts!$CB:$CB,$C146,unique_contracts!$D:$D,$D146)","v":0},{"$f":"SUMIFS(unique_contracts!CL:CL,unique_contracts!$CB:$CB,$C146,unique_contracts!$D:$D,$D146)","v":0},{"$f":"SUMIFS(unique_contracts!CM:CM,unique_contracts!$CB:$CB,$C146,unique_contracts!$D:$D,$D146)","v":0},{"$f":"SUMIFS(unique_contracts!CN:CN,unique_contracts!$CB:$CB,$C146,unique_contracts!$D:$D,$D146)","v":0},{"$f":"SUMIFS(unique_contracts!CO:CO,unique_contracts!$CB:$CB,$C146,unique_contracts!$D:$D,$D146)","v":0},{"$f":"SUMIFS(unique_contracts!CP:CP,unique_contracts!$CB:$CB,$C146,unique_contracts!$D:$D,$D146)","v":0},{"$f":"SUMIFS(unique_contracts!CQ:CQ,unique_contracts!$CB:$CB,$C146,unique_contracts!$D:$D,$D146)","v":0},{"$f":"SUMIFS(unique_contracts!CR:CR,unique_contracts!$CB:$CB,$C146,unique_contracts!$D:$D,$D146)","v":0},{"$f":"SUMIFS(unique_contracts!CS:CS,unique_contracts!$CB:$CB,$C146,unique_contracts!$D:$D,$D146)","v":0},{"$f":"SUMIFS(unique_contracts!CT:CT,unique_contracts!$CB:$CB,$C146,unique_contracts!$D:$D,$D146)","v":0},{"$f":"SUMIFS(unique_contracts!CU:CU,unique_contracts!$CB:$CB,$C146,unique_contracts!$D:$D,$D146)","v":0},{"$f":"SUMIFS(unique_contracts!CV:CV,unique_contracts!$CB:$CB,$C146,unique_contracts!$D:$D,$D146)","v":0}]
[null,null,"12hr_pumped_storage","PlannedNew",{"$f":"SUMIFS(unique_contracts!CH:CH,unique_contracts!$CB:$CB,$C147,unique_contracts!$D:$D,$D147)","v":0},{"$f":"SUMIFS(unique_contracts!CI:CI,unique_contracts!$CB:$CB,$C147,unique_contracts!$D:$D,$D147)","v":0},{"$f":"SUMIFS(unique_contracts!CJ:CJ,unique_contracts!$CB:$CB,$C147,unique_contracts!$D:$D,$D147)","v":0},{"$f":"SUMIFS(unique_contracts!CK:CK,unique_contracts!$CB:$CB,$C147,unique_contracts!$D:$D,$D147)","v":0},{"$f":"SUMIFS(unique_contracts!CL:CL,unique_contracts!$CB:$CB,$C147,unique_contracts!$D:$D,$D147)","v":0},{"$f":"SUMIFS(unique_contracts!CM:CM,unique_contracts!$CB:$CB,$C147,unique_contracts!$D:$D,$D147)","v":0},{"$f":"SUMIFS(unique_contracts!CN:CN,unique_contracts!$CB:$CB,$C147,unique_contracts!$D:$D,$D147)","v":0},{"$f":"SUMIFS(unique_contracts!CO:CO,unique_contracts!$CB:$CB,$C147,unique_contracts!$D:$D,$D147)","v":0},{"$f":"SUMIFS(unique_contracts!CP:CP,unique_contracts!$CB:$CB,$C147,unique_contracts!$D:$D,$D147)","v":0},{"$f":"SUMIFS(unique_contracts!CQ:CQ,unique_contracts!$CB:$CB,$C147,unique_contracts!$D:$D,$D147)","v":0},{"$f":"SUMIFS(unique_contracts!CR:CR,unique_contracts!$CB:$CB,$C147,unique_contracts!$D:$D,$D147)","v":0},{"$f":"SUMIFS(unique_contracts!CS:CS,unique_contracts!$CB:$CB,$C147,unique_contracts!$D:$D,$D147)","v":0},{"$f":"SUMIFS(unique_contracts!CT:CT,unique_contracts!$CB:$CB,$C147,unique_contracts!$D:$D,$D147)","v":0},{"$f":"SUMIFS(unique_contracts!CU:CU,unique_contracts!$CB:$CB,$C147,unique_contracts!$D:$D,$D147)","v":0},{"$f":"SUMIFS(unique_contracts!CV:CV,unique_contracts!$CB:$CB,$C147,unique_contracts!$D:$D,$D147)","v":0}]
[null,null,"small_hydro","PlannedNew",{"$f":"SUMIFS(unique_contracts!CH:CH,unique_contracts!$CB:$CB,$C148,unique_contracts!$D:$D,$D148)","v":0},{"$f":"SUMIFS(unique_contracts!CI:CI,unique_contracts!$CB:$CB,$C148,unique_contracts!$D:$D,$D148)","v":0},{"$f":"SUMIFS(unique_contracts!CJ:CJ,unique_contracts!$CB:$CB,$C148,unique_contracts!$D:$D,$D148)","v":0},{"$f":"SUMIFS(unique_contracts!CK:CK,unique_contracts!$CB:$CB,$C148,unique_contracts!$D:$D,$D148)","v":0},{"$f":"SUMIFS(unique_contracts!CL:CL,unique_contracts!$CB:$CB,$C148,unique_contracts!$D:$D,$D148)","v":0},{"$f":"SUMIFS(unique_contracts!CM:CM,unique_contracts!$CB:$CB,$C148,unique_contracts!$D:$D,$D148)","v":0},{"$f":"SUMIFS(unique_contracts!CN:CN,unique_contracts!$CB:$CB,$C148,unique_contracts!$D:$D,$D148)","v":0},{"$f":"SUMIFS(unique_contracts!CO:CO,unique_contracts!$CB:$CB,$C148,unique_contracts!$D:$D,$D148)","v":0},{"$f":"SUMIFS(unique_contracts!CP:CP,unique_contracts!$CB:$CB,$C148,unique_contracts!$D:$D,$D148)","v":0},{"$f":"SUMIFS(unique_contracts!CQ:CQ,unique_contracts!$CB:$CB,$C148,unique_contracts!$D:$D,$D148)","v":0},{"$f":"SUMIFS(unique_contracts!CR:CR,unique_contracts!$CB:$CB,$C148,unique_contracts!$D:$D,$D148)","v":0},{"$f":"SUMIFS(unique_contracts!CS:CS,unique_contracts!$CB:$CB,$C148,unique_contracts!$D:$D,$D148)","v":0},{"$f":"SUMIFS(unique_contracts!CT:CT,unique_contracts!$CB:$CB,$C148,unique_contracts!$D:$D,$D148)","v":0},{"$f":"SUMIFS(unique_contracts!CU:CU,unique_contracts!$CB:$CB,$C148,unique_contracts!$D:$D,$D148)","v":0},{"$f":"SUMIFS(unique_contracts!CV:CV,unique_contracts!$CB:$CB,$C148,unique_contracts!$D:$D,$D148)","v":0}]
[null,null,"hydro","PlannedNew",{"$f":"SUMIFS(unique_contracts!CH:CH,unique_contracts!$CB:$CB,$C149,unique_contracts!$D:$D,$D149)","v":0},{"$f":"SUMIFS(unique_contracts!CI:CI,unique_contracts!$CB:$CB,$C149,unique_contracts!$D:$D,$D149)","v":0},{"$f":"SUMIFS(unique_contracts!CJ:CJ,unique_contracts!$CB:$CB,$C149,unique_contracts!$D:$D,$D149)","v":0},{"$f":"SUMIFS(unique_contracts!CK:CK,unique_contracts!$CB:$CB,$C149,unique_contracts!$D:$D,$D149)","v":0},{"$f":"SUMIFS(unique_contracts!CL:CL,unique_contracts!$CB:$CB,$C149,unique_contracts!$D:$D,$D149)","v":0},{"$f":"SUMIFS(unique_contracts!CM:CM,unique_contracts!$CB:$CB,$C149,unique_contracts!$D:$D,$D149)","v":0},{"$f":"SUMIFS(unique_contracts!CN:CN,unique_contracts!$CB:$CB,$C149,unique_contracts!$D:$D,$D149)","v":0},{"$f":"SUMIFS(unique_contracts!CO:CO,unique_contracts!$CB:$CB,$C149,unique_contracts!$D:$D,$D149)","v":0},{"$f":"SUMIFS(unique_contracts!CP:CP,unique_contracts!$CB:$CB,$C149,unique_contracts!$D:$D,$D149)","v":0},{"$f":"SUMIFS(unique_contracts!CQ:CQ,unique_contracts!$CB:$CB,$C149,unique_contracts!$D:$D,$D149)","v":0},{"$f":"SUMIFS(unique_contracts!CR:CR,unique_contracts!$CB:$CB,$C149,unique_contracts!$D:$D,$D149)","v":0},{"$f":"SUMIFS(unique_contracts!CS:CS,unique_contracts!$CB:$CB,$C149,unique_contracts!$D:$D,$D149)","v":0},{"$f":"SUMIFS(unique_contracts!CT:CT,unique_contracts!$CB:$CB,$C149,unique_contracts!$D:$D,$D149)","v":0},{"$f":"SUMIFS(unique_contracts!CU:CU,unique_contracts!$CB:$CB,$C149,unique_contracts!$D:$D,$D149)","v":0},{"$f":"SUMIFS(unique_contracts!CV:CV,unique_contracts!$CB:$CB,$C149,unique_contracts!$D:$D,$D149)","v":0}]
[null,null,"steam","PlannedNew",{"$f":"SUMIFS(unique_contracts!CH:CH,unique_contracts!$CB:$CB,$C150,unique_contracts!$D:$D,$D150)","v":0},{"$f":"SUMIFS(unique_contracts!CI:CI,unique_contracts!$CB:$CB,$C150,unique_contracts!$D:$D,$D150)","v":0},{"$f":"SUMIFS(unique_contracts!CJ:CJ,unique_contracts!$CB:$CB,$C150,unique_contracts!$D:$D,$D150)","v":0},{"$f":"SUMIFS(unique_contracts!CK:CK,unique_contracts!$CB:$CB,$C150,unique_contracts!$D:$D,$D150)","v":0},{"$f":"SUMIFS(unique_contracts!CL:CL,unique_contracts!$CB:$CB,$C150,unique_contracts!$D:$D,$D150)","v":0},{"$f":"SUMIFS(unique_contracts!CM:CM,unique_contracts!$CB:$CB,$C150,unique_contracts!$D:$D,$D150)","v":0},{"$f":"SUMIFS(unique_contracts!CN:CN,unique_contracts!$CB:$CB,$C150,unique_contracts!$D:$D,$D150)","v":0},{"$f":"SUMIFS(unique_contracts!CO:CO,unique_contracts!$CB:$CB,$C150,unique_contracts!$D:$D,$D150)","v":0},{"$f":"SUMIFS(unique_contracts!CP:CP,unique_contracts!$CB:$CB,$C150,unique_contracts!$D:$D,$D150)","v":0},{"$f":"SUMIFS(unique_contracts!CQ:CQ,unique_contracts!$CB:$CB,$C150,unique_contracts!$D:$D,$D150)","v":0},{"$f":"SUMIFS(unique_contracts!CR:CR,unique_contracts!$CB:$CB,$C150,unique_contracts!$D:$D,$D150)","v":0},{"$f":"SUMIFS(unique_contracts!CS:CS,unique_contracts!$CB:$CB,$C150,unique_contracts!$D:$D,$D150)","v":0},{"$f":"SUMIFS(unique_contracts!CT:CT,unique_contracts!$CB:$CB,$C150,unique_contracts!$D:$D,$D150)","v":0},{"$f":"SUMIFS(unique_contracts!CU:CU,unique_contracts!$CB:$CB,$C150,unique_contracts!$D:$D,$D150)","v":0},{"$f":"SUMIFS(unique_contracts!CV:CV,unique_contracts!$CB:$CB,$C150,unique_contracts!$D:$D,$D150)","v":0}]
[null,null,"geothermal","PlannedNew",{"$f":"SUMIFS(unique_contracts!CH:CH,unique_contracts!$CB:$CB,$C151,unique_contracts!$D:$D,$D151)","v":0},{"$f":"SUMIFS(unique_contracts!CI:CI,unique_contracts!$CB:$CB,$C151,unique_contracts!$D:$D,$D151)","v":0},{"$f":"SUMIFS(unique_contracts!CJ:CJ,unique_contracts!$CB:$CB,$C151,unique_contracts!$D:$D,$D151)","v":0},{"$f":"SUMIFS(unique_contracts!CK:CK,unique_contracts!$CB:$CB,$C151,unique_contracts!$D:$D,$D151)","v":0},{"$f":"SUMIFS(unique_contracts!CL:CL,unique_contracts!$CB:$CB,$C151,unique_contracts!$D:$D,$D151)","v":0},{"$f":"SUMIFS(unique_contracts!CM:CM,unique_contracts!$CB:$CB,$C151,unique_contracts!$D:$D,$D151)","v":0},{"$f":"SUMIFS(unique_contracts!CN:CN,unique_contracts!$CB:$CB,$C151,unique_contracts!$D:$D,$D151)","v":0},{"$f":"SUMIFS(unique_contracts!CO:CO,unique_contracts!$CB:$CB,$C151,unique_contracts!$D:$D,$D151)","v":0},{"$f":"SUMIFS(unique_contracts!CP:CP,unique_contracts!$CB:$CB,$C151,unique_contracts!$D:$D,$D151)","v":0},{"$f":"SUMIFS(unique_contracts!CQ:CQ,unique_contracts!$CB:$CB,$C151,unique_contracts!$D:$D,$D151)","v":0},{"$f":"SUMIFS(unique_contracts!CR:CR,unique_contracts!$CB:$CB,$C151,unique_contracts!$D:$D,$D151)","v":0},{"$f":"SUMIFS(unique_contracts!CS:CS,unique_contracts!$CB:$CB,$C151,unique_contracts!$D:$D,$D151)","v":0},{"$f":"SUMIFS(unique_contracts!CT:CT,unique_contracts!$CB:$CB,$C151,unique_contracts!$D:$D,$D151)","v":0},{"$f":"SUMIFS(unique_contracts!CU:CU,unique_contracts!$CB:$CB,$C151,unique_contracts!$D:$D,$D151)","v":0},{"$f":"SUMIFS(unique_contracts!CV:CV,unique_contracts!$CB:$CB,$C151,unique_contracts!$D:$D,$D151)","v":0}]
[null,null,"biomass_wood","PlannedNew",{"$f":"SUMIFS(unique_contracts!CH:CH,unique_contracts!$CB:$CB,$C152,unique_contracts!$D:$D,$D152)","v":0},{"$f":"SUMIFS(unique_contracts!CI:CI,unique_contracts!$CB:$CB,$C152,unique_contracts!$D:$D,$D152)","v":0},{"$f":"SUMIFS(unique_contracts!CJ:CJ,unique_contracts!$CB:$CB,$C152,unique_contracts!$D:$D,$D152)","v":0},{"$f":"SUMIFS(unique_contracts!CK:CK,unique_contracts!$CB:$CB,$C152,unique_contracts!$D:$D,$D152)","v":0},{"$f":"SUMIFS(unique_contracts!CL:CL,unique_contracts!$CB:$CB,$C152,unique_contracts!$D:$D,$D152)","v":0},{"$f":"SUMIFS(unique_contracts!CM:CM,unique_contracts!$CB:$CB,$C152,unique_contracts!$D:$D,$D152)","v":0},{"$f":"SUMIFS(unique_contracts!CN:CN,unique_contracts!$CB:$CB,$C152,unique_contracts!$D:$D,$D152)","v":0},{"$f":"SUMIFS(unique_contracts!CO:CO,unique_contracts!$CB:$CB,$C152,unique_contracts!$D:$D,$D152)","v":0},{"$f":"SUMIFS(unique_contracts!CP:CP,unique_contracts!$CB:$CB,$C152,unique_contracts!$D:$D,$D152)","v":0},{"$f":"SUMIFS(unique_contracts!CQ:CQ,unique_contracts!$CB:$CB,$C152,unique_contracts!$D:$D,$D152)","v":0},{"$f":"SUMIFS(unique_contracts!CR:CR,unique_contracts!$CB:$CB,$C152,unique_contracts!$D:$D,$D152)","v":0},{"$f":"SUMIFS(unique_contracts!CS:CS,unique_contracts!$CB:$CB,$C152,unique_contracts!$D:$D,$D152)","v":0},{"$f":"SUMIFS(unique_contracts!CT:CT,unique_contracts!$CB:$CB,$C152,unique_contracts!$D:$D,$D152)","v":0},{"$f":"SUMIFS(unique_contracts!CU:CU,unique_contracts!$CB:$CB,$C152,unique_contracts!$D:$D,$D152)","v":0},{"$f":"SUMIFS(unique_contracts!CV:CV,unique_contracts!$CB:$CB,$C152,unique_contracts!$D:$D,$D152)","v":0}]
[null,null,"biogas","PlannedNew",{"$f":"SUMIFS(unique_contracts!CH:CH,unique_contracts!$CB:$CB,$C153,unique_contracts!$D:$D,$D153)","v":0},{"$f":"SUMIFS(unique_contracts!CI:CI,unique_contracts!$CB:$CB,$C153,unique_contracts!$D:$D,$D153)","v":0},{"$f":"SUMIFS(unique_contracts!CJ:CJ,unique_contracts!$CB:$CB,$C153,unique_contracts!$D:$D,$D153)","v":0},{"$f":"SUMIFS(unique_contracts!CK:CK,unique_contracts!$CB:$CB,$C153,unique_contracts!$D:$D,$D153)","v":0},{"$f":"SUMIFS(unique_contracts!CL:CL,unique_contracts!$CB:$CB,$C153,unique_contracts!$D:$D,$D153)","v":0},{"$f":"SUMIFS(unique_contracts!CM:CM,unique_contracts!$CB:$CB,$C153,unique_contracts!$D:$D,$D153)","v":0},{"$f":"SUMIFS(unique_contracts!CN:CN,unique_contracts!$CB:$CB,$C153,unique_contracts!$D:$D,$D153)","v":0},{"$f":"SUMIFS(unique_contracts!CO:CO,unique_contracts!$CB:$CB,$C153,unique_contracts!$D:$D,$D153)","v":0},{"$f":"SUMIFS(unique_contracts!CP:CP,unique_contracts!$CB:$CB,$C153,unique_contracts!$D:$D,$D153)","v":0},{"$f":"SUMIFS(unique_contracts!CQ:CQ,unique_contracts!$CB:$CB,$C153,unique_contracts!$D:$D,$D153)","v":0},{"$f":"SUMIFS(unique_contracts!CR:CR,unique_contracts!$CB:$CB,$C153,unique_contracts!$D:$D,$D153)","v":0},{"$f":"SUMIFS(unique_contracts!CS:CS,unique_contracts!$CB:$CB,$C153,unique_contracts!$D:$D,$D153)","v":0},{"$f":"SUMIFS(unique_contracts!CT:CT,unique_contracts!$CB:$CB,$C153,unique_contracts!$D:$D,$D153)","v":0},{"$f":"SUMIFS(unique_contracts!CU:CU,unique_contracts!$CB:$CB,$C153,unique_contracts!$D:$D,$D153)","v":0},{"$f":"SUMIFS(unique_contracts!CV:CV,unique_contracts!$CB:$CB,$C153,unique_contracts!$D:$D,$D153)","v":0}]
[null,null,"gas_cc","PlannedNew",{"$f":"SUMIFS(unique_contracts!CH:CH,unique_contracts!$CB:$CB,$C154,unique_contracts!$D:$D,$D154)","v":0},{"$f":"SUMIFS(unique_contracts!CI:CI,unique_contracts!$CB:$CB,$C154,unique_contracts!$D:$D,$D154)","v":0},{"$f":"SUMIFS(unique_contracts!CJ:CJ,unique_contracts!$CB:$CB,$C154,unique_contracts!$D:$D,$D154)","v":0},{"$f":"SUMIFS(unique_contracts!CK:CK,unique_contracts!$CB:$CB,$C154,unique_contracts!$D:$D,$D154)","v":0},{"$f":"SUMIFS(unique_contracts!CL:CL,unique_contracts!$CB:$CB,$C154,unique_contracts!$D:$D,$D154)","v":0},{"$f":"SUMIFS(unique_contracts!CM:CM,unique_contracts!$CB:$CB,$C154,unique_contracts!$D:$D,$D154)","v":0},{"$f":"SUMIFS(unique_contracts!CN:CN,unique_contracts!$CB:$CB,$C154,unique_contracts!$D:$D,$D154)","v":0},{"$f":"SUMIFS(unique_contracts!CO:CO,unique_contracts!$CB:$CB,$C154,unique_contracts!$D:$D,$D154)","v":0},{"$f":"SUMIFS(unique_contracts!CP:CP,unique_contracts!$CB:$CB,$C154,unique_contracts!$D:$D,$D154)","v":0},{"$f":"SUMIFS(unique_contracts!CQ:CQ,unique_contracts!$CB:$CB,$C154,unique_contracts!$D:$D,$D154)","v":0},{"$f":"SUMIFS(unique_contracts!CR:CR,unique_contracts!$CB:$CB,$C154,unique_contracts!$D:$D,$D154)","v":0},{"$f":"SUMIFS(unique_contracts!CS:CS,unique_contracts!$CB:$CB,$C154,unique_contracts!$D:$D,$D154)","v":0},{"$f":"SUMIFS(unique_contracts!CT:CT,unique_contracts!$CB:$CB,$C154,unique_contracts!$D:$D,$D154)","v":0},{"$f":"SUMIFS(unique_contracts!CU:CU,unique_contracts!$CB:$CB,$C154,unique_contracts!$D:$D,$D154)","v":0},{"$f":"SUMIFS(unique_contracts!CV:CV,unique_contracts!$CB:$CB,$C154,unique_contracts!$D:$D,$D154)","v":0}]
[null,null,"gas_ct","PlannedNew",{"$f":"SUMIFS(unique_contracts!CH:CH,unique_contracts!$CB:$CB,$C155,unique_contracts!$D:$D,$D155)","v":0},{"$f":"SUMIFS(unique_contracts!CI:CI,unique_contracts!$CB:$CB,$C155,unique_contracts!$D:$D,$D155)","v":0},{"$f":"SUMIFS(unique_contracts!CJ:CJ,unique_contracts!$CB:$CB,$C155,unique_contracts!$D:$D,$D155)","v":0},{"$f":"SUMIFS(unique_contracts!CK:CK,unique_contracts!$CB:$CB,$C155,unique_contracts!$D:$D,$D155)","v":0},{"$f":"SUMIFS(unique_contracts!CL:CL,unique_contracts!$CB:$CB,$C155,unique_contracts!$D:$D,$D155)","v":0},{"$f":"SUMIFS(unique_contracts!CM:CM,unique_contracts!$CB:$CB,$C155,unique_contracts!$D:$D,$D155)","v":0},{"$f":"SUMIFS(unique_contracts!CN:CN,unique_contracts!$CB:$CB,$C155,unique_contracts!$D:$D,$D155)","v":0},{"$f":"SUMIFS(unique_contracts!CO:CO,unique_contracts!$CB:$CB,$C155,unique_contracts!$D:$D,$D155)","v":0},{"$f":"SUMIFS(unique_contracts!CP:CP,unique_contracts!$CB:$CB,$C155,unique_contracts!$D:$D,$D155)","v":0},{"$f":"SUMIFS(unique_contracts!CQ:CQ,unique_contracts!$CB:$CB,$C155,unique_contracts!$D:$D,$D155)","v":0},{"$f":"SUMIFS(unique_contracts!CR:CR,unique_contracts!$CB:$CB,$C155,unique_contracts!$D:$D,$D155)","v":0},{"$f":"SUMIFS(unique_contracts!CS:CS,unique_contracts!$CB:$CB,$C155,unique_contracts!$D:$D,$D155)","v":0},{"$f":"SUMIFS(unique_contracts!CT:CT,unique_contracts!$CB:$CB,$C155,unique_contracts!$D:$D,$D155)","v":0},{"$f":"SUMIFS(unique_contracts!CU:CU,unique_contracts!$CB:$CB,$C155,unique_contracts!$D:$D,$D155)","v":0},{"$f":"SUMIFS(unique_contracts!CV:CV,unique_contracts!$CB:$CB,$C155,unique_contracts!$D:$D,$D155)","v":0}]
[null,null,"ice","PlannedNew",{"$f":"SUMIFS(unique_contracts!CH:CH,unique_contracts!$CB:$CB,$C156,unique_contracts!$D:$D,$D156)","v":0},{"$f":"SUMIFS(unique_contracts!CI:CI,unique_contracts!$CB:$CB,$C156,unique_contracts!$D:$D,$D156)","v":0},{"$f":"SUMIFS(unique_contracts!CJ:CJ,unique_contracts!$CB:$CB,$C156,unique_contracts!$D:$D,$D156)","v":0},{"$f":"SUMIFS(unique_contracts!CK:CK,unique_contracts!$CB:$CB,$C156,unique_contracts!$D:$D,$D156)","v":0},{"$f":"SUMIFS(unique_contracts!CL:CL,unique_contracts!$CB:$CB,$C156,unique_contracts!$D:$D,$D156)","v":0},{"$f":"SUMIFS(unique_contracts!CM:CM,unique_contracts!$CB:$CB,$C156,unique_contracts!$D:$D,$D156)","v":0},{"$f":"SUMIFS(unique_contracts!CN:CN,unique_contracts!$CB:$CB,$C156,unique_contracts!$D:$D,$D156)","v":0},{"$f":"SUMIFS(unique_contracts!CO:CO,unique_contracts!$CB:$CB,$C156,unique_contracts!$D:$D,$D156)","v":0},{"$f":"SUMIFS(unique_contracts!CP:CP,unique_contracts!$CB:$CB,$C156,unique_contracts!$D:$D,$D156)","v":0},{"$f":"SUMIFS(unique_contracts!CQ:CQ,unique_contracts!$CB:$CB,$C156,unique_contracts!$D:$D,$D156)","v":0},{"$f":"SUMIFS(unique_contracts!CR:CR,unique_contracts!$CB:$CB,$C156,unique_contracts!$D:$D,$D156)","v":0},{"$f":"SUMIFS(unique_contracts!CS:CS,unique_contracts!$CB:$CB,$C156,unique_contracts!$D:$D,$D156)","v":0},{"$f":"SUMIFS(unique_contracts!CT:CT,unique_contracts!$CB:$CB,$C156,unique_contracts!$D:$D,$D156)","v":0},{"$f":"SUMIFS(unique_contracts!CU:CU,unique_contracts!$CB:$CB,$C156,unique_contracts!$D:$D,$D156)","v":0},{"$f":"SUMIFS(unique_contracts!CV:CV,unique_contracts!$CB:$CB,$C156,unique_contracts!$D:$D,$D156)","v":0}]
[null,null,"nuclear","PlannedNew",{"$f":"SUMIFS(unique_contracts!CH:CH,unique_contracts!$CB:$CB,$C157,unique_contracts!$D:$D,$D157)","v":0},{"$f":"SUMIFS(unique_contracts!CI:CI,unique_contracts!$CB:$CB,$C157,unique_contracts!$D:$D,$D157)","v":0},{"$f":"SUMIFS(unique_contracts!CJ:CJ,unique_contracts!$CB:$CB,$C157,unique_contracts!$D:$D,$D157)","v":0},{"$f":"SUMIFS(unique_contracts!CK:CK,unique_contracts!$CB:$CB,$C157,unique_contracts!$D:$D,$D157)","v":0},{"$f":"SUMIFS(unique_contracts!CL:CL,unique_contracts!$CB:$CB,$C157,unique_contracts!$D:$D,$D157)","v":0},{"$f":"SUMIFS(unique_contracts!CM:CM,unique_contracts!$CB:$CB,$C157,unique_contracts!$D:$D,$D157)","v":0},{"$f":"SUMIFS(unique_contracts!CN:CN,unique_contracts!$CB:$CB,$C157,unique_contracts!$D:$D,$D157)","v":0},{"$f":"SUMIFS(unique_contracts!CO:CO,unique_contracts!$CB:$CB,$C157,unique_contracts!$D:$D,$D157)","v":0},{"$f":"SUMIFS(unique_contracts!CP:CP,unique_contracts!$CB:$CB,$C157,unique_contracts!$D:$D,$D157)","v":0},{"$f":"SUMIFS(unique_contracts!CQ:CQ,unique_contracts!$CB:$CB,$C157,unique_contracts!$D:$D,$D157)","v":0},{"$f":"SUMIFS(unique_contracts!CR:CR,unique_contracts!$CB:$CB,$C157,unique_contracts!$D:$D,$D157)","v":0},{"$f":"SUMIFS(unique_contracts!CS:CS,unique_contracts!$CB:$CB,$C157,unique_contracts!$D:$D,$D157)","v":0},{"$f":"SUMIFS(unique_contracts!CT:CT,unique_contracts!$CB:$CB,$C157,unique_contracts!$D:$D,$D157)","v":0},{"$f":"SUMIFS(unique_contracts!CU:CU,unique_contracts!$CB:$CB,$C157,unique_contracts!$D:$D,$D157)","v":0},{"$f":"SUMIFS(unique_contracts!CV:CV,unique_contracts!$CB:$CB,$C157,unique_contracts!$D:$D,$D157)","v":0}]
[null,null,"coal","PlannedNew",{"$f":"SUMIFS(unique_contracts!CH:CH,unique_contracts!$CB:$CB,$C158,unique_contracts!$D:$D,$D158)","v":0},{"$f":"SUMIFS(unique_contracts!CI:CI,unique_contracts!$CB:$CB,$C158,unique_contracts!$D:$D,$D158)","v":0},{"$f":"SUMIFS(unique_contracts!CJ:CJ,unique_contracts!$CB:$CB,$C158,unique_contracts!$D:$D,$D158)","v":0},{"$f":"SUMIFS(unique_contracts!CK:CK,unique_contracts!$CB:$CB,$C158,unique_contracts!$D:$D,$D158)","v":0},{"$f":"SUMIFS(unique_contracts!CL:CL,unique_contracts!$CB:$CB,$C158,unique_contracts!$D:$D,$D158)","v":0},{"$f":"SUMIFS(unique_contracts!CM:CM,unique_contracts!$CB:$CB,$C158,unique_contracts!$D:$D,$D158)","v":0},{"$f":"SUMIFS(unique_contracts!CN:CN,unique_contracts!$CB:$CB,$C158,unique_contracts!$D:$D,$D158)","v":0},{"$f":"SUMIFS(unique_contracts!CO:CO,unique_contracts!$CB:$CB,$C158,unique_contracts!$D:$D,$D158)","v":0},{"$f":"SUMIFS(unique_contracts!CP:CP,unique_contracts!$CB:$CB,$C158,unique_contracts!$D:$D,$D158)","v":0},{"$f":"SUMIFS(unique_contracts!CQ:CQ,unique_contracts!$CB:$CB,$C158,unique_contracts!$D:$D,$D158)","v":0},{"$f":"SUMIFS(unique_contracts!CR:CR,unique_contracts!$CB:$CB,$C158,unique_contracts!$D:$D,$D158)","v":0},{"$f":"SUMIFS(unique_contracts!CS:CS,unique_contracts!$CB:$CB,$C158,unique_contracts!$D:$D,$D158)","v":0},{"$f":"SUMIFS(unique_contracts!CT:CT,unique_contracts!$CB:$CB,$C158,unique_contracts!$D:$D,$D158)","v":0},{"$f":"SUMIFS(unique_contracts!CU:CU,unique_contracts!$CB:$CB,$C158,unique_contracts!$D:$D,$D158)","v":0},{"$f":"SUMIFS(unique_contracts!CV:CV,unique_contracts!$CB:$CB,$C158,unique_contracts!$D:$D,$D158)","v":0}]
[null,null,"cogen","PlannedNew",{"$f":"SUMIFS(unique_contracts!CH:CH,unique_contracts!$CB:$CB,$C159,unique_contracts!$D:$D,$D159)","v":0},{"$f":"SUMIFS(unique_contracts!CI:CI,unique_contracts!$CB:$CB,$C159,unique_contracts!$D:$D,$D159)","v":0},{"$f":"SUMIFS(unique_contracts!CJ:CJ,unique_contracts!$CB:$CB,$C159,unique_contracts!$D:$D,$D159)","v":0},{"$f":"SUMIFS(unique_contracts!CK:CK,unique_contracts!$CB:$CB,$C159,unique_contracts!$D:$D,$D159)","v":0},{"$f":"SUMIFS(unique_contracts!CL:CL,unique_contracts!$CB:$CB,$C159,unique_contracts!$D:$D,$D159)","v":0},{"$f":"SUMIFS(unique_contracts!CM:CM,unique_contracts!$CB:$CB,$C159,unique_contracts!$D:$D,$D159)","v":0},{"$f":"SUMIFS(unique_contracts!CN:CN,unique_contracts!$CB:$CB,$C159,unique_contracts!$D:$D,$D159)","v":0},{"$f":"SUMIFS(unique_contracts!CO:CO,unique_contracts!$CB:$CB,$C159,unique_contracts!$D:$D,$D159)","v":0},{"$f":"SUMIFS(unique_contracts!CP:CP,unique_contracts!$CB:$CB,$C159,unique_contracts!$D:$D,$D159)","v":0},{"$f":"SUMIFS(unique_contracts!CQ:CQ,unique_contracts!$CB:$CB,$C159,unique_contracts!$D:$D,$D159)","v":0},{"$f":"SUMIFS(unique_contracts!CR:CR,unique_contracts!$CB:$CB,$C159,unique_contracts!$D:$D,$D159)","v":0},{"$f":"SUMIFS(unique_contracts!CS:CS,unique_contracts!$CB:$CB,$C159,unique_contracts!$D:$D,$D159)","v":0},{"$f":"SUMIFS(unique_contracts!CT:CT,unique_contracts!$CB:$CB,$C159,unique_contracts!$D:$D,$D159)","v":0},{"$f":"SUMIFS(unique_contracts!CU:CU,unique_contracts!$CB:$CB,$C159,unique_contracts!$D:$D,$D159)","v":0},{"$f":"SUMIFS(unique_contracts!CV:CV,unique_contracts!$CB:$CB,$C159,unique_contracts!$D:$D,$D159)","v":0}]
[null,null,"unspecified_import","PlannedNew",{"$f":"SUMIFS(unique_contracts!CH:CH,unique_contracts!$CB:$CB,$C160,unique_contracts!$D:$D,$D160)","v":0},{"$f":"SUMIFS(unique_contracts!CI:CI,unique_contracts!$CB:$CB,$C160,unique_contracts!$D:$D,$D160)","v":0},{"$f":"SUMIFS(unique_contracts!CJ:CJ,unique_contracts!$CB:$CB,$C160,unique_contracts!$D:$D,$D160)","v":0},{"$f":"SUMIFS(unique_contracts!CK:CK,unique_contracts!$CB:$CB,$C160,unique_contracts!$D:$D,$D160)","v":0},{"$f":"SUMIFS(unique_contracts!CL:CL,unique_contracts!$CB:$CB,$C160,unique_contracts!$D:$D,$D160)","v":0},{"$f":"SUMIFS(unique_contracts!CM:CM,unique_contracts!$CB:$CB,$C160,unique_contracts!$D:$D,$D160)","v":0},{"$f":"SUMIFS(unique_contracts!CN:CN,unique_contracts!$CB:$CB,$C160,unique_contracts!$D:$D,$D160)","v":0},{"$f":"SUMIFS(unique_contracts!CO:CO,unique_contracts!$CB:$CB,$C160,unique_contracts!$D:$D,$D160)","v":0},{"$f":"SUMIFS(unique_contracts!CP:CP,unique_contracts!$CB:$CB,$C160,unique_contracts!$D:$D,$D160)","v":0},{"$f":"SUMIFS(unique_contracts!CQ:CQ,unique_contracts!$CB:$CB,$C160,unique_contracts!$D:$D,$D160)","v":0},{"$f":"SUMIFS(unique_contracts!CR:CR,unique_contracts!$CB:$CB,$C160,unique_contracts!$D:$D,$D160)","v":0},{"$f":"SUMIFS(unique_contracts!CS:CS,unique_contracts!$CB:$CB,$C160,unique_contracts!$D:$D,$D160)","v":0},{"$f":"SUMIFS(unique_contracts!CT:CT,unique_contracts!$CB:$CB,$C160,unique_contracts!$D:$D,$D160)","v":0},{"$f":"SUMIFS(unique_contracts!CU:CU,unique_contracts!$CB:$CB,$C160,unique_contracts!$D:$D,$D160)","v":0},{"$f":"SUMIFS(unique_contracts!CV:CV,unique_contracts!$CB:$CB,$C160,unique_contracts!$D:$D,$D160)","v":0}]
[null,null,"LSE Total Supply (MW)",null,{"$f":"SUM(E46:E160)","v":0},{"$f":"SUM(F46:F160)","v":0},0,0,0,0,0,0,0,0,0,0,0,0,0]
[]
[]
[]
[null,null,"Load and Resource Table by Resource Type"]
[null,null,null,null,2021,2022,2023,2024,2025,2026,2027,2028,2029,2030,2031,2032,2033,2034,2035]
[null,null,"LSE Reliability Need (MW)",null,{"$f":"E9","v":0},{"$f":"F9","v":0},0,0,0,0,0,0,0,0,0,0,0,0,0]
[null,null,"ELCC by Resource Type (MW)"]
[null,null,"hybrid",null,{"$f":"SUMIFS(E$46:E$160,$C$46:$C$160,$C169)+IF($C169=\"btm_pv\",E$14*E$23,0)","v":0},{"$f":"SUMIFS(F$46:F$160,$C$46:$C$160,$C169)+IF($C169=\"btm_pv\",F$14*F$23,0)","v":0},0,0,0,0,0,0,0,0,0,0,0,0,0]
[null,null,"in_state_wind",null,{"$f":"SUMIFS(E$46:E$160,$C$46:$C$160,$C170)+IF($C170=\"btm_pv\",E$14*E$23,0)","v":0},0,0,0,0,0,0,0,0,0,0,0,0,0,0]
[null,null,"out_of_state_wind",null,{"$f":"SUMIFS(E$46:E$160,$C$46:$C$160,$C171)+IF($C171=\"btm_pv\",E$14*E$23,0)","v":0},0,0,0,0,0,0,0,0,0,0,0,0,0,0]
[null,null,"offshore_wind",null,0,0,0,0,0,0,0,0,0,0,0,0,0,0,0]
[null,null,"utility_pv",null,0,0,0,0,0,0,0,0,0,0,0,0,0,0,0]
[null,null,"btm_pv",null,0,0,0,0,0,0,0,0,0,0,0,0,0,0,0]
[null,null,"4hr_batteries",null,0,0,0,0,0,0,0,0,0,0,0,0,0,0,0]
[null,null,"8hr_batteries",null,0,0,0,0,0,0,0,0,0,0,0,0,0,0,0]
[null,null,"demand_response",null,0,0,0,0,0,0,0,0,0,0,0,0,0,0,0]
[null,null,"12hr_pumped_storage",null,0,0,0,0,0,0,0,0,0,0,0,0,0,0,0]
[null,null,"small_hydro",null,0,0,0,0,0,0,0,0,0,0,0,0,0,0,0]
[null,null,"hydro",null,0,0,0,0,0,0,0,0,0,0,0,0,0,0,0]
[null,null,"steam",null,0,0,0,0,0,0,0,0,0,0,0,0,0,0,0]
[null,null,"geothermal",null,0,0,0,0,0,0,0,0,0,0,0,0,0,0,0]
[null,null,"biomass_wood",null,0,0,0,0,0,0,0,0,0,0,0,0,0,0,0]
[null,null,"biogas",null,0,0,0,0,0,0,0,0,0,0,0,0,0,0,0]
[null,null,"gas_cc",null,0,0,0,0,0,0,0,0,0,0,0,0,0,0,0]
[null,null,"gas_ct",null,0,0,0,0,0,0,0,0,0,0,0,0,0,0,0]
[null,null,"ice",null,0,0,0,0,0,0,0,0,0,0,0,0,0,0,0]
[null,null,"nuclear",null,0,0,0,0,0,0,0,0,0,0,0,0,0,0,0]
[null,null,"coal",null,0,0,0,0,0,0,0,0,0,0,0,0,0,0,0]
[null,null,"cogen",null,0,0,0,0,0,0,0,0,0,0,0,0,0,0,0]
[null,null,"unspecified_import",null,0,0,0,0,0,0,0,0,0,0,0,0,0,0,0]
[null,null,"LSE Total Supply (MW)",null,{"$f":"SUM(E169:E191)","v":0},{"$f":"SUM(F169:F191)","v":0},0,0,0,0,0,0,0,0,0,0,0,0,0]
[null,null,"Capacity Shortfall (-)/Excess (+) (MW)",null,{"$f":"E192-E167","v":0},{"$f":"F192-F167","v":0},0,0,0,0,0,0,0,0,0,0,0,0,0]
[]
[]
[]
[]
[]
[]
[null,null,"Load and Resource Table by Contract Status"]
[null,null,null,null,2021,2022,2023,2024,2025,2026,2027,2028,2029,2030,2031,2032,2033,2034,2035]
[null,null,"LSE Reliability Need (MW)",null,{"$f":"E9","v":0},{"$f":"F9","v":0},0,0,0,0,0,0,0,0,0,0,0,0,0]
[null,null,"ELCC by Contract Status (MW)"]
[null,null,"Online",null,{"$f":"IF($C204=\"BTM PV\",E$14*E$23,SUMIFS(E$46:E$160,$D$46:$D$160,$C204))","v":0},{"$f":"IF($C204=\"BTM PV\",F$14*F$23,SUMIFS(F$46:F$160,$D$46:$D$160,$C204))","v":0},0,0,0,0,0,0,0,0,0,0,0,0,0]
[null,null,"Development",null,{"$f":"IF($C205=\"BTM PV\",E$14*E$23,SUMIFS(E$46:E$160,$D$46:$D$160,$C205))","v":0},0,0,0,0,0,0,0,0,0,0,0,0,0,0]
[null,null,"Review",null,0,0,0,0,0,0,0,0,0,0,0,0,0,0,0]
[null,null,"PlannedExisting",null,0,0,0,0,0,0,0,0,0,0,0,0,0,0,0]
[null,null,"PlannedNew",null,0,0,0,0,0,0,0,0,0,0,0,0,0,0,0]
[null,null,"BTM PV",null,0,0,0,0,0,0,0,0,0,0,0,0,0,0,{"$f":"IF($C209=\"BTM PV\",S$14*S$23,SUMIFS(S$46:S$160,$D$46:$D$160,$C209))","v":0}]
[null,null,"LSE Total Supply (MW)",null,{"$f":"SUM(E204:E209)","v":0},{"$f":"SUM(F204:F209)","v":0},0,0,0,0,0,0,0,0,0,0,0,0,0]
[null,null,"Capacity Shortfall (-)/Excess (+)",null,{"$f":"E210-E202","v":0},{"$f":"F210-F202","v":0},0,0,0,0,0,0,0,0,0,0,0,0,{"$f":"S210-S202","v":0}]

{"sheet":"CSPReportSheet","index":9,"n_rows":36,"n_cols":22,"rows_kept":36,"cut":false,"hidden":false,"merged":[[2,10,2,13],[2,14,2,17],[2,18,2,21],[1,10,1,21]]}
[]
[null,null,null,null,null,null,null,null,null,null,"NOTE: the below data is provided for troubleshooting purposes only."]
[null,null,null,null,null,null,null,null,null,null,"Bought/Owned",null,null,null,"Sold",null,null,null,"Net\n(GWh, MW, or MWh Energy Capacity)"]
[null,"Resource",2024,2026,2030,2035,"Units","Type",null,null,2024,2026,2030,2035,2024,2026,2030,2035,2024,2026,2030,2035]
[null,"Large Hydro",{"$f":"S5","v":0},{"$f":"T5","v":0},0,0,"GWh","GHG-Free",null,null,{"$f":"SUMIFS(unique_contracts!BQ:BQ,unique_contracts!$AB:$AB,\"<>sell\",unique_contracts!$BP:$BP,\"=\"&B5&\" (\"&G5&\")\",unique_contracts!$AM:$AM,\"<=\"&C$4,unique_contracts!$AP:$AP,\">=\"&C$4)","v":0},{"$f":"SUMIFS(unique_contracts!BR:BR,unique_contracts!$AB:$AB,\"<>sell\",unique_contracts!$BP:$BP,\"=\"&C5&\" (\"&H5&\")\",unique_contracts!$AM:$AM,\"<=\"&D$4,unique_contracts!$AP:$AP,\">=\"&D$4)","v":0},{"$f":"SUMIFS(unique_contracts!BS:BS,unique_contracts!$AB:$AB,\"<>sell\",unique_contracts!$BP:$BP,\"=\"&D5&\" (\"&I5&\")\",unique_contracts!$AM:$AM,\"<=\"&E$4,unique_contracts!$AP:$AP,\">=\"&E$4)","v":0},{"$f":"SUMIFS(unique_contracts!BT:BT,unique_contracts!$AB:$AB,\"<>sell\",unique_contracts!$BP:$BP,\"=\"&E5&\" (\"&J5&\")\",unique_contracts!$AM:$AM,\"<=\"&F$4,unique_contracts!$AP:$AP,\">=\"&F$4)","v":0},{"$f":"SUMIFS(unique_contracts!BQ:BQ,unique_contracts!$AB:$AB,\"=\"&\"Sell\",unique_contracts!$BP:$BP,\"=\"&B5&\" (\"&G5&\")\",unique_contracts!$AM:$AM,\"<=\"&C$4,unique_contracts!$AP:$AP,\">=\"&C$4)","v":0},{"$f":"SUMIFS(unique_contracts!BR:BR,unique_contracts!$AB:$AB,\"=\"&\"Sell\",unique_contracts!$BP:$BP,\"=\"&C5&\" (\"&H5&\")\",unique_contracts!$AM:$AM,\"<=\"&D$4,unique_contracts!$AP:$AP,\">=\"&D$4)","v":0},{"$f":"SUMIFS(unique_contracts!BS:BS,unique_contracts!$AB:$AB,\"=\"&\"Sell\",unique_contracts!$BP:$BP,\"=\"&D5&\" (\"&I5&\")\",unique_contracts!$AM:$AM,\"<=\"&E$4,unique_contracts!$AP:$AP,\">=\"&E$4)","v":0},{"$f":"SUMIFS(unique_contracts!BT:BT,unique_contracts!$AB:$AB,\"=\"&\"Sell\",unique_contracts!$BP:$BP,\"=\"&E5&\" (\"&J5&\")\",unique_contracts!$AM:$AM,\"<=\"&F$4,unique_contracts!$AP:$AP,\">=\"&F$4)","v":0},{"$f":"K5-O5","v":0},{"$f":"L5-P5","v":0},0,0]
[null,"Imported Hydro",{"$f":"S6","v":0},{"$f":"T6","v":0},{"$f":"U6","v":0},{"$f":"V6","v":0},"GWh","GHG-Free",null,null,{"$f":"SUMIFS(unique_contracts!BQ:BQ,unique_contracts!$AB:$AB,\"<>sell\",unique_contracts!$BP:$BP,\"=\"&B6&\" (\"&G6&\")\",unique_contracts!$AM:$AM,\"<=\"&C$4,unique_contracts!$AP:$AP,\">=\"&C$4)","v":0},{"$f":"SUMIFS(unique_contracts!BR:BR,unique_contracts!$AB:$AB,\"<>sell\",unique_contracts!$BP:$BP,\"=\"&C6&\" (\"&H6&\")\",unique_contracts!$AM:$AM,\"<=\"&D$4,unique_contracts!$AP:$AP,\">=\"&D$4)","v":0},{"$f":"SUMIFS(unique_contracts!BS:BS,unique_contracts!$AB:$AB,\"<>sell\",unique_contracts!$BP:$BP,\"=\"&D6&\" (\"&I6&\")\",unique_contracts!$AM:$AM,\"<=\"&E$4,unique_contracts!$AP:$AP,\">=\"&E$4)","v":0},{"$f":"SUMIFS(unique_contracts!BT:BT,unique_contracts!$AB:$AB,\"<>sell\",unique_contracts!$BP:$BP,\"=\"&E6&\" (\"&J6&\")\",unique_contracts!$AM:$AM,\"<=\"&F$4,unique_contracts!$AP:$AP,\">=\"&F$4)","v":0},{"$f":"SUMIFS(unique_contracts!BQ:BQ,unique_contracts!$AB:$AB,\"=\"&\"Sell\",unique_contracts!$BP:$BP,\"=\"&B6&\" (\"&G6&\")\",unique_contracts!$AM:$AM,\"<=\"&C$4,unique_contracts!$AP:$AP,\">=\"&C$4)","v":0},{"$f":"SUMIFS(unique_contracts!BR:BR,unique_contracts!$AB:$AB,\"=\"&\"Sell\",unique_contracts!$BP:$BP,\"=\"&C6&\" (\"&H6&\")\",unique_contracts!$AM:$AM,\"<=\"&D$4,unique_contracts!$AP:$AP,\">=\"&D$4)","v":0},{"$f":"SUMIFS(unique_contracts!BS:BS,unique_contracts!$AB:$AB,\"=\"&\"Sell\",unique_contracts!$BP:$BP,\"=\"&D6&\" (\"&I6&\")\",unique_contracts!$AM:$AM,\"<=\"&E$4,unique_contracts!$AP:$AP,\">=\"&E$4)","v":0},{"$f":"SUMIFS(unique_contracts!BT:BT,unique_contracts!$AB:$AB,\"=\"&\"Sell\",unique_contracts!$BP:$BP,\"=\"&E6&\" (\"&J6&\")\",unique_contracts!$AM:$AM,\"<=\"&F$4,unique_contracts!$AP:$AP,\">=\"&F$4)","v":0},{"$f":"K6-O6","v":0},{"$f":"L6-P6","v":0},{"$f":"M6-Q6","v":0},{"$f":"N6-R6","v":0}]
[null,"Nuclear",0,0,0,0,"GWh","GHG-Free",null,null,{"$f":"SUMIFS(unique_contracts!BQ:BQ,unique_contracts!$AB:$AB,\"<>sell\",unique_contracts!$BP:$BP,\"=\"&B7&\" (\"&G7&\")\",unique_contracts!$AM:$AM,\"<=\"&C$4,unique_contracts!$AP:$AP,\">=\"&C$4)","v":0},{"$f":"SUMIFS(unique_contracts!BR:BR,unique_contracts!$AB:$AB,\"<>sell\",unique_contracts!$BP:$BP,\"=\"&C7&\" (\"&H7&\")\",unique_contracts!$AM:$AM,\"<=\"&D$4,unique_contracts!$AP:$AP,\">=\"&D$4)","v":0},{"$f":"SUMIFS(unique_contracts!BS:BS,unique_contracts!$AB:$AB,\"<>sell\",unique_contracts!$BP:$BP,\"=\"&D7&\" (\"&I7&\")\",unique_contracts!$AM:$AM,\"<=\"&E$4,unique_contracts!$AP:$AP,\">=\"&E$4)","v":0},{"$f":"SUMIFS(unique_contracts!BT:BT,unique_contracts!$AB:$AB,\"<>sell\",unique_contracts!$BP:$BP,\"=\"&E7&\" (\"&J7&\")\",unique_contracts!$AM:$AM,\"<=\"&F$4,unique_contracts!$AP:$AP,\">=\"&F$4)","v":0},{"$f":"SUMIFS(unique_contracts!BQ:BQ,unique_contracts!$AB:$AB,\"=\"&\"Sell\",unique_contracts!$BP:$BP,\"=\"&B7&\" (\"&G7&\")\",unique_contracts!$AM:$AM,\"<=\"&C$4,unique_contracts!$AP:$AP,\">=\"&C$4)","v":0},{"$f":"SUMIFS(unique_contracts!BR:BR,unique_contracts!$AB:$AB,\"=\"&\"Sell\",unique_contracts!$BP:$BP,\"=\"&C7&\" (\"&H7&\")\",unique_contracts!$AM:$AM,\"<=\"&D$4,unique_contracts!$AP:$AP,\">=\"&D$4)","v":0},{"$f":"SUMIFS(unique_contracts!BS:BS,unique_contracts!$AB:$AB,\"=\"&\"Sell\",unique_contracts!$BP:$BP,\"=\"&D7&\" (\"&I7&\")\",unique_contracts!$AM:$AM,\"<=\"&E$4,unique_contracts!$AP:$AP,\">=\"&E$4)","v":0},{"$f":"SUMIFS(unique_contracts!BT:BT,unique_contracts!$AB:$AB,\"=\"&\"Sell\",unique_contracts!$BP:$BP,\"=\"&E7&\" (\"&J7&\")\",unique_contracts!$AM:$AM,\"<=\"&F$4,unique_contracts!$AP:$AP,\">=\"&F$4)","v":0},0,0,0,0]
[null,"Biogas",0,0,0,0,"GWh","RPS Eligible",null,null,{"$f":"SUMIFS(unique_contracts!BQ:BQ,unique_contracts!$AB:$AB,\"<>sell\",unique_contracts!$BP:$BP,\"=\"&B8&\" (\"&G8&\")\",unique_contracts!$AM:$AM,\"<=\"&C$4,unique_contracts!$AP:$AP,\">=\"&C$4)","v":0},{"$f":"SUMIFS(unique_contracts!BR:BR,unique_contracts!$AB:$AB,\"<>sell\",unique_contracts!$BP:$BP,\"=\"&C8&\" (\"&H8&\")\",unique_contracts!$AM:$AM,\"<=\"&D$4,unique_contracts!$AP:$AP,\">=\"&D$4)","v":0},{"$f":"SUMIFS(unique_contracts!BS:BS,unique_contracts!$AB:$AB,\"<>sell\",unique_contracts!$BP:$BP,\"=\"&D8&\" (\"&I8&\")\",unique_contracts!$AM:$AM,\"<=\"&E$4,unique_contracts!$AP:$AP,\">=\"&E$4)","v":0},{"$f":"SUMIFS(unique_contracts!BT:BT,unique_contracts!$AB:$AB,\"<>sell\",unique_contracts!$BP:$BP,\"=\"&E8&\" (\"&J8&\")\",unique_contracts!$AM:$AM,\"<=\"&F$4,unique_contracts!$AP:$AP,\">=\"&F$4)","v":0},{"$f":"SUMIFS(unique_contracts!BQ:BQ,unique_contracts!$AB:$AB,\"=\"&\"Sell\",unique_contracts!$BP:$BP,\"=\"&B8&\" (\"&G8&\")\",unique_contracts!$AM:$AM,\"<=\"&C$4,unique_contracts!$AP:$AP,\">=\"&C$4)","v":0},{"$f":"SUMIFS(unique_contracts!BR:BR,unique_contracts!$AB:$AB,\"=\"&\"Sell\",unique_contracts!$BP:$BP,\"=\"&C8&\" (\"&H8&\")\",unique_contracts!$AM:$AM,\"<=\"&D$4,unique_contracts!$AP:$AP,\">=\"&D$4)","v":0},{"$f":"SUMIFS(unique_contracts!BS:BS,unique_contracts!$AB:$AB,\"=\"&\"Sell\",unique_contracts!$BP:$BP,\"=\"&D8&\" (\"&I8&\")\",unique_contracts!$AM:$AM,\"<=\"&E$4,unique_contracts!$AP:$AP,\">=\"&E$4)","v":0},{"$f":"SUMIFS(unique_contracts!BT:BT,unique_contracts!$AB:$AB,\"=\"&\"Sell\",unique_contracts!$BP:$BP,\"=\"&E8&\" (\"&J8&\")\",unique_contracts!$AM:$AM,\"<=\"&F$4,unique_contracts!$AP:$AP,\">=\"&F$4)","v":0},0,0,0,0]
[null,"Biomass",0,0,0,0,"GWh","RPS Eligible",null,null,{"$f":"SUMIFS(unique_contracts!BQ:BQ,unique_contracts!$AB:$AB,\"<>sell\",unique_contracts!$BP:$BP,\"=\"&B9&\" (\"&G9&\")\",unique_contracts!$AM:$AM,\"<=\"&C$4,unique_contracts!$AP:$AP,\">=\"&C$4)","v":0},{"$f":"SUMIFS(unique_contracts!BR:BR,unique_contracts!$AB:$AB,\"<>sell\",unique_contracts!$BP:$BP,\"=\"&C9&\" (\"&H9&\")\",unique_contracts!$AM:$AM,\"<=\"&D$4,unique_contracts!$AP:$AP,\">=\"&D$4)","v":0},{"$f":"SUMIFS(unique_contracts!BS:BS,unique_contracts!$AB:$AB,\"<>sell\",unique_contracts!$BP:$BP,\"=\"&D9&\" (\"&I9&\")\",unique_contracts!$AM:$AM,\"<=\"&E$4,unique_contracts!$AP:$AP,\">=\"&E$4)","v":0},{"$f":"SUMIFS(unique_contracts!BT:BT,unique_contracts!$AB:$AB,\"<>sell\",unique_contracts!$BP:$BP,\"=\"&E9&\" (\"&J9&\")\",unique_contracts!$AM:$AM,\"<=\"&F$4,unique_contracts!$AP:$AP,\">=\"&F$4)","v":0},{"$f":"SUMIFS(unique_contracts!BQ:BQ,unique_contracts!$AB:$AB,\"=\"&\"Sell\",unique_contracts!$BP:$BP,\"=\"&B9&\" (\"&G9&\")\",unique_contracts!$AM:$AM,\"<=\"&C$4,unique_contracts!$AP:$AP,\">=\"&C$4)","v":0},{"$f":"SUMIFS(unique_contracts!BR:BR,unique_contracts!$AB:$AB,\"=\"&\"Sell\",unique_contracts!$BP:$BP,\"=\"&C9&\" (\"&H9&\")\",unique_contracts!$AM:$AM,\"<=\"&D$4,unique_contracts!$AP:$AP,\">=\"&D$4)","v":0},{"$f":"SUMIFS(unique_contracts!BS:BS,unique_contracts!$AB:$AB,\"=\"&\"Sell\",unique_contracts!$BP:$BP,\"=\"&D9&\" (\"&I9&\")\",unique_contracts!$AM:$AM,\"<=\"&E$4,unique_contracts!$AP:$AP,\">=\"&E$4)","v":0},{"$f":"SUMIFS(unique_contracts!BT:BT,unique_contracts!$AB:$AB,\"=\"&\"Sell\",unique_contracts!$BP:$BP,\"=\"&E9&\" (\"&J9&\")\",unique_contracts!$AM:$AM,\"<=\"&F$4,unique_contracts!$AP:$AP,\">=\"&F$4)","v":0},0,0,0,0]
[null,"Geothermal",0,0,0,0,"GWh","RPS Eligible",null,null,{"$f":"SUMIFS(unique_contracts!BQ:BQ,unique_contracts!$AB:$AB,\"<>sell\",unique_contracts!$BP:$BP,\"=\"&B10&\" (\"&G10&\")\",unique_contracts!$AM:$AM,\"<=\"&C$4,unique_contracts!$AP:$AP,\">=\"&C$4)","v":0},{"$f":"SUMIFS(unique_contracts!BR:BR,unique_contracts!$AB:$AB,\"<>sell\",unique_contracts!$BP:$BP,\"=\"&C10&\" (\"&H10&\")\",unique_contracts!$AM:$AM,\"<=\"&D$4,unique_contracts!$AP:$AP,\">=\"&D$4)","v":0},{"$f":"SUMIFS(unique_contracts!BS:BS,unique_contracts!$AB:$AB,\"<>sell\",unique_contracts!$BP:$BP,\"=\"&D10&\" (\"&I10&\")\",unique_contracts!$AM:$AM,\"<=\"&E$4,unique_contracts!$AP:$AP,\">=\"&E$4)","v":0},{"$f":"SUMIFS(unique_contracts!BT:BT,unique_contracts!$AB:$AB,\"<>sell\",unique_contracts!$BP:$BP,\"=\"&E10&\" (\"&J10&\")\",unique_contracts!$AM:$AM,\"<=\"&F$4,unique_contracts!$AP:$AP,\">=\"&F$4)","v":0},{"$f":"SUMIFS(unique_contracts!BQ:BQ,unique_contracts!$AB:$AB,\"=\"&\"Sell\",unique_contracts!$BP:$BP,\"=\"&B10&\" (\"&G10&\")\",unique_contracts!$AM:$AM,\"<=\"&C$4,unique_contracts!$AP:$AP,\">=\"&C$4)","v":0},{"$f":"SUMIFS(unique_contracts!BR:BR,unique_contracts!$AB:$AB,\"=\"&\"Sell\",unique_contracts!$BP:$BP,\"=\"&C10&\" (\"&H10&\")\",unique_contracts!$AM:$AM,\"<=\"&D$4,unique_contracts!$AP:$AP,\">=\"&D$4)","v":0},{"$f":"SUMIFS(unique_contracts!BS:BS,unique_contracts!$AB:$AB,\"=\"&\"Sell\",unique_contracts!$BP:$BP,\"=\"&D10&\" (\"&I10&\")\",unique_contracts!$AM:$AM,\"<=\"&E$4,unique_contracts!$AP:$AP,\">=\"&E$4)","v":0},{"$f":"SUMIFS(unique_contracts!BT:BT,unique_contracts!$AB:$AB,\"=\"&\"Sell\",unique_contracts!$BP:$BP,\"=\"&E10&\" (\"&J10&\")\",unique_contracts!$AM:$AM,\"<=\"&F$4,unique_contracts!$AP:$AP,\">=\"&F$4)","v":0},0,0,0,0]
[null,"Small Hydro",0,0,0,0,"GWh","RPS Eligible",null,null,{"$f":"SUMIFS(unique_contracts!BQ:BQ,unique_contracts!$AB:$AB,\"<>sell\",unique_contracts!$BP:$BP,\"=\"&B11&\" (\"&G11&\")\",unique_contracts!$AM:$AM,\"<=\"&C$4,unique_contracts!$AP:$AP,\">=\"&C$4)","v":0},{"$f":"SUMIFS(unique_contracts!BR:BR,unique_contracts!$AB:$AB,\"<>sell\",unique_contracts!$BP:$BP,\"=\"&C11&\" (\"&H11&\")\",unique_contracts!$AM:$AM,\"<=\"&D$4,unique_contracts!$AP:$AP,\">=\"&D$4)","v":0},{"$f":"SUMIFS(unique_contracts!BS:BS,unique_contracts!$AB:$AB,\"<>sell\",unique_contracts!$BP:$BP,\"=\"&D11&\" (\"&I11&\")\",unique_contracts!$AM:$AM,\"<=\"&E$4,unique_contracts!$AP:$AP,\">=\"&E$4)","v":0},{"$f":"SUMIFS(unique_contracts!BT:BT,unique_contracts!$AB:$AB,\"<>sell\",unique_contracts!$BP:$BP,\"=\"&E11&\" (\"&J11&\")\",unique_contracts!$AM:$AM,\"<=\"&F$4,unique_contracts!$AP:$AP,\">=\"&F$4)","v":0},{"$f":"SUMIFS(unique_contracts!BQ:BQ,unique_contracts!$AB:$AB,\"=\"&\"Sell\",unique_contracts!$BP:$BP,\"=\"&B11&\" (\"&G11&\")\",unique_contracts!$AM:$AM,\"<=\"&C$4,unique_contracts!$AP:$AP,\">=\"&C$4)","v":0},{"$f":"SUMIFS(unique_contracts!BR:BR,unique_contracts!$AB:$AB,\"=\"&\"Sell\",unique_contracts!$BP:$BP,\"=\"&C11&\" (\"&H11&\")\",unique_contracts!$AM:$AM,\"<=\"&D$4,unique_contracts!$AP:$AP,\">=\"&D$4)","v":0},{"$f":"SUMIFS(unique_contracts!BS:BS,unique_contracts!$AB:$AB,\"=\"&\"Sell\",unique_contracts!$BP:$BP,\"=\"&D11&\" (\"&I11&\")\",unique_contracts!$AM:$AM,\"<=\"&E$4,unique_contracts!$AP:$AP,\">=\"&E$4)","v":0},{"$f":"SUMIFS(unique_contracts!BT:BT,unique_contracts!$AB:$AB,\"=\"&\"Sell\",unique_contracts!$BP:$BP,\"=\"&E11&\" (\"&J11&\")\",unique_contracts!$AM:$AM,\"<=\"&F$4,unique_contracts!$AP:$AP,\">=\"&F$4)","v":0},0,0,0,0]
[null,"Wind Resources"]
[null,"Wind Existing California",{"$f":"S13","v":0},{"$f":"T13","v":0},{"$f":"U13","v":0},{"$f":"V13","v":0},"GWh","RPS Eligible",null,null,{"$f":"SUMIFS(unique_contracts!BQ:BQ,unique_contracts!$AB:$AB,\"<>sell\",unique_contracts!$BP:$BP,\"=\"&B13&\" (\"&G13&\")\",unique_contracts!$AM:$AM,\"<=\"&C$4,unique_contracts!$AP:$AP,\">=\"&C$4)","v":0},{"$f":"SUMIFS(unique_contracts!BR:BR,unique_contracts!$AB:$AB,\"<>sell\",unique_contracts!$BP:$BP,\"=\"&C13&\" (\"&H13&\")\",unique_contracts!$AM:$AM,\"<=\"&D$4,unique_contracts!$AP:$AP,\">=\"&D$4)","v":0},{"$f":"SUMIFS(unique_contracts!BS:BS,unique_contracts!$AB:$AB,\"<>sell\",unique_contracts!$BP:$BP,\"=\"&D13&\" (\"&I13&\")\",unique_contracts!$AM:$AM,\"<=\"&E$4,unique_contracts!$AP:$AP,\">=\"&E$4)","v":0},{"$f":"SUMIFS(unique_contracts!BT:BT,unique_contracts!$AB:$AB,\"<>sell\",unique_contracts!$BP:$BP,\"=\"&E13&\" (\"&J13&\")\",unique_contracts!$AM:$AM,\"<=\"&F$4,unique_contracts!$AP:$AP,\">=\"&F$4)","v":0},{"$f":"SUMIFS(unique_contracts!BQ:BQ,unique_contracts!$AB:$AB,\"=\"&\"Sell\",unique_contracts!$BP:$BP,\"=\"&B13&\" (\"&G13&\")\",unique_contracts!$AM:$AM,\"<=\"&C$4,unique_contracts!$AP:$AP,\">=\"&C$4)","v":0},{"$f":"SUMIFS(unique_contracts!BR:BR,unique_contracts!$AB:$AB,\"=\"&\"Sell\",unique_contracts!$BP:$BP,\"=\"&C13&\" (\"&H13&\")\",unique_contracts!$AM:$AM,\"<=\"&D$4,unique_contracts!$AP:$AP,\">=\"&D$4)","v":0},{"$f":"SUMIFS(unique_contracts!BS:BS,unique_contracts!$AB:$AB,\"=\"&\"Sell\",unique_contracts!$BP:$BP,\"=\"&D13&\" (\"&I13&\")\",unique_contracts!$AM:$AM,\"<=\"&E$4,unique_contracts!$AP:$AP,\">=\"&E$4)","v":0},{"$f":"SUMIFS(unique_contracts!BT:BT,unique_contracts!$AB:$AB,\"=\"&\"Sell\",unique_contracts!$BP:$BP,\"=\"&E13&\" (\"&J13&\")\",unique_contracts!$AM:$AM,\"<=\"&F$4,unique_contracts!$AP:$AP,\">=\"&F$4)","v":0},0,0,0,0]
[null,"Wind New PG&E",0,0,0,0,"GWh","RPS Eligible",null,null,{"$f":"SUMIFS(unique_contracts!BQ:BQ,unique_contracts!$AB:$AB,\"<>sell\",unique_contracts!$BP:$BP,\"=\"&B14&\" (\"&G14&\")\",unique_contracts!$AM:$AM,\"<=\"&C$4,unique_contracts!$AP:$AP,\">=\"&C$4)","v":0},{"$f":"SUMIFS(unique_contracts!BR:BR,unique_contracts!$AB:$AB,\"<>sell\",unique_contracts!$BP:$BP,\"=\"&C14&\" (\"&H14&\")\",unique_contracts!$AM:$AM,\"<=\"&D$4,unique_contracts!$AP:$AP,\">=\"&D$4)","v":0},{"$f":"SUMIFS(unique_contracts!BS:BS,unique_contracts!$AB:$AB,\"<>sell\",unique_contracts!$BP:$BP,\"=\"&D14&\" (\"&I14&\")\",unique_contracts!$AM:$AM,\"<=\"&E$4,unique_contracts!$AP:$AP,\">=\"&E$4)","v":0},{"$f":"SUMIFS(unique_contracts!BT:BT,unique_contracts!$AB:$AB,\"<>sell\",unique_contracts!$BP:$BP,\"=\"&E14&\" (\"&J14&\")\",unique_contracts!$AM:$AM,\"<=\"&F$4,unique_contracts!$AP:$AP,\">=\"&F$4)","v":0},{"$f":"SUMIFS(unique_contracts!BQ:BQ,unique_contracts!$AB:$AB,\"=\"&\"Sell\",unique_contracts!$BP:$BP,\"=\"&B14&\" (\"&G14&\")\",unique_contracts!$AM:$AM,\"<=\"&C$4,unique_contracts!$AP:$AP,\">=\"&C$4)","v":0},{"$f":"SUMIFS(unique_contracts!BR:BR,unique_contracts!$AB:$AB,\"=\"&\"Sell\",unique_contracts!$BP:$BP,\"=\"&C14&\" (\"&H14&\")\",unique_contracts!$AM:$AM,\"<=\"&D$4,unique_contracts!$AP:$AP,\">=\"&D$4)","v":0},{"$f":"SUMIFS(unique_contracts!BS:BS,unique_contracts!$AB:$AB,\"=\"&\"Sell\",unique_contracts!$BP:$BP,\"=\"&D14&\" (\"&I14&\")\",unique_contracts!$AM:$AM,\"<=\"&E$4,unique_contracts!$AP:$AP,\">=\"&E$4)","v":0},{"$f":"SUMIFS(unique_contracts!BT:BT,unique_contracts!$AB:$AB,\"=\"&\"Sell\",unique_contracts!$BP:$BP,\"=\"&E14&\" (\"&J14&\")\",unique_contracts!$AM:$AM,\"<=\"&F$4,unique_contracts!$AP:$AP,\">=\"&F$4)","v":0},0,0,0,0]
[null,"Wind New SCE SDG&E",0,0,0,0,"GWh","RPS Eligible",null,null,{"$f":"SUMIFS(unique_contracts!BQ:BQ,unique_contracts!$AB:$AB,\"<>sell\",unique_contracts!$BP:$BP,\"=\"&B15&\" (\"&G15&\")\",unique_contracts!$AM:$AM,\"<=\"&C$4,unique_contracts!$AP:$AP,\">=\"&C$4)","v":0},{"$f":"SUMIFS(unique_contracts!BR:BR,unique_contracts!$AB:$AB,\"<>sell\",unique_contracts!$BP:$BP,\"=\"&C15&\" (\"&H15&\")\",unique_contracts!$AM:$AM,\"<=\"&D$4,unique_contracts!$AP:$AP,\">=\"&D$4)","v":0},{"$f":"SUMIFS(unique_contracts!BS:BS,unique_contracts!$AB:$AB,\"<>sell\",unique_contracts!$BP:$BP,\"=\"&D15&\" (\"&I15&\")\",unique_contracts!$AM:$AM,\"<=\"&E$4,unique_contracts!$AP:$AP,\">=\"&E$4)","v":0},{"$f":"SUMIFS(unique_contracts!BT:BT,unique_contracts!$AB:$AB,\"<>sell\",unique_contracts!$BP:$BP,\"=\"&E15&\" (\"&J15&\")\",unique_contracts!$AM:$AM,\"<=\"&F$4,unique_contracts!$AP:$AP,\">=\"&F$4)","v":0},{"$f":"SUMIFS(unique_contracts!BQ:BQ,unique_contracts!$AB:$AB,\"=\"&\"Sell\",unique_contracts!$BP:$BP,\"=\"&B15&\" (\"&G15&\")\",unique_contracts!$AM:$AM,\"<=\"&C$4,unique_contracts!$AP:$AP,\">=\"&C$4)","v":0},{"$f":"SUMIFS(unique_contracts!BR:BR,unique_contracts!$AB:$AB,\"=\"&\"Sell\",unique_contracts!$BP:$BP,\"=\"&C15&\" (\"&H15&\")\",unique_contracts!$AM:$AM,\"<=\"&D$4,unique_contracts!$AP:$AP,\">=\"&D$4)","v":0},{"$f":"SUMIFS(unique_contracts!BS:BS,unique_contracts!$AB:$AB,\"=\"&\"Sell\",unique_contracts!$BP:$BP,\"=\"&D15&\" (\"&I15&\")\",unique_contracts!$AM:$AM,\"<=\"&E$4,unique_contracts!$AP:$AP,\">=\"&E$4)","v":0},{"$f":"SUMIFS(unique_contracts!BT:BT,unique_contracts!$AB:$AB,\"=\"&\"Sell\",unique_contracts!$BP:$BP,\"=\"&E15&\" (\"&J15&\")\",unique_contracts!$AM:$AM,\"<=\"&F$4,unique_contracts!$AP:$AP,\">=\"&F$4)","v":0},0,0,0,0]
[null,"Wind Pacific Northwest",0,0,0,0,"GWh","RPS Eligible",null,null,{"$f":"SUMIFS(unique_contracts!BQ:BQ,unique_contracts!$AB:$AB,\"<>sell\",unique_contracts!$BP:$BP,\"=\"&B16&\" (\"&G16&\")\",unique_contracts!$AM:$AM,\"<=\"&C$4,unique_contracts!$AP:$AP,\">=\"&C$4)","v":0},{"$f":"SUMIFS(unique_contracts!BR:BR,unique_contracts!$AB:$AB,\"<>sell\",unique_contracts!$BP:$BP,\"=\"&C16&\" (\"&H16&\")\",unique_contracts!$AM:$AM,\"<=\"&D$4,unique_contracts!$AP:$AP,\">=\"&D$4)","v":0},{"$f":"SUMIFS(unique_contracts!BS:BS,unique_contracts!$AB:$AB,\"<>sell\",unique_contracts!$BP:$BP,\"=\"&D16&\" (\"&I16&\")\",unique_contracts!$AM:$AM,\"<=\"&E$4,unique_contracts!$AP:$AP,\">=\"&E$4)","v":0},{"$f":"SUMIFS(unique_contracts!BT:BT,unique_contracts!$AB:$AB,\"<>sell\",unique_contracts!$BP:$BP,\"=\"&E16&\" (\"&J16&\")\",unique_contracts!$AM:$AM,\"<=\"&F$4,unique_contracts!$AP:$AP,\">=\"&F$4)","v":0},{"$f":"SUMIFS(unique_contracts!BQ:BQ,unique_contracts!$AB:$AB,\"=\"&\"Sell\",unique_contracts!$BP:$BP,\"=\"&B16&\" (\"&G16&\")\",unique_contracts!$AM:$AM,\"<=\"&C$4,unique_contracts!$AP:$AP,\">=\"&C$4)","v":0},{"$f":"SUMIFS(unique_contracts!BR:BR,unique_contracts!$AB:$AB,\"=\"&\"Sell\",unique_contracts!$BP:$BP,\"=\"&C16&\" (\"&H16&\")\",unique_contracts!$AM:$AM,\"<=\"&D$4,unique_contracts!$AP:$AP,\">=\"&D$4)","v":0},{"$f":"SUMIFS(unique_contracts!BS:BS,unique_contracts!$AB:$AB,\"=\"&\"Sell\",unique_contracts!$BP:$BP,\"=\"&D16&\" (\"&I16&\")\",unique_contracts!$AM:$AM,\"<=\"&E$4,unique_contracts!$AP:$AP,\">=\"&E$4)","v":0},{"$f":"SUMIFS(unique_contracts!BT:BT,unique_contracts!$AB:$AB,\"=\"&\"Sell\",unique_contracts!$BP:$BP,\"=\"&E16&\" (\"&J16&\")\",unique_contracts!$AM:$AM,\"<=\"&F$4,unique_contracts!$AP:$AP,\">=\"&F$4)","v":0},0,0,0,0]
[null,"Wind Wyoming",0,0,0,0,"GWh","RPS Eligible",null,null,{"$f":"SUMIFS(unique_contracts!BQ:BQ,unique_contracts!$AB:$AB,\"<>sell\",unique_contracts!$BP:$BP,\"=\"&B17&\" (\"&G17&\")\",unique_contracts!$AM:$AM,\"<=\"&C$4,unique_contracts!$AP:$AP,\">=\"&C$4)","v":0},{"$f":"SUMIFS(unique_contracts!BR:BR,unique_contracts!$AB:$AB,\"<>sell\",unique_contracts!$BP:$BP,\"=\"&C17&\" (\"&H17&\")\",unique_contracts!$AM:$AM,\"<=\"&D$4,unique_contracts!$AP:$AP,\">=\"&D$4)","v":0},{"$f":"SUMIFS(unique_contracts!BS:BS,unique_contracts!$AB:$AB,\"<>sell\",unique_contracts!$BP:$BP,\"=\"&D17&\" (\"&I17&\")\",unique_contracts!$AM:$AM,\"<=\"&E$4,unique_contracts!$AP:$AP,\">=\"&E$4)","v":0},{"$f":"SUMIFS(unique_contracts!BT:BT,unique_contracts!$AB:$AB,\"<>sell\",unique_contracts!$BP:$BP,\"=\"&E17&\" (\"&J17&\")\",unique_contracts!$AM:$AM,\"<=\"&F$4,unique_contracts!$AP:$AP,\">=\"&F$4)","v":0},{"$f":"SUMIFS(unique_contracts!BQ:BQ,unique_contracts!$AB:$AB,\"=\"&\"Sell\",unique_contracts!$BP:$BP,\"=\"&B17&\" (\"&G17&\")\",unique_contracts!$AM:$AM,\"<=\"&C$4,unique_contracts!$AP:$AP,\">=\"&C$4)","v":0},{"$f":"SUMIFS(unique_contracts!BR:BR,unique_contracts!$AB:$AB,\"=\"&\"Sell\",unique_contracts!$BP:$BP,\"=\"&C17&\" (\"&H17&\")\",unique_contracts!$AM:$AM,\"<=\"&D$4,unique_contracts!$AP:$AP,\">=\"&D$4)","v":0},{"$f":"SUMIFS(unique_contracts!BS:BS,unique_contracts!$AB:$AB,\"=\"&\"Sell\",unique_contracts!$BP:$BP,\"=\"&D17&\" (\"&I17&\")\",unique_contracts!$AM:$AM,\"<=\"&E$4,unique_contracts!$AP:$AP,\">=\"&E$4)","v":0},{"$f":"SUMIFS(unique_contracts!BT:BT,unique_contracts!$AB:$AB,\"=\"&\"Sell\",unique_contracts!$BP:$BP,\"=\"&E17&\" (\"&J17&\")\",unique_contracts!$AM:$AM,\"<=\"&F$4,unique_contracts!$AP:$AP,\">=\"&F$4)","v":0},0,0,0,0]
[null,"Wind New Mexico",0,0,0,0,"GWh","RPS Eligible",null,null,{"$f":"SUMIFS(unique_contracts!BQ:BQ,unique_contracts!$AB:$AB,\"<>sell\",unique_contracts!$BP:$BP,\"=\"&B18&\" (\"&G18&\")\",unique_contracts!$AM:$AM,\"<=\"&C$4,unique_contracts!$AP:$AP,\">=\"&C$4)","v":0},{"$f":"SUMIFS(unique_contracts!BR:BR,unique_contracts!$AB:$AB,\"<>sell\",unique_contracts!$BP:$BP,\"=\"&C18&\" (\"&H18&\")\",unique_contracts!$AM:$AM,\"<=\"&D$4,unique_contracts!$AP:$AP,\">=\"&D$4)","v":0},{"$f":"SUMIFS(unique_contracts!BS:BS,unique_contracts!$AB:$AB,\"<>sell\",unique_contracts!$BP:$BP,\"=\"&D18&\" (\"&I18&\")\",unique_contracts!$AM:$AM,\"<=\"&E$4,unique_contracts!$AP:$AP,\">=\"&E$4)","v":0},{"$f":"SUMIFS(unique_contracts!BT:BT,unique_contracts!$AB:$AB,\"<>sell\",unique_contracts!$BP:$BP,\"=\"&E18&\" (\"&J18&\")\",unique_contracts!$AM:$AM,\"<=\"&F$4,unique_contracts!$AP:$AP,\">=\"&F$4)","v":0},{"$f":"SUMIFS(unique_contracts!BQ:BQ,unique_contracts!$AB:$AB,\"=\"&\"Sell\",unique_contracts!$BP:$BP,\"=\"&B18&\" (\"&G18&\")\",unique_contracts!$AM:$AM,\"<=\"&C$4,unique_contracts!$AP:$AP,\">=\"&C$4)","v":0},{"$f":"SUMIFS(unique_contracts!BR:BR,unique_contracts!$AB:$AB,\"=\"&\"Sell\",unique_contracts!$BP:$BP,\"=\"&C18&\" (\"&H18&\")\",unique_contracts!$AM:$AM,\"<=\"&D$4,unique_contracts!$AP:$AP,\">=\"&D$4)","v":0},{"$f":"SUMIFS(unique_contracts!BS:BS,unique_contracts!$AB:$AB,\"=\"&\"Sell\",unique_contracts!$BP:$BP,\"=\"&D18&\" (\"&I18&\")\",unique_contracts!$AM:$AM,\"<=\"&E$4,unique_contracts!$AP:$AP,\">=\"&E$4)","v":0},{"$f":"SUMIFS(unique_contracts!BT:BT,unique_contracts!$AB:$AB,\"=\"&\"Sell\",unique_contracts!$BP:$BP,\"=\"&E18&\" (\"&J18&\")\",unique_contracts!$AM:$AM,\"<=\"&F$4,unique_contracts!$AP:$AP,\">=\"&F$4)","v":0},0,0,0,0]
[null,"Wind Offshore Morro Bay",0,0,0,0,"GWh","RPS Eligible",null,null,{"$f":"SUMIFS(unique_contracts!BQ:BQ,unique_contracts!$AB:$AB,\"<>sell\",unique_contracts!$BP:$BP,\"=\"&B19&\" (\"&G19&\")\",unique_contracts!$AM:$AM,\"<=\"&C$4,unique_contracts!$AP:$AP,\">=\"&C$4)","v":0},{"$f":"SUMIFS(unique_contracts!BR:BR,unique_contracts!$AB:$AB,\"<>sell\",unique_contracts!$BP:$BP,\"=\"&C19&\" (\"&H19&\")\",unique_contracts!$AM:$AM,\"<=\"&D$4,unique_contracts!$AP:$AP,\">=\"&D$4)","v":0},{"$f":"SUMIFS(unique_contracts!BS:BS,unique_contracts!$AB:$AB,\"<>sell\",unique_contracts!$BP:$BP,\"=\"&D19&\" (\"&I19&\")\",unique_contracts!$AM:$AM,\"<=\"&E$4,unique_contracts!$AP:$AP,\">=\"&E$4)","v":0},{"$f":"SUMIFS(unique_contracts!BT:BT,unique_contracts!$AB:$AB,\"<>sell\",unique_contracts!$BP:$BP,\"=\"&E19&\" (\"&J19&\")\",unique_contracts!$AM:$AM,\"<=\"&F$4,unique_contracts!$AP:$AP,\">=\"&F$4)","v":0},{"$f":"SUMIFS(unique_contracts!BQ:BQ,unique_contracts!$AB:$AB,\"=\"&\"Sell\",unique_contracts!$BP:$BP,\"=\"&B19&\" (\"&G19&\")\",unique_contracts!$AM:$AM,\"<=\"&C$4,unique_contracts!$AP:$AP,\">=\"&C$4)","v":0},{"$f":"SUMIFS(unique_contracts!BR:BR,unique_contracts!$AB:$AB,\"=\"&\"Sell\",unique_contracts!$BP:$BP,\"=\"&C19&\" (\"&H19&\")\",unique_contracts!$AM:$AM,\"<=\"&D$4,unique_contracts!$AP:$AP,\">=\"&D$4)","v":0},{"$f":"SUMIFS(unique_contracts!BS:BS,unique_contracts!$AB:$AB,\"=\"&\"Sell\",unique_contracts!$BP:$BP,\"=\"&D19&\" (\"&I19&\")\",unique_contracts!$AM:$AM,\"<=\"&E$4,unique_contracts!$AP:$AP,\">=\"&E$4)","v":0},{"$f":"SUMIFS(unique_contracts!BT:BT,unique_contracts!$AB:$AB,\"=\"&\"Sell\",unique_contracts!$BP:$BP,\"=\"&E19&\" (\"&J19&\")\",unique_contracts!$AM:$AM,\"<=\"&F$4,unique_contracts!$AP:$AP,\">=\"&F$4)","v":0},0,0,0,0]
[null,"Wind Offshore Humboldt",0,0,0,0,"GWh","RPS Eligible",null,null,{"$f":"SUMIFS(unique_contracts!BQ:BQ,unique_contracts!$AB:$AB,\"<>sell\",unique_contracts!$BP:$BP,\"=\"&B20&\" (\"&G20&\")\",unique_contracts!$AM:$AM,\"<=\"&C$4,unique_contracts!$AP:$AP,\">=\"&C$4)","v":0},{"$f":"SUMIFS(unique_contracts!BR:BR,unique_contracts!$AB:$AB,\"<>sell\",unique_contracts!$BP:$BP,\"=\"&C20&\" (\"&H20&\")\",unique_contracts!$AM:$AM,\"<=\"&D$4,unique_contracts!$AP:$AP,\">=\"&D$4)","v":0},{"$f":"SUMIFS(unique_contracts!BS:BS,unique_contracts!$AB:$AB,\"<>sell\",unique_contracts!$BP:$BP,\"=\"&D20&\" (\"&I20&\")\",unique_contracts!$AM:$AM,\"<=\"&E$4,unique_contracts!$AP:$AP,\">=\"&E$4)","v":0},{"$f":"SUMIFS(unique_contracts!BT:BT,unique_contracts!$AB:$AB,\"<>sell\",unique_contracts!$BP:$BP,\"=\"&E20&\" (\"&J20&\")\",unique_contracts!$AM:$AM,\"<=\"&F$4,unique_contracts!$AP:$AP,\">=\"&F$4)","v":0},{"$f":"SUMIFS(unique_contracts!BQ:BQ,unique_contracts!$AB:$AB,\"=\"&\"Sell\",unique_contracts!$BP:$BP,\"=\"&B20&\" (\"&G20&\")\",unique_contracts!$AM:$AM,\"<=\"&C$4,unique_contracts!$AP:$AP,\">=\"&C$4)","v":0},{"$f":"SUMIFS(unique_contracts!BR:BR,unique_contracts!$AB:$AB,\"=\"&\"Sell\",unique_contracts!$BP:$BP,\"=\"&C20&\" (\"&H20&\")\",unique_contracts!$AM:$AM,\"<=\"&D$4,unique_contracts!$AP:$AP,\">=\"&D$4)","v":0},{"$f":"SUMIFS(unique_contracts!BS:BS,unique_contracts!$AB:$AB,\"=\"&\"Sell\",unique_contracts!$BP:$BP,\"=\"&D20&\" (\"&I20&\")\",unique_contracts!$AM:$AM,\"<=\"&E$4,unique_contracts!$AP:$AP,\">=\"&E$4)","v":0},{"$f":"SUMIFS(unique_contracts!BT:BT,unique_contracts!$AB:$AB,\"=\"&\"Sell\",unique_contracts!$BP:$BP,\"=\"&E20&\" (\"&J20&\")\",unique_contracts!$AM:$AM,\"<=\"&F$4,unique_contracts!$AP:$AP,\">=\"&F$4)","v":0},0,0,0,0]
[null,"Solar Resources"]
[null,"Solar Existing California",0,0,0,0,"GWh","RPS Eligible",null,null,{"$f":"SUMIFS(unique_contracts!BQ:BQ,unique_contracts!$AB:$AB,\"<>sell\",unique_contracts!$BP:$BP,\"=\"&B22&\" (\"&G22&\")\",unique_contracts!$AM:$AM,\"<=\"&C$4,unique_contracts!$AP:$AP,\">=\"&C$4)","v":0},{"$f":"SUMIFS(unique_contracts!BR:BR,unique_contracts!$AB:$AB,\"<>sell\",unique_contracts!$BP:$BP,\"=\"&C22&\" (\"&H22&\")\",unique_contracts!$AM:$AM,\"<=\"&D$4,unique_contracts!$AP:$AP,\">=\"&D$4)","v":0},{"$f":"SUMIFS(unique_contracts!BS:BS,unique_contracts!$AB:$AB,\"<>sell\",unique_contracts!$BP:$BP,\"=\"&D22&\" (\"&I22&\")\",unique_contracts!$AM:$AM,\"<=\"&E$4,unique_contracts!$AP:$AP,\">=\"&E$4)","v":0},{"$f":"SUMIFS(unique_contracts!BT:BT,unique_contracts!$AB:$AB,\"<>sell\",unique_contracts!$BP:$BP,\"=\"&E22&\" (\"&J22&\")\",unique_contracts!$AM:$AM,\"<=\"&F$4,unique_contracts!$AP:$AP,\">=\"&F$4)","v":0},{"$f":"SUMIFS(unique_contracts!BQ:BQ,unique_contracts!$AB:$AB,\"=\"&\"Sell\",unique_contracts!$BP:$BP,\"=\"&B22&\" (\"&G22&\")\",unique_contracts!$AM:$AM,\"<=\"&C$4,unique_contracts!$AP:$AP,\">=\"&C$4)","v":0},{"$f":"SUMIFS(unique_contracts!BR:BR,unique_contracts!$AB:$AB,\"=\"&\"Sell\",unique_contracts!$BP:$BP,\"=\"&C22&\" (\"&H22&\")\",unique_contracts!$AM:$AM,\"<=\"&D$4,unique_contracts!$AP:$AP,\">=\"&D$4)","v":0},{"$f":"SUMIFS(unique_contracts!BS:BS,unique_contracts!$AB:$AB,\"=\"&\"Sell\",unique_contracts!$BP:$BP,\"=\"&D22&\" (\"&I22&\")\",unique_contracts!$AM:$AM,\"<=\"&E$4,unique_contracts!$AP:$AP,\">=\"&E$4)","v":0},{"$f":"SUMIFS(unique_contracts!BT:BT,unique_contracts!$AB:$AB,\"=\"&\"Sell\",unique_contracts!$BP:$BP,\"=\"&E22&\" (\"&J22&\")\",unique_contracts!$AM:$AM,\"<=\"&F$4,unique_contracts!$AP:$AP,\">=\"&F$4)","v":0},0,0,0,0]
[null,"Solar New PG&E",0,0,0,0,"GWh","RPS Eligible",null,null,{"$f":"SUMIFS(unique_contracts!BQ:BQ,unique_contracts!$AB:$AB,\"<>sell\",unique_contracts!$BP:$BP,\"=\"&B23&\" (\"&G23&\")\",unique_contracts!$AM:$AM,\"<=\"&C$4,unique_contracts!$AP:$AP,\">=\"&C$4)","v":0},{"$f":"SUMIFS(unique_contracts!BR:BR,unique_contracts!$AB:$AB,\"<>sell\",unique_contracts!$BP:$BP,\"=\"&C23&\" (\"&H23&\")\",unique_contracts!$AM:$AM,\"<=\"&D$4,unique_contracts!$AP:$AP,\">=\"&D$4)","v":0},{"$f":"SUMIFS(unique_contracts!BS:BS,unique_contracts!$AB:$AB,\"<>sell\",unique_contracts!$BP:$BP,\"=\"&D23&\" (\"&I23&\")\",unique_contracts!$AM:$AM,\"<=\"&E$4,unique_contracts!$AP:$AP,\">=\"&E$4)","v":0},{"$f":"SUMIFS(unique_contracts!BT:BT,unique_contracts!$AB:$AB,\"<>sell\",unique_contracts!$BP:$BP,\"=\"&E23&\" (\"&J23&\")\",unique_contracts!$AM:$AM,\"<=\"&F$4,unique_contracts!$AP:$AP,\">=\"&F$4)","v":0},{"$f":"SUMIFS(unique_contracts!BQ:BQ,unique_contracts!$AB:$AB,\"=\"&\"Sell\",unique_contracts!$BP:$BP,\"=\"&B23&\" (\"&G23&\")\",unique_contracts!$AM:$AM,\"<=\"&C$4,unique_contracts!$AP:$AP,\">=\"&C$4)","v":0},{"$f":"SUMIFS(unique_contracts!BR:BR,unique_contracts!$AB:$AB,\"=\"&\"Sell\",unique_contracts!$BP:$BP,\"=\"&C23&\" (\"&H23&\")\",unique_contracts!$AM:$AM,\"<=\"&D$4,unique_contracts!$AP:$AP,\">=\"&D$4)","v":0},{"$f":"SUMIFS(unique_contracts!BS:BS,unique_contracts!$AB:$AB,\"=\"&\"Sell\",unique_contracts!$BP:$BP,\"=\"&D23&\" (\"&I23&\")\",unique_contracts!$AM:$AM,\"<=\"&E$4,unique_contracts!$AP:$AP,\">=\"&E$4)","v":0},{"$f":"SUMIFS(unique_contracts!BT:BT,unique_contracts!$AB:$AB,\"=\"&\"Sell\",unique_contracts!$BP:$BP,\"=\"&E23&\" (\"&J23&\")\",unique_contracts!$AM:$AM,\"<=\"&F$4,unique_contracts!$AP:$AP,\">=\"&F$4)","v":0},0,0,0,0]
[null,"Solar New SCE SDG&E",0,0,0,0,"GWh","RPS Eligible",null,null,{"$f":"SUMIFS(unique_contracts!BQ:BQ,unique_contracts!$AB:$AB,\"<>sell\",unique_contracts!$BP:$BP,\"=\"&B24&\" (\"&G24&\")\",unique_contracts!$AM:$AM,\"<=\"&C$4,unique_contracts!$AP:$AP,\">=\"&C$4)","v":0},{"$f":"SUMIFS(unique_contracts!BR:BR,unique_contracts!$AB:$AB,\"<>sell\",unique_contracts!$BP:$BP,\"=\"&C24&\" (\"&H24&\")\",unique_contracts!$AM:$AM,\"<=\"&D$4,unique_contracts!$AP:$AP,\">=\"&D$4)","v":0},{"$f":"SUMIFS(unique_contracts!BS:BS,unique_contracts!$AB:$AB,\"<>sell\",unique_contracts!$BP:$BP,\"=\"&D24&\" (\"&I24&\")\",unique_contracts!$AM:$AM,\"<=\"&E$4,unique_contracts!$AP:$AP,\">=\"&E$4)","v":0},{"$f":"SUMIFS(unique_contracts!BT:BT,unique_contracts!$AB:$AB,\"<>sell\",unique_contracts!$BP:$BP,\"=\"&E24&\" (\"&J24&\")\",unique_contracts!$AM:$AM,\"<=\"&F$4,unique_contracts!$AP:$AP,\">=\"&F$4)","v":0},{"$f":"SUMIFS(unique_contracts!BQ:BQ,unique_contracts!$AB:$AB,\"=\"&\"Sell\",unique_contracts!$BP:$BP,\"=\"&B24&\" (\"&G24&\")\",unique_contracts!$AM:$AM,\"<=\"&C$4,unique_contracts!$AP:$AP,\">=\"&C$4)","v":0},{"$f":"SUMIFS(unique_contracts!BR:BR,unique_contracts!$AB:$AB,\"=\"&\"Sell\",unique_contracts!$BP:$BP,\"=\"&C24&\" (\"&H24&\")\",unique_contracts!$AM:$AM,\"<=\"&D$4,unique_contracts!$AP:$AP,\">=\"&D$4)","v":0},{"$f":"SUMIFS(unique_contracts!BS:BS,unique_contracts!$AB:$AB,\"=\"&\"Sell\",unique_contracts!$BP:$BP,\"=\"&D24&\" (\"&I24&\")\",unique_contracts!$AM:$AM,\"<=\"&E$4,unique_contracts!$AP:$AP,\">=\"&E$4)","v":0},{"$f":"SUMIFS(unique_contracts!BT:BT,unique_contracts!$AB:$AB,\"=\"&\"Sell\",unique_contracts!$BP:$BP,\"=\"&E24&\" (\"&J24&\")\",unique_contracts!$AM:$AM,\"<=\"&F$4,unique_contracts!$AP:$AP,\">=\"&F$4)","v":0},0,0,0,0]
[null,"Solar Distributed",0,0,0,0,"GWh","RPS Eligible",null,null,{"$f":"SUMIFS(unique_contracts!BQ:BQ,unique_contracts!$AB:$AB,\"<>sell\",unique_contracts!$BP:$BP,\"=\"&B25&\" (\"&G25&\")\",unique_contracts!$AM:$AM,\"<=\"&C$4,unique_contracts!$AP:$AP,\">=\"&C$4)","v":0},{"$f":"SUMIFS(unique_contracts!BR:BR,unique_contracts!$AB:$AB,\"<>sell\",unique_contracts!$BP:$BP,\"=\"&C25&\" (\"&H25&\")\",unique_contracts!$AM:$AM,\"<=\"&D$4,unique_contracts!$AP:$AP,\">=\"&D$4)","v":0},{"$f":"SUMIFS(unique_contracts!BS:BS,unique_contracts!$AB:$AB,\"<>sell\",unique_contracts!$BP:$BP,\"=\"&D25&\" (\"&I25&\")\",unique_contracts!$AM:$AM,\"<=\"&E$4,unique_contracts!$AP:$AP,\">=\"&E$4)","v":0},{"$f":"SUMIFS(unique_contracts!BT:BT,unique_contracts!$AB:$AB,\"<>sell\",unique_contracts!$BP:$BP,\"=\"&E25&\" (\"&J25&\")\",unique_contracts!$AM:$AM,\"<=\"&F$4,unique_contracts!$AP:$AP,\">=\"&F$4)","v":0},{"$f":"SUMIFS(unique_contracts!BQ:BQ,unique_contracts!$AB:$AB,\"=\"&\"Sell\",unique_contracts!$BP:$BP,\"=\"&B25&\" (\"&G25&\")\",unique_contracts!$AM:$AM,\"<=\"&C$4,unique_contracts!$AP:$AP,\">=\"&C$4)","v":0},{"$f":"SUMIFS(unique_contracts!BR:BR,unique_contracts!$AB:$AB,\"=\"&\"Sell\",unique_contracts!$BP:$BP,\"=\"&C25&\" (\"&H25&\")\",unique_contracts!$AM:$AM,\"<=\"&D$4,unique_contracts!$AP:$AP,\">=\"&D$4)","v":0},{"$f":"SUMIFS(unique_contracts!BS:BS,unique_contracts!$AB:$AB,\"=\"&\"Sell\",unique_contracts!$BP:$BP,\"=\"&D25&\" (\"&I25&\")\",unique_contracts!$AM:$AM,\"<=\"&E$4,unique_contracts!$AP:$AP,\">=\"&E$4)","v":0},{"$f":"SUMIFS(unique_contracts!BT:BT,unique_contracts!$AB:$AB,\"=\"&\"Sell\",unique_contracts!$BP:$BP,\"=\"&E25&\" (\"&J25&\")\",unique_contracts!$AM:$AM,\"<=\"&F$4,unique_contracts!$AP:$AP,\">=\"&F$4)","v":0},0,0,0,0]
[null,"Hybrid",null,null,null,null,null,null,null,null,{"$f":"SUMIFS(unique_contracts!BQ:BQ,unique_contracts!$AB:$AB,\"<>sell\",unique_contracts!$BP:$BP,\"=\"&B26&\" (\"&G26&\")\",unique_contracts!$AM:$AM,\"<=\"&C$4,unique_contracts!$AP:$AP,\">=\"&C$4)","v":0},{"$f":"SUMIFS(unique_contracts!BR:BR,unique_contracts!$AB:$AB,\"<>sell\",unique_contracts!$BP:$BP,\"=\"&C26&\" (\"&H26&\")\",unique_contracts!$AM:$AM,\"<=\"&D$4,unique_contracts!$AP:$AP,\">=\"&D$4)","v":0},{"$f":"SUMIFS(unique_contracts!BS:BS,unique_contracts!$AB:$AB,\"<>sell\",unique_contracts!$BP:$BP,\"=\"&D26&\" (\"&I26&\")\",unique_contracts!$AM:$AM,\"<=\"&E$4,unique_contracts!$AP:$AP,\">=\"&E$4)","v":0},{"$f":"SUMIFS(unique_contracts!BT:BT,unique_contracts!$AB:$AB,\"<>sell\",unique_contracts!$BP:$BP,\"=\"&E26&\" (\"&J26&\")\",unique_contracts!$AM:$AM,\"<=\"&F$4,unique_contracts!$AP:$AP,\">=\"&F$4)","v":0},{"$f":"SUMIFS(unique_contracts!BQ:BQ,unique_contracts!$AB:$AB,\"=\"&\"Sell\",unique_contracts!$BP:$BP,\"=\"&B26&\" (\"&G26&\")\",unique_contracts!$AM:$AM,\"<=\"&C$4,unique_contracts!$AP:$AP,\">=\"&C$4)","v":0},{"$f":"SUMIFS(unique_contracts!BR:BR,unique_contracts!$AB:$AB,\"=\"&\"Sell\",unique_contracts!$BP:$BP,\"=\"&C26&\" (\"&H26&\")\",unique_contracts!$AM:$AM,\"<=\"&D$4,unique_contracts!$AP:$AP,\">=\"&D$4)","v":0},{"$f":"SUMIFS(unique_contracts!BS:BS,unique_contracts!$AB:$AB,\"=\"&\"Sell\",unique_contracts!$BP:$BP,\"=\"&D26&\" (\"&I26&\")\",unique_contracts!$AM:$AM,\"<=\"&E$4,unique_contracts!$AP:$AP,\">=\"&E$4)","v":0},{"$f":"SUMIFS(unique_contracts!BT:BT,unique_contracts!$AB:$AB,\"=\"&\"Sell\",unique_contracts!$BP:$BP,\"=\"&E26&\" (\"&J26&\")\",unique_contracts!$AM:$AM,\"<=\"&F$4,unique_contracts!$AP:$AP,\">=\"&F$4)","v":0},0,0,0,0]
[null,"Hybrid_or_Paired_Solar_and_Battery",0,0,0,0,"GWh","RPS Eligible",null,null,{"$f":"SUMIFS(unique_contracts!BQ:BQ,unique_contracts!$AB:$AB,\"<>sell\",unique_contracts!$BP:$BP,\"=\"&B27&\" (\"&G27&\")\",unique_contracts!$AM:$AM,\"<=\"&C$4,unique_contracts!$AP:$AP,\">=\"&C$4)","v":0},{"$f":"SUMIFS(unique_contracts!BR:BR,unique_contracts!$AB:$AB,\"<>sell\",unique_contracts!$BP:$BP,\"=\"&C27&\" (\"&H27&\")\",unique_contracts!$AM:$AM,\"<=\"&D$4,unique_contracts!$AP:$AP,\">=\"&D$4)","v":0},{"$f":"SUMIFS(unique_contracts!BS:BS,unique_contracts!$AB:$AB,\"<>sell\",unique_contracts!$BP:$BP,\"=\"&D27&\" (\"&I27&\")\",unique_contracts!$AM:$AM,\"<=\"&E$4,unique_contracts!$AP:$AP,\">=\"&E$4)","v":0},{"$f":"SUMIFS(unique_contracts!BT:BT,unique_contracts!$AB:$AB,\"<>sell\",unique_contracts!$BP:$BP,\"=\"&E27&\" (\"&J27&\")\",unique_contracts!$AM:$AM,\"<=\"&F$4,unique_contracts!$AP:$AP,\">=\"&F$4)","v":0},{"$f":"SUMIFS(unique_contracts!BQ:BQ,unique_contracts!$AB:$AB,\"=\"&\"Sell\",unique_contracts!$BP:$BP,\"=\"&B27&\" (\"&G27&\")\",unique_contracts!$AM:$AM,\"<=\"&C$4,unique_contracts!$AP:$AP,\">=\"&C$4)","v":0},{"$f":"SUMIFS(unique_contracts!BR:BR,unique_contracts!$AB:$AB,\"=\"&\"Sell\",unique_contracts!$BP:$BP,\"=\"&C27&\" (\"&H27&\")\",unique_contracts!$AM:$AM,\"<=\"&D$4,unique_contracts!$AP:$AP,\">=\"&D$4)","v":0},{"$f":"SUMIFS(unique_contracts!BS:BS,unique_contracts!$AB:$AB,\"=\"&\"Sell\",unique_contracts!$BP:$BP,\"=\"&D27&\" (\"&I27&\")\",unique_contracts!$AM:$AM,\"<=\"&E$4,unique_contracts!$AP:$AP,\">=\"&E$4)","v":0},{"$f":"SUMIFS(unique_contracts!BT:BT,unique_contracts!$AB:$AB,\"=\"&\"Sell\",unique_contracts!$BP:$BP,\"=\"&E27&\" (\"&J27&\")\",unique_contracts!$AM:$AM,\"<=\"&F$4,unique_contracts!$AP:$AP,\">=\"&F$4)","v":0},0,0,0,0]
[null,"Storage & DR"]
[null,"Shed DR",0,0,0,0,"MW","GHG-Free",null,null,{"$f":"SUMIFS(unique_contracts!BQ:BQ,unique_contracts!$AB:$AB,\"<>sell\",unique_contracts!$BP:$BP,\"=\"&B29&\" (\"&G29&\")\",unique_contracts!$AM:$AM,\"<=\"&C$4,unique_contracts!$AP:$AP,\">=\"&C$4)","v":0},{"$f":"SUMIFS(unique_contracts!BR:BR,unique_contracts!$AB:$AB,\"<>sell\",unique_contracts!$BP:$BP,\"=\"&C29&\" (\"&H29&\")\",unique_contracts!$AM:$AM,\"<=\"&D$4,unique_contracts!$AP:$AP,\">=\"&D$4)","v":0},{"$f":"SUMIFS(unique_contracts!BS:BS,unique_contracts!$AB:$AB,\"<>sell\",unique_contracts!$BP:$BP,\"=\"&D29&\" (\"&I29&\")\",unique_contracts!$AM:$AM,\"<=\"&E$4,unique_contracts!$AP:$AP,\">=\"&E$4)","v":0},{"$f":"SUMIFS(unique_contracts!BT:BT,unique_contracts!$AB:$AB,\"<>sell\",unique_contracts!$BP:$BP,\"=\"&E29&\" (\"&J29&\")\",unique_contracts!$AM:$AM,\"<=\"&F$4,unique_contracts!$AP:$AP,\">=\"&F$4)","v":0},{"$f":"SUMIFS(unique_contracts!BQ:BQ,unique_contracts!$AB:$AB,\"=\"&\"Sell\",unique_contracts!$BP:$BP,\"=\"&B29&\" (\"&G29&\")\",unique_contracts!$AM:$AM,\"<=\"&C$4,unique_contracts!$AP:$AP,\">=\"&C$4)","v":0},{"$f":"SUMIFS(unique_contracts!BR:BR,unique_contracts!$AB:$AB,\"=\"&\"Sell\",unique_contracts!$BP:$BP,\"=\"&C29&\" (\"&H29&\")\",unique_contracts!$AM:$AM,\"<=\"&D$4,unique_contracts!$AP:$AP,\">=\"&D$4)","v":0},{"$f":"SUMIFS(unique_contracts!BS:BS,unique_contracts!$AB:$AB,\"=\"&\"Sell\",unique_contracts!$BP:$BP,\"=\"&D29&\" (\"&I29&\")\",unique_contracts!$AM:$AM,\"<=\"&E$4,unique_contracts!$AP:$AP,\">=\"&E$4)","v":0},{"$f":"SUMIFS(unique_contracts!BT:BT,unique_contracts!$AB:$AB,\"=\"&\"Sell\",unique_contracts!$BP:$BP,\"=\"&E29&\" (\"&J29&\")\",unique_contracts!$AM:$AM,\"<=\"&F$4,unique_contracts!$AP:$AP,\">=\"&F$4)","v":0},0,0,0,0]
[null,"Pumped Storage",0,0,0,0,"MW","n/a",null,null,{"$f":"SUMIFS(unique_contracts!BQ:BQ,unique_contracts!$AB:$AB,\"<>sell\",unique_contracts!$BP:$BP,\"=\"&B30&\" (\"&G30&\")\",unique_contracts!$AM:$AM,\"<=\"&C$4,unique_contracts!$AP:$AP,\">=\"&C$4)","v":0},{"$f":"SUMIFS(unique_contracts!BR:BR,unique_contracts!$AB:$AB,\"<>sell\",unique_contracts!$BP:$BP,\"=\"&C30&\" (\"&H30&\")\",unique_contracts!$AM:$AM,\"<=\"&D$4,unique_contracts!$AP:$AP,\">=\"&D$4)","v":0},{"$f":"SUMIFS(unique_contracts!BS:BS,unique_contracts!$AB:$AB,\"<>sell\",unique_contracts!$BP:$BP,\"=\"&D30&\" (\"&I30&\")\",unique_contracts!$AM:$AM,\"<=\"&E$4,unique_contracts!$AP:$AP,\">=\"&E$4)","v":0},{"$f":"SUMIFS(unique_contracts!BT:BT,unique_contracts!$AB:$AB,\"<>sell\",unique_contracts!$BP:$BP,\"=\"&E30&\" (\"&J30&\")\",unique_contracts!$AM:$AM,\"<=\"&F$4,unique_contracts!$AP:$AP,\">=\"&F$4)","v":0},{"$f":"SUMIFS(unique_contracts!BQ:BQ,unique_contracts!$AB:$AB,\"=\"&\"Sell\",unique_contracts!$BP:$BP,\"=\"&B30&\" (\"&G30&\")\",unique_contracts!$AM:$AM,\"<=\"&C$4,unique_contracts!$AP:$AP,\">=\"&C$4)","v":0},{"$f":"SUMIFS(unique_contracts!BR:BR,unique_contracts!$AB:$AB,\"=\"&\"Sell\",unique_contracts!$BP:$BP,\"=\"&C30&\" (\"&H30&\")\",unique_contracts!$AM:$AM,\"<=\"&D$4,unique_contracts!$AP:$AP,\">=\"&D$4)","v":0},{"$f":"SUMIFS(unique_contracts!BS:BS,unique_contracts!$AB:$AB,\"=\"&\"Sell\",unique_contracts!$BP:$BP,\"=\"&D30&\" (\"&I30&\")\",unique_contracts!$AM:$AM,\"<=\"&E$4,unique_contracts!$AP:$AP,\">=\"&E$4)","v":0},{"$f":"SUMIFS(unique_contracts!BT:BT,unique_contracts!$AB:$AB,\"=\"&\"Sell\",unique_contracts!$BP:$BP,\"=\"&E30&\" (\"&J30&\")\",unique_contracts!$AM:$AM,\"<=\"&F$4,unique_contracts!$AP:$AP,\">=\"&F$4)","v":0},0,0,0,0]
[null,"Battery Storage",0,0,0,0,"MWh Energy Capacity","n/a",null,null,{"$f":"SUMIFS(unique_contracts!BQ:BQ,unique_contracts!$AB:$AB,\"<>sell\",unique_contracts!$BP:$BP,\"=\"&B31&\" (\"&G31&\")\",unique_contracts!$AM:$AM,\"<=\"&C$4,unique_contracts!$AP:$AP,\">=\"&C$4)","v":0},{"$f":"SUMIFS(unique_contracts!BR:BR,unique_contracts!$AB:$AB,\"<>sell\",unique_contracts!$BP:$BP,\"=\"&C31&\" (\"&H31&\")\",unique_contracts!$AM:$AM,\"<=\"&D$4,unique_contracts!$AP:$AP,\">=\"&D$4)","v":0},{"$f":"SUMIFS(unique_contracts!BS:BS,unique_contracts!$AB:$AB,\"<>sell\",unique_contracts!$BP:$BP,\"=\"&D31&\" (\"&I31&\")\",unique_contracts!$AM:$AM,\"<=\"&E$4,unique_contracts!$AP:$AP,\">=\"&E$4)","v":0},{"$f":"SUMIFS(unique_contracts!BT:BT,unique_contracts!$AB:$AB,\"<>sell\",unique_contracts!$BP:$BP,\"=\"&E31&\" (\"&J31&\")\",unique_contracts!$AM:$AM,\"<=\"&F$4,unique_contracts!$AP:$AP,\">=\"&F$4)","v":0},{"$f":"SUMIFS(unique_contracts!BQ:BQ,unique_contracts!$AB:$AB,\"=\"&\"Sell\",unique_contracts!$BP:$BP,\"=\"&B31&\" (\"&G31&\")\",unique_contracts!$AM:$AM,\"<=\"&C$4,unique_contracts!$AP:$AP,\">=\"&C$4)","v":0},{"$f":"SUMIFS(unique_contracts!BR:BR,unique_contracts!$AB:$AB,\"=\"&\"Sell\",unique_contracts!$BP:$BP,\"=\"&C31&\" (\"&H31&\")\",unique_contracts!$AM:$AM,\"<=\"&D$4,unique_contracts!$AP:$AP,\">=\"&D$4)","v":0},{"$f":"SUMIFS(unique_contracts!BS:BS,unique_contracts!$AB:$AB,\"=\"&\"Sell\",unique_contracts!$BP:$BP,\"=\"&D31&\" (\"&I31&\")\",unique_contracts!$AM:$AM,\"<=\"&E$4,unique_contracts!$AP:$AP,\">=\"&E$4)","v":0},{"$f":"SUMIFS(unique_contracts!BT:BT,unique_contracts!$AB:$AB,\"=\"&\"Sell\",unique_contracts!$BP:$BP,\"=\"&E31&\" (\"&J31&\")\",unique_contracts!$AM:$AM,\"<=\"&F$4,unique_contracts!$AP:$AP,\">=\"&F$4)","v":0},0,0,0,0]
[null,"User-Specified Profies"]
[null,"RPS Resource",0,0,0,0,"GWh","RPS Eligible",null,null,{"$f":"SUMIFS(unique_contracts!BQ:BQ,unique_contracts!$AB:$AB,\"<>sell\",unique_contracts!$BP:$BP,\"=\"&B33&\" (\"&G33&\")\",unique_contracts!$AM:$AM,\"<=\"&C$4,unique_contracts!$AP:$AP,\">=\"&C$4)","v":0},{"$f":"SUMIFS(unique_contracts!BR:BR,unique_contracts!$AB:$AB,\"<>sell\",unique_contracts!$BP:$BP,\"=\"&C33&\" (\"&H33&\")\",unique_contracts!$AM:$AM,\"<=\"&D$4,unique_contracts!$AP:$AP,\">=\"&D$4)","v":0},{"$f":"SUMIFS(unique_contracts!BS:BS,unique_contracts!$AB:$AB,\"<>sell\",unique_contracts!$BP:$BP,\"=\"&D33&\" (\"&I33&\")\",unique_contracts!$AM:$AM,\"<=\"&E$4,unique_contracts!$AP:$AP,\">=\"&E$4)","v":0},{"$f":"SUMIFS(unique_contracts!BT:BT,unique_contracts!$AB:$AB,\"<>sell\",unique_contracts!$BP:$BP,\"=\"&E33&\" (\"&J33&\")\",unique_contracts!$AM:$AM,\"<=\"&F$4,unique_contracts!$AP:$AP,\">=\"&F$4)","v":0},{"$f":"SUMIFS(unique_contracts!BQ:BQ,unique_contracts!$AB:$AB,\"=\"&\"Sell\",unique_contracts!$BP:$BP,\"=\"&B33&\" (\"&G33&\")\",unique_contracts!$AM:$AM,\"<=\"&C$4,unique_contracts!$AP:$AP,\">=\"&C$4)","v":0},{"$f":"SUMIFS(unique_contracts!BR:BR,unique_contracts!$AB:$AB,\"=\"&\"Sell\",unique_contracts!$BP:$BP,\"=\"&C33&\" (\"&H33&\")\",unique_contracts!$AM:$AM,\"<=\"&D$4,unique_contracts!$AP:$AP,\">=\"&D$4)","v":0},{"$f":"SUMIFS(unique_contracts!BS:BS,unique_contracts!$AB:$AB,\"=\"&\"Sell\",unique_contracts!$BP:$BP,\"=\"&D33&\" (\"&I33&\")\",unique_contracts!$AM:$AM,\"<=\"&E$4,unique_contracts!$AP:$AP,\">=\"&E$4)","v":0},{"$f":"SUMIFS(unique_contracts!BT:BT,unique_contracts!$AB:$AB,\"=\"&\"Sell\",unique_contracts!$BP:$BP,\"=\"&E33&\" (\"&J33&\")\",unique_contracts!$AM:$AM,\"<=\"&F$4,unique_contracts!$AP:$AP,\">=\"&F$4)","v":0},0,0,0,0]
[null,"GHG-free non-RPS Resource",0,0,0,0,"GWh","GHG-Free",null,null,{"$f":"SUMIFS(unique_contracts!BQ:BQ,unique_contracts!$AB:$AB,\"<>sell\",unique_contracts!$BP:$BP,\"=\"&B34&\" (\"&G34&\")\",unique_contracts!$AM:$AM,\"<=\"&C$4,unique_contracts!$AP:$AP,\">=\"&C$4)","v":0},{"$f":"SUMIFS(unique_contracts!BR:BR,unique_contracts!$AB:$AB,\"<>sell\",unique_contracts!$BP:$BP,\"=\"&C34&\" (\"&H34&\")\",unique_contracts!$AM:$AM,\"<=\"&D$4,unique_contracts!$AP:$AP,\">=\"&D$4)","v":0},{"$f":"SUMIFS(unique_contracts!BS:BS,unique_contracts!$AB:$AB,\"<>sell\",unique_contracts!$BP:$BP,\"=\"&D34&\" (\"&I34&\")\",unique_contracts!$AM:$AM,\"<=\"&E$4,unique_contracts!$AP:$AP,\">=\"&E$4)","v":0},{"$f":"SUMIFS(unique_contracts!BT:BT,unique_contracts!$AB:$AB,\"<>sell\",unique_contracts!$BP:$BP,\"=\"&E34&\" (\"&J34&\")\",unique_contracts!$AM:$AM,\"<=\"&F$4,unique_contracts!$AP:$AP,\">=\"&F$4)","v":0},{"$f":"SUMIFS(unique_contracts!BQ:BQ,unique_contracts!$AB:$AB,\"=\"&\"Sell\",unique_contracts!$BP:$BP,\"=\"&B34&\" (\"&G34&\")\",unique_contracts!$AM:$AM,\"<=\"&C$4,unique_contracts!$AP:$AP,\">=\"&C$4)","v":0},{"$f":"SUMIFS(unique_contracts!BR:BR,unique_contracts!$AB:$AB,\"=\"&\"Sell\",unique_contracts!$BP:$BP,\"=\"&C34&\" (\"&H34&\")\",unique_contracts!$AM:$AM,\"<=\"&D$4,unique_contracts!$AP:$AP,\">=\"&D$4)","v":0},{"$f":"SUMIFS(unique_contracts!BS:BS,unique_contracts!$AB:$AB,\"=\"&\"Sell\",unique_contracts!$BP:$BP,\"=\"&D34&\" (\"&I34&\")\",unique_contracts!$AM:$AM,\"<=\"&E$4,unique_contracts!$AP:$AP,\">=\"&E$4)","v":0},{"$f":"SUMIFS(unique_contracts!BT:BT,unique_contracts!$AB:$AB,\"=\"&\"Sell\",unique_contracts!$BP:$BP,\"=\"&E34&\" (\"&J34&\")\",unique_contracts!$AM:$AM,\"<=\"&F$4,unique_contracts!$AP:$AP,\">=\"&F$4)","v":0},0,0,0,0]
[null,"Coal"]
[null,"Coal",0,0,0,0,"GWh","n/a",null,null,{"$f":"SUMIFS(unique_contracts!BQ:BQ,unique_contracts!$AB:$AB,\"<>sell\",unique_contracts!$BP:$BP,\"=\"&B36&\" (\"&G36&\")\",unique_contracts!$AM:$AM,\"<=\"&C$4,unique_contracts!$AP:$AP,\">=\"&C$4)","v":0},{"$f":"SUMIFS(unique_contracts!BR:BR,unique_contracts!$AB:$AB,\"<>sell\",unique_contracts!$BP:$BP,\"=\"&C36&\" (\"&H36&\")\",unique_contracts!$AM:$AM,\"<=\"&D$4,unique_contracts!$AP:$AP,\">=\"&D$4)","v":0},{"$f":"SUMIFS(unique_contracts!BS:BS,unique_contracts!$AB:$AB,\"<>sell\",unique_contracts!$BP:$BP,\"=\"&D36&\" (\"&I36&\")\",unique_contracts!$AM:$AM,\"<=\"&E$4,unique_contracts!$AP:$AP,\">=\"&E$4)","v":0},{"$f":"SUMIFS(unique_contracts!BT:BT,unique_contracts!$AB:$AB,\"<>sell\",unique_contracts!$BP:$BP,\"=\"&E36&\" (\"&J36&\")\",unique_contracts!$AM:$AM,\"<=\"&F$4,unique_contracts!$AP:$AP,\">=\"&F$4)","v":0},{"$f":"SUMIFS(unique_contracts!BQ:BQ,unique_contracts!$AB:$AB,\"=\"&\"Sell\",unique_contracts!$BP:$BP,\"=\"&B36&\" (\"&G36&\")\",unique_contracts!$AM:$AM,\"<=\"&C$4,unique_contracts!$AP:$AP,\">=\"&C$4)","v":0},{"$f":"SUMIFS(unique_contracts!BR:BR,unique_contracts!$AB:$AB,\"=\"&\"Sell\",unique_contracts!$BP:$BP,\"=\"&C36&\" (\"&H36&\")\",unique_contracts!$AM:$AM,\"<=\"&D$4,unique_contracts!$AP:$AP,\">=\"&D$4)","v":0},{"$f":"SUMIFS(unique_contracts!BS:BS,unique_contracts!$AB:$AB,\"=\"&\"Sell\",unique_contracts!$BP:$BP,\"=\"&D36&\" (\"&I36&\")\",unique_contracts!$AM:$AM,\"<=\"&E$4,unique_contracts!$AP:$AP,\">=\"&E$4)","v":0},{"$f":"SUMIFS(unique_contracts!BT:BT,unique_contracts!$AB:$AB,\"=\"&\"Sell\",unique_contracts!$BP:$BP,\"=\"&E36&\" (\"&J36&\")\",unique_contracts!$AM:$AM,\"<=\"&F$4,unique_contracts!$AP:$AP,\">=\"&F$4)","v":0},0,0,0,0]

{"sheet":"ReportSheet","index":10,"n_rows":1,"n_cols":9,"rows_kept":1,"cut":false,"hidden":false,"merged":[]}
["Duplicated Contract IDs:","unique_contracts invlid resource error rows:","Rows missing required project viability associated data:","Rows missing required hybrid associated data:","Supertype Case Error or Null Rows:","Supertype Contract Status Error or Null Rows:","Transaction counterparty error rows:","Rows missing CSP GHh:","Rows missing MTR NQC:"]